-- Table structure for table `officers_certification`
--

CREATE TABLE `officers_certification` (
  `id` int(11) NOT NULL AUTO_INCREMENT,
  `officerId` int(100) NOT NULL DEFAULT '0',
  `certification_name` varchar(100) DEFAULT NULL,
  `certification_start_date` varchar(100) DEFAULT NULL,
  `certification_end_date` varchar(100) DEFAULT NULL,
  PRIMARY KEY (`id`)
) ENGINE=InnoDB AUTO_INCREMENT=41 DEFAULT CHARSET=latin1;

--
-- Dumping data for table `officers_certification`
--

INSERT INTO `officers_certification` VALUES (14,541152,'D11','10-11-2011','10-12-2012'),(15,541152,'D21','11-12-2015','11-12-2015'),(16,541152,'D31','12-10-1010','12-12-2222'),(17,541152,'D41','13-12-2015','13-12-2015'),(18,541157,'ed','2023-07-16','2023-07-16'),(19,541157,'rtyed','2023-07-20','2023-07-20'),(20,541157,'hello','2023-07-23','2023-07-23'),(25,513217,'Radar Certified','2023-01-01','2023-12-31'),(26,541158,'sdf','2023-08-09','2023-08-09'),(27,541168,'test1','2023-09-09','2023-09-03'),(28,541168,'test3','2023-09-03','2023-09-10'),(29,541169,'','',''),(30,541170,'','',''),(31,541171,'demo','2023-11-06','2023-11-08'),(32,541174,'','',''),(33,541176,'MCA','2023-10-10','2023-12-24'),(34,541425,'demo','2024-01-04','2024-01-13'),(35,541425,'demo123','2024-01-16','2024-01-12'),(36,541436,'new','2024-01-16','2024-02-14'),(37,541444,'werfgh','2024-02-02','2024-02-15'),(38,541470,'asdf','2024-04-03','2024-04-11'),(39,541026,'sdf','2023-07-19','2023-07-26'),(40,541026,'asdf','2023-07-27','2023-07-25');

--
-- Table structure for table `officers_rating`
--

CREATE TABLE `officers_rating` (
  `id` int(11) NOT NULL AUTO_INCREMENT,
  `OfficerReviewId` int(11) NOT NULL DEFAULT '0',
  `Trustworthy` varchar(100) DEFAULT NULL,
  `Problemsolvingskills` varchar(100) DEFAULT NULL,
  `Communicationskills` varchar(100) DEFAULT NULL,
  `Interpersonalskills` varchar(100) DEFAULT NULL,
  `Strongmoralcharacter` varchar(100) DEFAULT NULL,
  `Devotiontocommunity` varchar(100) DEFAULT NULL,
  `Compassionandempathy` varchar(100) DEFAULT NULL,
  `Integrity` varchar(100) DEFAULT NULL,
  `Negotiationskills` varchar(100) DEFAULT NULL,
  `Mademefeelsafe` varchar(100) DEFAULT NULL,
  `Treatedmefairly` varchar(100) DEFAULT NULL,
  `percentae` varchar(100) DEFAULT NULL,
  `createdDate` datetime NOT NULL DEFAULT CURRENT_TIMESTAMP,
  `updatedDate` datetime NOT NULL DEFAULT CURRENT_TIMESTAMP ON UPDATE CURRENT_TIMESTAMP,
  PRIMARY KEY (`id`)
) ENGINE=InnoDB AUTO_INCREMENT=32 DEFAULT CHARSET=utf8mb4;

--
-- Dumping data for table `officers_rating`
--

INSERT INTO `officers_rating` VALUES (11,11,'1','3','5','2','4','3','5','1','2','3','4',NULL,'2023-05-02 10:52:58','2023-05-02 10:52:58'),(12,49,'1','3','5','2','4','3','5','1','2','3','4',NULL,'2023-05-02 10:57:16','2023-05-02 10:57:16'),(13,50,'1','3','5','2','4','3','5','1','2','3','4',NULL,'2023-05-02 10:58:17','2023-05-02 10:58:17'),(14,51,'1','3','5','2','4','3','5','1','2','3','4',NULL,'2023-05-02 10:58:47','2023-05-02 10:58:47'),(15,52,'1','3','5','2','4','3','5','1','2','3','4',NULL,'2023-05-02 10:59:08','2023-05-02 10:59:08'),(16,54,'5','1.5','1.5','2','2','2','2','1.5','1.5','1.5','1.5',NULL,'2023-09-05 10:23:49','2023-09-05 10:23:49'),(17,55,'3','1','1','1','0.5','0.5','0.5','0.5','1','5','4.5',NULL,'2023-09-05 10:25:23','2023-09-05 10:25:23'),(18,56,'4','3.5','3','3','3.5','3.5','4','3','3.5','3','2.5',NULL,'2023-09-13 19:59:18','2023-09-13 19:59:18'),(19,57,'1','2','3','3.5','3.5','4','3','3','2.5','3.5','5',NULL,'2024-01-10 13:40:02','2024-01-10 13:40:02'),(20,58,'1.5','2.5','3','3.5','3.5','3.5','4','4','4','4','4',NULL,'2024-01-15 13:59:16','2024-01-15 13:59:16'),(21,59,'1','1.5','3','3.5','4','4','4','4','5','4.5','3.5',NULL,'2024-01-15 14:01:53','2024-01-15 14:01:53'),(22,60,'3','3','3','3','3.5','3','3.5','2.5','3.5','4','4.5',NULL,'2024-01-29 15:51:39','2024-01-29 15:51:39'),(23,61,'4.5','4','3.5','4','4','4','4','4','3.5','3.5','3.5',NULL,'2024-01-30 09:02:20','2024-01-30 09:02:20'),(24,62,'1','2','2.5','3','3.5','4','3.5','3','4','4','4',NULL,'2024-02-28 07:58:45','2024-02-28 07:58:45'),(25,63,'0.5','2','2','3','4.5','4.5','3.5','3.5','5','5','5',NULL,'2024-02-28 08:05:38','2024-02-28 08:05:38'),(26,64,'0.5','2','2','1.5','2','2','2','2','2','2','2',NULL,'2024-02-28 08:08:52','2024-02-28 08:08:52'),(27,65,'2','3','2.5','2','1.5','3','2','2.5','2.5','2.5','2.5',NULL,'2024-11-19 11:57:41','2024-11-19 11:57:41'),(28,66,'2.5','2.5','3','3','3.5','3','3','3','3','3','3',NULL,'2024-11-19 14:28:48','2024-11-19 14:28:48'),(29,67,'2.5','2','3','2.5','2.5','3','3','2.5','3','3','3',NULL,'2024-12-17 08:06:48','2024-12-17 08:06:48'),(30,68,'2.5','3','3','3','3','3','3','3','3','3','3',NULL,'2024-12-17 10:35:42','2024-12-17 10:35:42'),(31,69,'2','3','3','3.5','2.5','3','3','3','3','3','3',NULL,'2025-01-07 10:54:35','2025-01-07 10:54:35');

--
-- Table structure for table `open_record_request`
--

CREATE TABLE `open_record_request` (
  `id` int(11) NOT NULL AUTO_INCREMENT,
  `transactionId` int(11) NOT NULL DEFAULT '0',
  `userId` int(100) NOT NULL DEFAULT '0',
  `officerId` int(100) NOT NULL DEFAULT '0',
  `precintId` int(100) NOT NULL DEFAULT '0',
  `chooseParty` varchar(100) DEFAULT NULL,
  `firstName` varchar(100) DEFAULT NULL,
  `lastName` varchar(100) DEFAULT NULL,
  `email` varchar(100) DEFAULT NULL,
  `phoneNumber` varchar(100) DEFAULT NULL,
  `claimNumber` varchar(100) DEFAULT NULL,
  `fileNumber` varchar(100) DEFAULT NULL,
  `representing` varchar(100) DEFAULT NULL,
  `letterOfRepresentationFile` varchar(100) DEFAULT NULL,
  `agencyName` varchar(100) DEFAULT NULL,
  `dateOfIncident` varchar(100) DEFAULT NULL,
  `report` varchar(100) DEFAULT NULL,
  `policeReportFile` varchar(100) DEFAULT NULL,
  `ticket` varchar(100) DEFAULT NULL,
  `streetAndIntersection` varchar(100) DEFAULT NULL,
  `time` varchar(100) DEFAULT NULL,
  `county` varchar(100) DEFAULT NULL,
  `officerFullName` varchar(100) DEFAULT NULL,
  `faultyParty` varchar(100) DEFAULT NULL,
  `dob` varchar(100) DEFAULT NULL,
  `involvedParty` varchar(100) DEFAULT NULL,
  `specialInstructions` varchar(100) DEFAULT NULL,
  `communication911` varchar(100) DEFAULT NULL,
  `courtRecords` varchar(100) DEFAULT NULL,
  `federalSafetyAdministrator` varchar(100) DEFAULT NULL,
  `fireAndEms` varchar(100) DEFAULT NULL,
  `highwaySafetyAdministrator` varchar(100) DEFAULT NULL,
  `trainingCouncil` varchar(100) DEFAULT NULL,
  `photographs` varchar(100) DEFAULT NULL,
  `selectedReports` varchar(100) DEFAULT NULL,
  `videos` varchar(100) DEFAULT NULL,
  `statementsOfNeed` varchar(100) DEFAULT NULL,
  `queueStatus` varchar(100) DEFAULT NULL,
  `note` varchar(1000) DEFAULT NULL,
  `createdBy` int(100) NOT NULL DEFAULT '0',
  `updatedBy` int(100) NOT NULL DEFAULT '0',
  `createdAt` datetime NOT NULL DEFAULT CURRENT_TIMESTAMP,
  `updatedAt` datetime NOT NULL DEFAULT CURRENT_TIMESTAMP ON UPDATE CURRENT_TIMESTAMP,
  `latitude` varchar(1000) DEFAULT NULL,
  `longitude` varchar(1000) DEFAULT NULL,
  `unregisterOfficer` varchar(100) DEFAULT NULL,
  PRIMARY KEY (`id`)
) ENGINE=InnoDB AUTO_INCREMENT=130 DEFAULT CHARSET=utf8mb4;

--
-- Dumping data for table `open_record_request`
--

INSERT INTO `open_record_request` VALUES (2,0,682,0,527229,'Insurance Adjuster','black','god','blackgod@gmail.com','222-222-2222','undefined','undefined','undefined',NULL,'Sitka Police Dept - Headquarters','Mon Mar 06 2023 21:46:21 GMT+0530 (India Standard Time)','sdfsdfsdf',NULL,'sdfsdfsdf','sdfsdfsdf','11:48','sdfsdfsdf','undefined','sdfsdfsdf','Mon Mar 06 2023 21:46:21 GMT+0530 (India Standard Time)','sdfsdfsdf','undefined',NULL,NULL,'first','first',NULL,NULL,NULL,NULL,NULL,'I represent an Involved Party.','open',NULL,624,0,'2023-03-06 16:17:19','2023-03-30 13:59:39',NULL,NULL,NULL),(3,0,681,0,527232,'Driver','Jonn','Review','John.Review@gmail.com','123-456-7890','2222asdas','asdasd23','adas1232',' https://bbpimagesandvideos.s3.amazonaws.com/Event%20Landing%20page.jpg','Sitka Airport - Headquarters','Tue Mar 07 2023 12:42:34 GMT+0530 (India Standard Time)','zcxczxc','https://bbpimagesandvideos.s3.amazonaws.com/Event%20Landing%20page.jpg','xczxc','xczxczx','12:43','zxczxc','zxcw','asasdsada','Tue Mar 07 2023 12:42:34 GMT+0530 (India Standard Time)','asdsad','sdasdsad','first',NULL,NULL,NULL,NULL,NULL,NULL,'third',NULL,'I represent an Involved Party.','workingon','',681,0,'2023-03-07 07:13:57','2023-03-30 13:42:07',NULL,NULL,NULL),(4,0,682,0,527232,'Insurance SIU','Police','Union','Police.Union@police.com','123-456-7890','234','asd23','sdsd12',NULL,'Sitka Airport - Headquarters','Wed Mar 29 2023 14:34:18 GMT+0530 (India Standard Time)','asdas',' https://bbpimagesandvideos.s3.amazonaws.com/Invoice-B40A7ADE-0001%20%281%29.pdf','edd','asda','14:34','testing','asdates','asdsd','Wed Mar 29 2023 14:34:18 GMT+0530 (India Standard Time)','asdas','asdasdasddsa','first','last',NULL,NULL,NULL,NULL,NULL,NULL,NULL,'I represent the Cited/At Fault Party.','workingon','',682,0,'2023-03-29 09:06:10','2024-03-18 10:07:24',NULL,NULL,NULL),(5,0,682,0,499480,'Employer','Police','Union','Police.Union@police.com','123-456-7890','dasd','ad','asdasd','https://bbpimagesandvideos.s3.amazonaws.com/Invoice-B40A7ADE-0001%20%281%29.pdf','Norcross Police Dept - Headquarters','Mon Apr 03 2023 13:22:48 GMT+0530 (India Standard Time)','asdasd',NULL,'asdasd','adasd','13:23','dasd','asdasd','asdasd','Mon Apr 03 2023 13:22:48 GMT+0530 (India Standard Time)','asds','dasdasd','second','first',NULL,NULL,NULL,NULL,NULL,'second','first','I have a personal, professional, or business connection with a party to the accident/incident.','closed','',682,0,'2023-04-03 07:54:10','2023-08-17 09:46:36',NULL,NULL,NULL),(6,0,439,0,527232,'Employer','shani','kumar','shani@gmail.com','984-802-2388','fgh','dfghj','rtyhjkl',' https://bbpimagesandvideos.s3.amazonaws.com/a6.jpg','Sitka Airport - Headquarters','Wed Apr 19 2023 17:15:27 GMT+0530 (India Standard Time)','fghj','https://bbpimagesandvideos.s3.amazonaws.com/a3.jpg','fgh','007/2','20:22','Karnataka','fghj','dfghj','Wed Apr 19 2023 17:15:27 GMT+0530 (India Standard Time)','fghj','drtyhj','first',NULL,NULL,NULL,NULL,'first',NULL,NULL,'last','I represent the Cited/At Fault Party.','open',NULL,439,0,'2023-04-19 12:50:11','2023-08-17 07:08:35',NULL,NULL,NULL),(7,0,789,0,527232,'Injured Party','manikandan','m','manikandan.m@ittstar.com','123-123-1231','dfd','asddsdasd','asdsa','https://bbpimagesandvideos.s3.amazonaws.com/test.jpeg','Sitka Airport - Headquarters','Fri Apr 28 2023 13:38:49 GMT+0530 (India Standard Time)','adsadsd',NULL,'asda32','adasdasdasdasds','13:39','asdas','540969','asdsaad','Fri Apr 28 2023 13:38:49 GMT+0530 (India Standard Time)','asdasd','asdasas','second','first',NULL,'first',NULL,NULL,NULL,'first',NULL,'I represent an Involved Party.','workingon','',789,0,'2023-04-28 08:10:26','2024-03-18 10:07:25',NULL,NULL,NULL),(8,0,803,0,527232,'Driver','Avenger','end','avenger@gmail.com','987-458-4755','asds132','sdadasd123','adas','https://bbpimagesandvideos.s3.amazonaws.com/going_weekdays.pdf','Sitka Airport - Headquarters','Thu Jul 13 2023 19:54:02 GMT+0530 (India Standard Time)','asdsads',NULL,'sdas','dasdasds','19:54','ads','541459','asds','Thu Jul 13 2023 19:54:02 GMT+0530 (India Standard Time)','asdasd','asdasdasdadas','first','first','first','first',NULL,NULL,NULL,'secondthird','last','I was involved in this Accident/Incident.','closed',NULL,803,0,'2023-07-13 14:25:14','2024-02-29 15:13:07',NULL,NULL,NULL),(9,0,0,540969,527232,'Employer','Kelly','Boddy','kelly.boddy@alaska.gov','989-796-9594','sasdads232','asdsa321','sdadasd34',' https://bbpimagesandvideos.s3.amazonaws.com/tiger.jpg','Sitka Airport - Headquarters','Wed Jul 26 2023 16:18:29 GMT+0530 (India Standard Time)','dasd','https://bbpimagesandvideos.s3.amazonaws.com/test.jpeg','asdasd','asd','16:18','asdas','540969','asdasd','Wed Jul 26 2023 16:18:29 GMT+0530 (India Standard Time)','asds','dasdasdasdasd','first',NULL,'first','first',NULL,NULL,'first','firstsecond',NULL,'I represent an Involved Party.','closed','',540969,0,'2023-07-26 10:49:44','2024-02-29 15:13:08',NULL,NULL,NULL),(10,0,0,540969,527232,'Injured Party','Kelly','Boddy','kelly.boddy@alaska.gov','989-796-9594','23423455','444444','sesss',' https://bbpimagesandvideos.s3.amazonaws.com/AWS%20-%20Standup%20Wireless%20%20-%20Case%20Study%20-%','Sitka Airport - Headquarters','Thu Aug 17 2023 14:41:26 GMT+0530 (India Standard Time)','asdsa red','https://bbpimagesandvideos.s3.amazonaws.com/AWS%20-%20Standup%20Wireless%20%20-%20Case%20Study%20-%2','234zcasdas','asdasdasd','14:43','america','541459','reddd','Thu Aug 17 2023 14:41:26 GMT+0530 (India Standard Time)','adasdas','asdasdasdasdasdasdasd','second','last',NULL,NULL,NULL,'first','first',NULL,NULL,'I have a personal, professional, or business connection with a party to the accident/incident.','completed','',540969,0,'2023-08-17 09:14:05','2024-02-29 15:13:08',NULL,NULL,NULL),(11,0,750,0,527232,'Insurance SIU','qqqqqqq','qqqqqq','manmathamk126@gmail.com','111-111-1111','CAIM3232','gjhasjhg343','me',' https://bbpimagesandvideos.s3.amazonaws.com/84770626861e18422c4fbc.jpg','Sitka Airport - Headquarters','Thu Aug 17 2023 14:46:36 GMT+0530 (India Standard Time)','Name of the report','https://bbpimagesandvideos.s3.amazonaws.com/cash-reward-red-rubber-stamp-over-white-background-86702','12','qsaszcad','16:48','india','541459','asdasdasdsad','Thu Aug 17 2023 14:46:36 GMT+0530 (India Standard Time)','asdasdasdasd','asdasdasdasdasdasd','first','first','first','first','first','first','first','both','both','I was involved in this Accident/Incident.','workingon','',750,0,'2023-08-17 09:19:36','2024-03-18 10:07:25',NULL,NULL,NULL),(12,0,789,0,499480,'Driver','manikandan','m','manikandan.m@ittstar.com','123-123-1231','asdf','asdf','asdf','https://bbpimagesandvideos.s3.amazonaws.com/a6.jpg','Norcross Police Dept - Headquarters','Thu Aug 17 2023 16:17:03 GMT+0530 (India Standard Time)','sdfg',NULL,'dfggfds','sdfg','18:17','asdf','541459','sdfg','Thu Aug 17 2023 16:17:03 GMT+0530 (India Standard Time)','asdf','sdf','second',NULL,NULL,NULL,NULL,NULL,'first',NULL,NULL,'I was involved in this Accident/Incident.','completed','',789,0,'2023-08-17 10:47:42','2024-02-29 15:13:09',NULL,NULL,NULL),(13,0,789,0,527232,'Insurance SIU','manikandan','m','manikandan.m@ittstar.com','123-123-1231','asdsas23','asdas32423','asasdasd542','https://bbpimagesandvideos.s3.amazonaws.com/unplan1.pdf','Sitka Airport - Headquarters','Tue Aug 22 2023 15:43:46 GMT+0530 (India Standard Time)','asdsadasdas',NULL,'asdsasds','aadasdasdasdasd','15:44','asdasd','540969','asdsdas','Tue Aug 22 2023 15:43:46 GMT+0530 (India Standard Time)','asdasdassad','xcaddasd',NULL,NULL,'first','first',NULL,NULL,NULL,NULL,NULL,'I am investigating this accident/incident as part of an  ongoing civil or criminal case.','rejected','asdsdasdasd',789,0,'2023-08-22 10:14:41','2024-02-29 15:13:09',NULL,NULL,NULL),(14,0,789,0,527232,'Insurance Adjuster','manikandan','m','manikandan.m@ittstar.com','123-123-1231','adcas','sczxc','zxczxc',' https://bbpimagesandvideos.s3.amazonaws.com/whistle1.png','Sitka Airport - Headquarters','Thu Aug 24 2023 15:17:03 GMT+0530 (India Standard Time)','xcv','https://bbpimagesandvideos.s3.amazonaws.com/reward.png','zxc','zxzxc','18:17','zxc','541459','zxc','Thu Aug 24 2023 15:17:03 GMT+0530 (India Standard Time)','zxc','zxc','both','last','first',NULL,NULL,'first',NULL,'second','last','I was involved in this Accident/Incident.','open',NULL,789,0,'2023-08-24 09:48:31','2024-02-29 15:13:10',NULL,NULL,NULL),(15,343,789,0,527232,'Injured Party','manikandan','m','manikandan.m@ittstar.com','123-123-1231','asd','asdf','asdf',' https://bbpimagesandvideos.s3.amazonaws.com/a8.jpg','Sitka Airport - Headquarters','Thu Aug 24 2023 15:25:37 GMT+0530 (India Standard Time)','asdf','https://bbpimagesandvideos.s3.amazonaws.com/a9.jpg','asdfg','asdf','17:26','asd','540969','asdf','Thu Aug 24 2023 15:25:37 GMT+0530 (India Standard Time)','asdf','asdfg','first',NULL,'first',NULL,NULL,NULL,NULL,NULL,NULL,'I am investigating this accident/incident as part of an  ongoing civil or criminal case.','rejected','',789,0,'2023-08-24 09:56:30','2024-02-29 15:13:10',NULL,NULL,NULL),(16,364,789,0,527232,'Employer','manikandan','m','manikandan.m@ittstar.com','123-123-1231','asdas23','sdasds234','dasda23',' https://bbpimagesandvideos.s3.amazonaws.com/unplan1.pdf','Sitka Airport - Headquarters','Fri Aug 25 2023 15:26:38 GMT+0530 (India Standard Time)','testing','https://bbpimagesandvideos.s3.amazonaws.com/unplan1.pdf','asds','asdasds','15:27','asdasdsa','541459','asdasdasd','Fri Aug 25 2023 15:26:38 GMT+0530 (India Standard Time)','adas','dasd','second','last',NULL,'first','first','first',NULL,'third','first','I have a personal, professional, or business connection with a party to the accident/incident.','paid','',789,0,'2023-08-25 09:58:04','2024-02-29 15:13:11',NULL,NULL,NULL),(25,0,439,0,499480,'Employer','shani','kumar','shani@gmail.com','984-802-2388','fgh','dfghj','rtyhjkl',' https://bbpimagesandvideos.s3.amazonaws.com/a6.jpg','demo agency','Wed Apr 19 2023 17:15:27 GMT+0530 (India Standard Time)','fghj','https://bbpimagesandvideos.s3.amazonaws.com/a3.jpg','fgh','007/2','20:22','Karnataka','540969','dfghj','Wed Apr 19 2023 17:15:27 GMT+0530 (India Standard Time)','fghj','drtyhj','first',NULL,NULL,NULL,NULL,'first',NULL,NULL,'last','I represent the Cited/At Fault Party.','open',NULL,0,0,'2023-09-15 07:06:19','2024-02-29 15:13:11',NULL,NULL,NULL),(28,0,439,0,499480,'Employer','shani','kumar','shani@gmail.com','984-802-2388','fgh','dfghj','rtyhjkl',' https://bbpimagesandvideos.s3.amazonaws.com/a6.jpg','demo agency','Wed Apr 19 2023 17:15:27 GMT+0530 (India Standard Time)','fghj','https://bbpimagesandvideos.s3.amazonaws.com/a3.jpg','fgh','007/2','20:22','Karnataka','540969','dfghj','Wed Apr 19 2023 17:15:27 GMT+0530 (India Standard Time)','fghj','drtyhj','first',NULL,NULL,NULL,NULL,'first',NULL,NULL,'last','I represent the Cited/At Fault Party.','open',NULL,0,0,'2023-09-15 07:13:27','2024-02-29 15:13:12',NULL,NULL,NULL),(29,0,439,0,499480,'Employer','shani','kumar','shani@gmail.com','984-802-2388','fgh','dfghj','rtyhjkl',' https://bbpimagesandvideos.s3.amazonaws.com/a6.jpg','demo agency','Wed Apr 19 2023 17:15:27 GMT+0530 (India Standard Time)','fghj','https://bbpimagesandvideos.s3.amazonaws.com/a3.jpg','fgh','007/2','20:22','Karnataka','541459','dfghj','Wed Apr 19 2023 17:15:27 GMT+0530 (India Standard Time)','fghj','drtyhj','first',NULL,NULL,NULL,NULL,'first',NULL,NULL,'last','I represent the Cited/At Fault Party.','open',NULL,0,0,'2023-09-15 07:58:54','2024-02-29 15:13:12',NULL,NULL,NULL),(30,0,439,0,499480,'Employer','shani','kumar','shani@gmail.com','984-802-2388','fgh','dfghj','rtyhjkl',' https://bbpimagesandvideos.s3.amazonaws.com/a6.jpg','demo agency','Wed Apr 19 2023 17:15:27 GMT+0530 (India Standard Time)','fghj','https://bbpimagesandvideos.s3.amazonaws.com/a3.jpg','fgh','007/2','20:22','Karnataka','540969','dfghj','Wed Apr 19 2023 17:15:27 GMT+0530 (India Standard Time)','fghj','drtyhj','first',NULL,NULL,NULL,NULL,'first',NULL,NULL,'last','I represent the Cited/At Fault Party.','open',NULL,0,0,'2023-09-15 08:08:15','2024-02-29 15:13:13',NULL,NULL,NULL),(31,0,439,0,499480,'Employer','shani','kumar','shani@gmail.com','984-802-2388','fgh','dfghj','rtyhjkl',' https://bbpimagesandvideos.s3.amazonaws.com/a6.jpg','demo agency','Wed Apr 19 2023 17:15:27 GMT+0530 (India Standard Time)','fghj','https://bbpimagesandvideos.s3.amazonaws.com/a3.jpg','fgh','007/2','20:22','Karnataka','540969','dfghj','Wed Apr 19 2023 17:15:27 GMT+0530 (India Standard Time)','fghj','drtyhj','first',NULL,NULL,NULL,NULL,'first',NULL,NULL,'last','I represent the Cited/At Fault Party.','open',NULL,0,0,'2023-09-15 08:09:02','2024-02-29 15:13:14',NULL,NULL,NULL),(32,0,439,0,499480,'Employer','shani','kumar','shani@gmail.com','984-802-2388','fgh','dfghj','rtyhjkl',' https://bbpimagesandvideos.s3.amazonaws.com/a6.jpg','demo agency','Wed Apr 19 2023 17:15:27 GMT+0530 (India Standard Time)','fghj','https://bbpimagesandvideos.s3.amazonaws.com/a3.jpg','fgh','007/2','20:22','Karnataka','540969','dfghj','Wed Apr 19 2023 17:15:27 GMT+0530 (India Standard Time)','fghj','drtyhj','first',NULL,NULL,NULL,NULL,'first',NULL,NULL,'last','I represent the Cited/At Fault Party.','open',NULL,0,0,'2023-09-15 08:15:46','2024-02-29 15:13:14',NULL,NULL,NULL),(33,0,439,0,499480,'Employer','shani','kumar','shani@gmail.com','984-802-2388','fgh','dfghj','rtyhjkl',' https://bbpimagesandvideos.s3.amazonaws.com/a6.jpg','demo agency','Wed Apr 19 2023 17:15:27 GMT+0530 (India Standard Time)','fghj','https://bbpimagesandvideos.s3.amazonaws.com/a3.jpg','fgh','007/2','20:22','Karnataka','541459','dfghj','Wed Apr 19 2023 17:15:27 GMT+0530 (India Standard Time)','fghj','drtyhj','first',NULL,NULL,NULL,NULL,'first',NULL,NULL,'last','I represent the Cited/At Fault Party.','open',NULL,0,0,'2023-09-15 08:56:23','2024-02-29 15:13:15',NULL,NULL,NULL),(34,0,439,0,527232,'Employer','shani','kumar','shani@gmail.com','984-802-2388','fgh','dfghj','rtyhjkl',' https://bbpimagesandvideos.s3.amazonaws.com/a6.jpg','undefined','Wed Apr 19 2023 17:15:27 GMT+0530 (India Standard Time)','fghj','https://bbpimagesandvideos.s3.amazonaws.com/a3.jpg','fgh','007/2','20:22','Karnataka','540969','dfghj','Wed Apr 19 2023 17:15:27 GMT+0530 (India Standard Time)','fghj','drtyhj','first',NULL,NULL,NULL,NULL,'first',NULL,NULL,'last','I represent the Cited/At Fault Party.','open',NULL,0,0,'2023-09-15 10:53:18','2024-02-29 15:13:15',NULL,NULL,NULL),(35,0,439,0,527232,'Employer','shani','kumar','shani@gmail.com','984-802-2388','fgh','dfghj','rtyhjkl',' https://bbpimagesandvideos.s3.amazonaws.com/a6.jpg','undefined','Wed Apr 19 2023 17:15:27 GMT+0530 (India Standard Time)','fghj','https://bbpimagesandvideos.s3.amazonaws.com/a3.jpg','fgh','007/2','20:22','Karnataka','540969','dfghj','Wed Apr 19 2023 17:15:27 GMT+0530 (India Standard Time)','fghj','drtyhj','first',NULL,NULL,NULL,NULL,'first',NULL,NULL,'last','I represent the Cited/At Fault Party.','rejected','',0,0,'2023-09-15 11:04:01','2024-02-29 15:13:16',NULL,NULL,NULL),(36,0,439,0,499480,'Employer','shani','kumar','shani@gmail.com','984-802-2388','fgh','dfghj','rtyhjkl',' https://bbpimagesandvideos.s3.amazonaws.com/a6.jpg','undefined','Wed Apr 19 2023 17:15:27 GMT+0530 (India Standard Time)','fghj','https://bbpimagesandvideos.s3.amazonaws.com/a3.jpg','fgh','007/2','20:22','Karnataka','540969','dfghj','Wed Apr 19 2023 17:15:27 GMT+0530 (India Standard Time)','fghj','drtyhj','first',NULL,NULL,NULL,NULL,'first',NULL,NULL,'last','I represent the Cited/At Fault Party.','open',NULL,0,0,'2023-09-15 11:16:45','2024-02-29 15:13:16',NULL,NULL,NULL),(37,0,439,0,499480,'Employer','shani','kumar','shani@gmail.com','984-802-2388','fgh','dfghj','rtyhjkl',' https://bbpimagesandvideos.s3.amazonaws.com/a6.jpg','undefined','Wed Apr 19 2023 17:15:27 GMT+0530 (India Standard Time)','fghj','https://bbpimagesandvideos.s3.amazonaws.com/a3.jpg','fgh','007/2','20:22','Karnataka','540969','dfghj','Wed Apr 19 2023 17:15:27 GMT+0530 (India Standard Time)','fghj','drtyhj','first',NULL,NULL,NULL,NULL,'first',NULL,NULL,'last','I represent the Cited/At Fault Party.','open',NULL,0,0,'2023-09-15 11:21:51','2024-02-29 15:13:17',NULL,NULL,NULL),(38,0,439,0,499480,'Employer','shani','kumar','shani@gmail.com','984-802-2388','fgh','dfghj','rtyhjkl',' https://bbpimagesandvideos.s3.amazonaws.com/a6.jpg','undefined','Wed Apr 19 2023 17:15:27 GMT+0530 (India Standard Time)','fghj','https://bbpimagesandvideos.s3.amazonaws.com/a3.jpg','fgh','007/2','20:22','Karnataka','541459','dfghj','Wed Apr 19 2023 17:15:27 GMT+0530 (India Standard Time)','fghj','drtyhj','first',NULL,NULL,NULL,NULL,'first',NULL,NULL,'last','I represent the Cited/At Fault Party.','open',NULL,0,0,'2023-09-15 11:22:11','2024-02-29 15:13:17',NULL,NULL,NULL),(39,0,439,0,499480,'Employer','shani','kumar','shani@gmail.com','984-802-2388','fgh','dfghj','rtyhjkl',' https://bbpimagesandvideos.s3.amazonaws.com/a6.jpg','undefined','Wed Apr 19 2023 17:15:27 GMT+0530 (India Standard Time)','fghj','https://bbpimagesandvideos.s3.amazonaws.com/a3.jpg','fgh','007/2','20:22','Karnataka','540969','dfghj','Wed Apr 19 2023 17:15:27 GMT+0530 (India Standard Time)','fghj','drtyhj','first',NULL,NULL,NULL,NULL,'first',NULL,NULL,'last','I represent the Cited/At Fault Party.','open',NULL,0,0,'2023-09-15 11:25:54','2024-02-29 15:13:18',NULL,NULL,NULL),(40,0,439,0,499480,'Employer','shani','kumar','shani@gmail.com','984-802-2388','fgh','dfghj','rtyhjkl',' https://bbpimagesandvideos.s3.amazonaws.com/a6.jpg','undefined','Wed Apr 19 2023 17:15:27 GMT+0530 (India Standard Time)','fghj','https://bbpimagesandvideos.s3.amazonaws.com/a3.jpg','fgh','007/2','20:22','Karnataka','540969','dfghj','Wed Apr 19 2023 17:15:27 GMT+0530 (India Standard Time)','fghj','drtyhj','first',NULL,NULL,NULL,NULL,'first',NULL,NULL,'last','I represent the Cited/At Fault Party.','workingon','',0,0,'2023-09-15 11:26:34','2024-03-18 10:07:26',NULL,NULL,NULL),(41,0,789,0,499480,'Injured Party','manikandan','m','manikandan.m@ittstar.com','123-123-1231','asd','asdf','asdf',' https://bbpimagesandvideos.s3.amazonaws.com/a8.jpg','undefined','Thu Aug 24 2023 15:25:37 GMT+0530 (India Standard Time)','asdf','https://bbpimagesandvideos.s3.amazonaws.com/a9.jpg','asdfg','asdf','17:26','asd','540969','asdf','Thu Aug 24 2023 15:25:37 GMT+0530 (India Standard Time)','asdf','asdfg','first',NULL,'first',NULL,NULL,NULL,NULL,NULL,NULL,'I am investigating this accident/incident as part of an  ongoing civil or criminal case.','rejected','',0,0,'2023-09-15 11:29:08','2024-02-29 15:13:20',NULL,NULL,NULL),(42,0,789,0,527232,'Injured Party','manikandan','m','manikandan.m@ittstar.com','123-123-1231','asd','asdf','asdf',' https://bbpimagesandvideos.s3.amazonaws.com/a8.jpg','undefined','Thu Aug 24 2023 15:25:37 GMT+0530 (India Standard Time)','asdf','https://bbpimagesandvideos.s3.amazonaws.com/a9.jpg','asdfg','asdf','17:26','asd','540969','asdf','Thu Aug 24 2023 15:25:37 GMT+0530 (India Standard Time)','asdf','asdfg','first',NULL,'first',NULL,NULL,NULL,NULL,NULL,NULL,'I am investigating this accident/incident as part of an  ongoing civil or criminal case.','open','',0,0,'2023-09-19 08:13:00','2024-02-29 15:13:21',NULL,NULL,NULL),(43,0,789,0,527232,'Injured Party','manikandan','m','manikandan.m@ittstar.com','123-123-1231','asd','asdf','asdf',' https://bbpimagesandvideos.s3.amazonaws.com/a8.jpg','undefined','Thu Aug 24 2023 15:25:37 GMT+0530 (India Standard Time)','asdf','https://bbpimagesandvideos.s3.amazonaws.com/a9.jpg','asdfg','asdf','17:26','asd','540969','asdf','Thu Aug 24 2023 15:25:37 GMT+0530 (India Standard Time)','asdf','asdfg','first',NULL,'first',NULL,NULL,NULL,NULL,NULL,NULL,'I am investigating this accident/incident as part of an  ongoing civil or criminal case.','open','',0,0,'2023-09-19 08:13:29','2024-02-29 15:13:21',NULL,NULL,NULL),(44,0,0,540969,527232,'Injured Party','Kelly','Boddy','kelly.boddy@alaska.gov','989-796-9594','2342343424','2334dads','asdasd23234',NULL,'Sitka Airport - Headquarter','Mon Dec 11 2023 18:28:48 GMT+0530 (India Standard Time)','asdasd',' https://bbpimagesandvideos.s3.amazonaws.com/images.jpg','asdasd','asdasd','18:29','test','540969','asdasd','Mon Dec 11 2023 18:28:48 GMT+0530 (India Standard Time)','asdasd','asdasdasdsaasddas','second',NULL,NULL,NULL,NULL,NULL,NULL,NULL,NULL,'I am investigating this accident/incident as part of an  ongoing civil or criminal case.','open',NULL,540969,0,'2023-12-11 13:09:32','2024-02-29 15:13:22',NULL,NULL,NULL),(45,0,908,0,527232,'Employer','random','law','randomlaw@gmail.com','123-123-1231','asdada','asdasdasd','asdasdd',' https://bbpimagesandvideos.s3.amazonaws.com/image_208x208.png','Sitka Airport - Headquarter','Mon Dec 11 2023 18:49:32 GMT+0530 (India Standard Time)','dfsdsdsf','https://bbpimagesandvideos.s3.amazonaws.com/images.jpg','sdfsdfsd','sdfsdfs','18:50','dsf','541459','sdfsdfsd','Mon Dec 11 2023 18:49:32 GMT+0530 (India Standard Time)','sdfsdfsd','sdfsdfsdfsdf',NULL,NULL,'first',NULL,NULL,NULL,NULL,NULL,NULL,'I am a prosecutor or a publicly employed law enforcement officer, and/or, I am a governmental offici','open',NULL,908,0,'2023-12-11 13:20:36','2024-02-29 15:13:22',NULL,NULL,NULL),(46,590,968,0,527341,'Driver','benz','Mercedes','benz@gmail.com','234-234-2342','234234234','242342342','423432423',NULL,'ITT Law Dept - Headquarter','Thu Jan 04 2024 17:33:15 GMT+0530 (India Standard Time)','asdasdasd',' https://bbpimagesandvideos.s3.amazonaws.com/citizenComplaintForm.pdf','dasdsa','asdasd','17:33','test','540969','sdada','Thu Jan 04 2024 17:33:15 GMT+0530 (India Standard Time)','asdaddasdas','sdasdadasdsdasdasdad','both',NULL,NULL,NULL,NULL,'first',NULL,'first',NULL,'I represent the Cited/At Fault Party.','paid','',968,0,'2024-01-04 12:04:57','2024-02-29 15:13:23',NULL,NULL,NULL),(47,0,968,0,527341,'Injured Party','benz','Mercedes','benz@gmail.com','234-234-2342','asdas','asdasd','asdasd','https://bbpimagesandvideos.s3.amazonaws.com/citizenComplaintForm.pdf','ITT Law Dept - Headquarter','Mon Jan 08 2024 17:42:02 GMT+0530 (India Standard Time)','asdasd',NULL,'asdasd','dasdas','17:42','asdad','540969','asdasdsa','Mon Jan 08 2024 17:42:02 GMT+0530 (India Standard Time)','asdasdasd','sdasdasdasdasd','first',NULL,NULL,NULL,NULL,'first',NULL,NULL,NULL,'I am investigating this accident/incident as part of an  ongoing civil or criminal case.','completed','',968,0,'2024-01-08 12:12:48','2024-02-29 15:13:23',NULL,NULL,NULL),(48,609,789,0,527341,'Insurance Agent','manikandan','m','manikandan.m@ittstar.com','123-123-1231','undefined','undefined','undefined',NULL,'ITT Law Dept - Headquarter','Fri Jan 19 2024 17:28:37 GMT+0530 (India Standard Time)','Report',NULL,'nnn','Indianapolis, IN, USA','17:29','Indiana','540969','nn','Fri Jan 19 2024 17:28:37 GMT+0530 (India Standard Time)','kkk','nnn','both',NULL,NULL,NULL,NULL,NULL,NULL,NULL,NULL,'I was involved in this Accident/Incident.','paid','',789,0,'2024-01-19 12:02:46','2024-02-29 15:27:06',NULL,NULL,NULL),(49,0,968,0,527341,'Employer','benz','Mercedes','benz@gmail.com','234-234-2342','23423434','234234','23434',' https://bbpimagesandvideos.s3.amazonaws.com/202069-Manikandan%20M_Nov%202023%20%281%29.pdf','ITT Law Dept - Headquarter','Mon Jan 22 2024 13:45:56 GMT+0530 (India Standard Time)','asdasds','https://bbpimagesandvideos.s3.amazonaws.com/202069-Manikandan%20M_Dec%202023.pdf','asdsad','asdas','14:00','sdas','540969','asdsa','Mon Jan 22 2024 13:45:56 GMT+0530 (India Standard Time)','dasd','asdasdsdad',NULL,NULL,'first',NULL,'first',NULL,NULL,NULL,NULL,'I represent the Cited/At Fault Party.','open',NULL,968,0,'2024-01-22 08:32:26','2024-02-29 15:13:24',NULL,NULL,NULL),(50,0,979,0,527341,'Injured Party','Karthick','Jay','karthickjay@live.com','828-282-8282','undefined','undefined','undefined','https://bbpimagesandvideos.s3.amazonaws.com/bbp%2520%25281%2529-79c727d1bcbec9e978284638985aee82.pdf','ITT Law Dept - Headquarter','Tue Jan 30 2024 22:15:37 GMT+0530 (India Standard Time)','rep2333',NULL,'Ticket Name','4089 Iron Works Parkway','22:22','KY','540969','333','Tue Jan 30 2024 22:15:37 GMT+0530 (India Standard Time)','333','Ready for extra charges. need more copies','first','first',NULL,NULL,NULL,NULL,NULL,NULL,'first','I was involved in this Accident/Incident.','workingon','',979,0,'2024-01-30 16:54:56','2024-03-18 10:07:26',NULL,NULL,NULL),(51,0,743,0,499480,'Driver','Lee ','Jones','ptiresumes1@gmail.com','123-456-7890','Tjks8938','Kd929039','Myself',NULL,'Norcross Police Dept - Headquarter','Mon Feb 19 2024 09:54:22 GMT-0500 (Eastern Standard Time)','Accident report',NULL,'asdfsdf','5425 Peachtree Parkway  Norcross GA  30092','10:00','Gwinnett','540969','The other driver','Mon Feb 19 2024 09:54:22 GMT-0500 (Eastern Standard Time)','Another Car','email the report to me.',NULL,NULL,NULL,NULL,NULL,NULL,NULL,'first',NULL,'I was involved in this Accident/Incident.','open',NULL,743,0,'2024-02-19 14:57:16','2024-02-29 15:13:25',NULL,NULL,NULL),(52,0,0,540969,527232,'Employer','Kelly','Boddy','kelly.boddy@alaska.gov','989-796-9594','dfghgfew','rgfew','ertrew',' https://bbpimagesandvideos.s3.amazonaws.com/bbp.pdf','Sitka Airport - Headquarter','Tue Feb 27 2024 16:29:18 GMT+0530 (India Standard Time)','edfgh','https://bbpimagesandvideos.s3.amazonaws.com/sample-5f1b459b7bec7de33ee93365a5c03d58.pdf','sdfgb','1501 Broadway, New York, NY, USA','17:31','New York County','541459','sdfgb','Tue Feb 27 2024 16:29:18 GMT+0530 (India Standard Time)','sdfgbn ','sdfgbn ','first','first',NULL,'first','first',NULL,NULL,'first',NULL,'I represent the Cited/At Fault Party.','open',NULL,540969,0,'2024-02-27 11:02:12','2024-02-29 15:13:25',NULL,NULL,NULL),(53,0,682,0,527232,'Employer','Police','Union','Police.Union@police.com','123-456-7890','asdd','asd','asdd',NULL,'Sitka Airport - Headquarter','Thu Feb 29 2024 17:02:05 GMT+0530 (India Standard Time)','asdsd',NULL,'das','12 Jyotirling Temple, Valivali Gaon, Manjarli, Badlapur, Maharashtra, India','17:32','Konkan Division','540969','asdsdsds','Thu Feb 29 2024 17:02:05 GMT+0530 (India Standard Time)','asdd','undefined',NULL,NULL,'first',NULL,NULL,NULL,NULL,'third',NULL,'I represent the Cited/At Fault Party.','open',NULL,682,0,'2024-02-29 12:09:29','2024-02-29 15:13:26',NULL,NULL,NULL),(54,0,682,0,527232,'Insurance SIU','Police','Union','Police.Union@police.com','123-456-7890','2343424','asdasd','asdasdsd',NULL,'Sitka Airport - Headquarter','Thu Feb 29 2024 17:40:34 GMT+0530 (India Standard Time)','asdasd',NULL,'asdsad','12 Jyotirling Temple, Valivali Gaon, Manjarli, Badlapur, Maharashtra, India','17:40','Konkan Division','540969','asdsad','Thu Feb 29 2024 17:40:34 GMT+0530 (India Standard Time)','asdasd','asdsd',NULL,NULL,NULL,NULL,NULL,NULL,NULL,'first',NULL,'I am a prosecutor or a publicly employed law enforcement officer, and/or, I am a governmental offici','open',NULL,682,0,'2024-02-29 12:11:24','2024-02-29 12:11:24',NULL,NULL,NULL),(62,0,682,0,527232,'Injured Party','Police','Union','Police.Union@police.com','123-456-7890','234324','weqwe','qwewe',NULL,'Sitka Airport - Headquarter','Thu Feb 29 2024 18:44:56 GMT+0530 (India Standard Time)','adasd',NULL,'asds','12 Jyotirling Temple, Valivali Gaon, Manjarli, Badlapur, Maharashtra, India','18:58','Konkan Division','541463','adasdasd','Thu Feb 29 2024 18:44:56 GMT+0530 (India Standard Time)','sdadd','asdsdsadasda','first',NULL,NULL,NULL,NULL,NULL,NULL,NULL,NULL,'I represent the Cited/At Fault Party.','workingon','',682,0,'2024-02-29 13:28:42','2024-03-18 10:07:27','19.1759684','73.2364932',''),(63,0,789,0,527341,'Employer','manikandan','m','manikandan.m@ittstar.com','123-123-1231','121312','000000','asdasda',NULL,'ITT Law Department - Headquarter','Fri Mar 01 2024 11:59:56 GMT+0530 (India Standard Time)','testing',NULL,'ticktet1','12 Jyotirling Temple, Valivali Gaon, Manjarli, Badlapur, Maharashtra, India','12:00','Konkan Division','541177','asds','2024-02-29','aasasd','asdsddd',NULL,NULL,NULL,'first',NULL,NULL,NULL,NULL,NULL,'I have a personal, professional, or business connection with a party to the accident/incident.','completed','',789,0,'2024-03-01 06:31:11','2024-03-26 13:33:01','19.1759684','73.2364932',' '),(64,737,789,0,527341,'Driver','manikandan','m','manikandan.m@ittstar.com','123-123-1231','2342342','888888','rrrr',NULL,'ITT Law Department - Headquarter','2024-03-01','asdasds',NULL,'asdsad','12 Jyotirling Temple, Valivali Gaon, Manjarli, Badlapur, Maharashtra, India','16:09','Konkan Division','541464','sdads','2024-03-01','asdasdsad','asdasdddas',NULL,NULL,NULL,NULL,'first',NULL,NULL,NULL,NULL,'I am a prosecutor or a publicly employed law enforcement officer, and/or, I am a governmental offici','paid','',789,0,'2024-03-01 10:42:08','2024-03-22 12:59:22','19.1759684','73.2364932',''),(65,0,549,0,527232,'Employer','noc','team','noc@gmail.com','222-222-2222','sdfg','dfgfds','dfgfdswsdfg',' https://bbpimagesandvideos.s3.amazonaws.com/sample.pdf','Sitka Airport - Headquarter','2024-03-14','wdefg','https://bbpimagesandvideos.s3.amazonaws.com/sample.pdf','dfggssdfg','150 East 42nd Street, New York, NY, USA','14:55','New York County',' ','sdf','2024-03-15','asdcfvgb','aaaaaaaaaaaaaa','first',NULL,NULL,'first',NULL,NULL,NULL,'third',NULL,'I represent the Cited/At Fault Party.','open',NULL,549,0,'2024-03-18 09:22:52','2024-03-18 09:22:52','40.751059','-73.9755244','dfgs'),(66,0,567,0,527232,'Licensed Private Investigator','ant','man','antman@gmail.com','222-222-2222','dfg','sdfg','edfgvb','https://bbpimagesandvideos.s3.amazonaws.com/sample.pdf','Sitka Airport - Headquarter','2024-03-07','aaaaa',NULL,'ddfv','1901 1st Avenue, New York, NY, USA','14:00','New York County',' ','fdd','2024-03-05','ffff','asdfsdf',NULL,'first','first',NULL,NULL,NULL,NULL,'second',NULL,'I am investigating this accident/incident as part of an  ongoing civil or criminal case.','workingon','',567,0,'2024-03-18 09:29:04','2024-03-18 10:11:53','40.7852328','-73.94502899999999','c'),(67,869,789,0,527232,'Driver','manikandan','m','manikandan.m@ittstar.com','123-123-1231','34543','54345','434543','https://bbpimagesandvideos.s3.amazonaws.com/sample.pdf','Sitka Airport - Headquarter','2024-03-08','asdfghjkl',NULL,'45','150 East 42nd Street, New York, NY, USA','23:06','New York County',' ','rfrdedf','2024-03-13','wedrfgfdsd','aaaaaaaaaaabbbbbbbbbb','first',NULL,NULL,NULL,NULL,'first','first',NULL,NULL,'I am investigating this accident/incident as part of an  ongoing civil or criminal case.','paid','',789,0,'2024-03-21 14:37:30','2024-03-22 07:14:55','40.751059','-73.9755244','3455'),(68,0,789,0,527341,'Insurance Agent','manikandan','m','manikandan.m@ittstar.com','123-123-1231','undefined','undefined','undefined',NULL,'ITT Law Depart - Headquarter','Fri Mar 22 2024 18:34:48 GMT+0530 (India Standard Time)','test',NULL,'wew','Testour, Tunisia','20:38','Testour',' ','wew','2024-03-07','test','undefined',NULL,'last',NULL,NULL,NULL,'first',NULL,NULL,NULL,'I am a prosecutor or a publicly employed law enforcement officer, and/or, I am a governmental offici','open',NULL,789,0,'2024-03-22 13:07:11','2024-03-22 13:07:11','36.5499','9.4422664','undefined'),(69,0,789,0,527347,'Employer','test','j','j@mail.com','undefined','undefined','undefined','undefined',NULL,'ITT Law Depart','2024-03-25','test',NULL,'test','Testaccio, Rome, Metropolitan City of Rome Capital, Italy','17:58','Città metropolitana di Roma Capitale',' ','test','2024-03-21','test','undefined','second',NULL,NULL,NULL,NULL,NULL,NULL,NULL,NULL,'I am investigating this accident/incident as part of an  ongoing civil or criminal case.','open',NULL,789,0,'2024-03-25 10:26:33','2024-03-25 10:26:33','41.8777253','12.4707246','undefined'),(70,0,789,0,527341,'Injured Party','manikandan','m','manikandan.m@ittstar.com','123-123-1231','undefined','undefined','undefined',NULL,'ITT Law Depart - Headquarter','2024-03-16','test4',NULL,'Ticket ','87687 U.S. 101, Florence, OR, USA','17:40','Lane County',' ','yes','2024-03-24','tst','undefined',NULL,NULL,NULL,'first',NULL,NULL,NULL,NULL,NULL,'I was involved in this Accident/Incident.','open',NULL,789,0,'2024-03-25 11:13:57','2024-03-25 11:13:57','44.016677','-124.1003','undefined'),(71,0,0,541177,527341,'Employer','Alex','Martin','karthick.j@ittstar.com','112-233-4442','undefined','undefined','undefined',NULL,'ITT Law Depart - Headquarter','Tue Mar 26 2024 17:09:03 GMT+0530 (India Standard Time)','test',NULL,'test','test','17:13','Antonio Quijarro Province',' ','test','2024-03-20','test','undefined','second','last','first','first','first',NULL,'first','first','first','I am a prosecutor or a publicly employed law enforcement officer, and/or, I am a governmental offici','open',NULL,541177,0,'2024-03-26 11:46:54','2024-03-26 11:46:54',NULL,NULL,'undefined'),(72,0,607,0,527341,'Employer','know','where','knowwhere@gmail.com','(222) 222-2222','undefined','undefined','undefined',NULL,'ITT Law Depart - Headquarter','2024-03-07','87897',NULL,'test','MG Road, Yellappa Chetty Layout, Jogupalya, Bengaluru, Karnataka, India','22:54','Delhi Division',' ','test','2024-03-15','test','undefined',NULL,NULL,NULL,NULL,NULL,NULL,NULL,'third',NULL,'I am a prosecutor or a publicly employed law enforcement officer, and/or, I am a governmental offici','open',NULL,607,0,'2024-03-26 15:23:35','2024-03-26 15:23:35','12.9731734','77.6166073','admin admin'),(73,883,607,0,527341,'Insurance SIU','know','where','knowwhere@gmail.com','(222) 222-2222','undefined','undefined','undefined',NULL,'ITT Law Depart - Headquarter','2024-03-21','786',NULL,'test','MG road','18:29','Karnataka',' ','test','2024-03-21','TEST','undefined',NULL,'last',NULL,NULL,NULL,NULL,NULL,NULL,NULL,'I represent the Cited/At Fault Party.','paid','',607,0,'2024-03-27 10:58:15','2024-03-27 15:23:05',NULL,NULL,'admin admin'),(74,892,607,0,527341,'Driver','know','where','knowwhere@gmail.com','(222) 222-2222','234','456','test',NULL,'ITT Law Depart - Headquarter','Thu Mar 28 2024 17:59:05 GMT+0530 (India Standard Time)','testing',NULL,'test','123 William Street, New York, NY, USA','17:59','New York County','541467','rest','Thu Mar 28 2024 17:59:05 GMT+0530 (India Standard Time)','sitka','6 Oct 2023 — First, install Git from the official website, then open your command prompt, navigate t','first',NULL,NULL,NULL,NULL,NULL,NULL,'third',NULL,'I am a prosecutor or a publicly employed law enforcement officer, and/or, I am a governmental offici','paid','',607,0,'2024-03-28 12:30:57','2024-03-28 14:09:27','40.7094742','-74.0072953',' '),(75,893,607,0,527341,'Employer','know','where','knowwhere@gmail.com','(222) 222-2222','345','788','redss',NULL,'ITT Law Depart - Headquarter','Thu Mar 28 2024 19:49:11 GMT+0530 (India Standard Time)','reds',NULL,'er','123 William Street, New York, NY, USA','19:49','New York County','541176','yellow','2024-03-15','ee','asdasd','first',NULL,NULL,NULL,NULL,NULL,NULL,'first',NULL,'I represent the Cited/At Fault Party.','paid','',607,0,'2024-03-28 14:20:26','2024-03-28 15:40:50','40.7094742','-74.0072953',' '),(76,0,607,0,527341,'Insurance Adjuster','know','where','knowwhere@gmail.com','(222) 222-2222','234','545','test',NULL,'ITT Law Depart - Headquarter','Fri Mar 29 2024 12:35:04 GMT+0530 (India Standard Time)','test',NULL,'red','123 William Street, New York, NY, USA','12:35','New York County','541176','re','2024-03-23','233','adada','first',NULL,NULL,NULL,NULL,'first',NULL,NULL,NULL,'I have a personal, professional, or business connection with a party to the accident/incident.','completed','',607,0,'2024-03-29 07:06:05','2024-03-29 07:39:15','40.7094742','-74.0072953',' '),(77,0,789,0,527341,'Injured Party','manikandan','m','manikandan.m@ittstar.com','123-123-1231','424242','1313123','test',' https://bbpimagesandvideos.s3.amazonaws.com/AWS_Flikshop_DevOps%20Competency_3rd%20Apr%2024.pdf','ITT Law Depart - testted','2024-04-04','tert','https://bbpimagesandvideos.s3.amazonaws.com/AWS_Hennessy_DevOps%20Competency_3rd%20Apr%2024.pdf','te','123 William Street, New York, NY, USA','17:03','New York County','541176','red','2024-04-05','sed','asdasdssadsds',NULL,'first',NULL,NULL,NULL,'first',NULL,'first',NULL,'I represent the Cited/At Fault Party.','completed','',789,0,'2024-04-05 11:45:21','2024-04-05 11:48:18','40.7094742','-74.0072953',' '),(78,0,789,0,527341,'Injured Party','manikandan','m','manikandan.m@ittstar.com','123-123-1231','4567212','899743','Passenger',' https://bbpimagesandvideos.s3.amazonaws.com/jun_function_return.pdf','ITT Law Depart - testted','2024-05-25','123','https://bbpimagesandvideos.s3.amazonaws.com/jun_function.pdf','testing','123 William Street, New York, NY, USA','16:46','New York County',' ','adsasd','2024-05-18','hesss','testing the proejct','first',NULL,NULL,NULL,NULL,NULL,NULL,'third',NULL,'I was involved in this Accident/Incident.','open',NULL,789,0,'2024-05-31 11:24:30','2024-05-31 11:24:31','40.7093826','-74.00708329999999','asdas'),(79,0,789,0,527341,'Injured Party','manikandan','m','manikandan.m@ittstar.com','123-123-1231','reed3343','email','police',NULL,'ITT Law Depart - testted','2024-05-30','test345',NULL,'hellore','123 William Street, New York, NY, USA','16:59','New York County','541423','redss','2024-05-18','police','asdasd',NULL,NULL,NULL,NULL,'first',NULL,NULL,'first',NULL,'I was involved in this Accident/Incident.','open',NULL,789,0,'2024-05-31 11:30:23','2024-05-31 11:30:23','40.7093826','-74.00708329999999',' '),(80,0,789,0,527341,'Injured Party','manikandan','m','manikandan.m@ittstar.com','123-123-1231','reed3343','email','police',NULL,'ITT Law Depart - testted','2024-05-30','test345',' https://bbpimagesandvideos.s3.amazonaws.com/jun_function.pdf','hellore','123 William Street, New York, NY, USA','16:59','New York County','541423','redss','2024-05-18','police','asdasd',NULL,NULL,NULL,NULL,'first',NULL,NULL,'first',NULL,'I was involved in this Accident/Incident.','open',NULL,789,0,'2024-05-31 11:31:11','2024-05-31 11:31:13','40.7093826','-74.00708329999999',' '),(81,0,789,0,527341,'Employer','manikandan','m','manikandan.m@ittstar.com','123-123-1231','45678','34522','resdsa',NULL,'ITT Law Depart - testted','2024-05-11','asda',NULL,'tesds','123 William Street, New York, NY, USA','17:08','New York County','541175','sda','Fri May 31 2024 17:04:31 GMT+0530 (India Standard Time)','hello','asdasds',NULL,NULL,NULL,NULL,'first',NULL,NULL,NULL,NULL,'I am a prosecutor or a publicly employed law enforcement officer, and/or, I am a governmental offici','open',NULL,789,0,'2024-05-31 11:38:53','2024-05-31 11:38:53','40.7093826','-74.00708329999999',' '),(82,0,789,0,527383,'Employer','manikandan','m','manikandan.m@ittstar.com','123-123-1231','123','45','re',NULL,'Airport Fire Law - Headquarter','Mon Jun 03 2024 18:12:04 GMT+0530 (India Standard Time)','testing',NULL,'police','123 William Street, New York, NY, USA','18:12','New York County','541522','test','Mon Jun 03 2024 18:12:04 GMT+0530 (India Standard Time)','test','asd',NULL,NULL,NULL,NULL,'first',NULL,NULL,'first',NULL,'I represent the Cited/At Fault Party.','open',NULL,789,0,'2024-06-03 12:43:06','2024-06-03 12:43:06','40.7093826','-74.00708329999999',' '),(83,0,789,0,527341,'Employer','manikandan','m','manikandan.m@ittstar.com','123-123-1231','asdasd','asdasd','asdas',NULL,'ITT Law Depart - testted','2024-07-04','asdasd',NULL,'asdasd','123 William Street, New York, NY, USA','12:14','New York County','541493','asdd','Fri Jul 05 2024 12:06:02 GMT+0530 (India Standard Time)','dasda','dasdasd','first',NULL,NULL,'first',NULL,'first',NULL,'first',NULL,'I represent the Cited/At Fault Party.','open',NULL,789,0,'2024-07-05 06:46:31','2024-07-05 06:46:31','40.7094055','-74.0071269',' '),(84,0,789,0,527341,'Driver','manikandan','m','manikandan.m@ittstar.com','123-123-1231','undefined','undefined','undefined',NULL,'ITT Law Depart - testted','Sun Jul 07 2024 12:02:18 GMT+0530 (India Standard Time)','ssddd',' https://bbpimagesandvideos.s3.amazonaws.com/kar1.pdf','ddddd','Japan, Tokyo, Chuo City, Nihonbashi-Bakurochō2 Chome−2−1 DDD HOTEL','15:28','Greater London',' ','ddd','2024-07-07','sss','sssss',NULL,NULL,NULL,NULL,NULL,NULL,NULL,NULL,'last','I represent the Cited/At Fault Party.','open',NULL,789,0,'2024-07-08 13:45:46','2024-07-08 13:45:46','35.6811836','139.7741538','dddd'),(85,0,789,0,527341,'Driver','manikandan','m','manikandan.m@ittstar.com','123-123-1231','undefined','undefined','undefined',NULL,'ITT Law Depart - testted','2024-07-04','Report Name',NULL,'Ticket','Peachtree City, GA, USA','16:07','Fayette County','541177','BB','2024-07-14','DDDD','undefined','both','both','first','first','first','first','first','both','both','I was involved in this Accident/Incident.','open',NULL,789,0,'2024-07-14 10:41:38','2024-07-14 10:41:38','33.3968557','-84.59634319999999',' '),(86,0,789,0,527341,'Employer','manikandan','m','manikandan.m@ittstar.com','123-123-1231','undefined','undefined','undefined',NULL,'ITT Law Depart - testted','2024-07-09','SSS',NULL,'SSS','Peachtree City, GA, USA','19:17','Fayette County',' ','CBB','2024-07-10','SSS','VVVV','first','first','first','first','first','first','first','second','last','I have a personal, professional, or business connection with a party to the accident/incident.','open',NULL,789,0,'2024-07-14 10:50:14','2024-07-14 10:50:14','33.3968557','-84.59634319999999','undefined'),(87,0,789,0,527341,'Driver','manikandan','m','manikandan.m@ittstar.com','123-123-1231','undefined','undefined','undefined',NULL,'ITT Law Depart - testted','2024-07-09','Rep Name',NULL,'mmm','Peachtree Corners, GA, USA','16:34','Gwinnett County',' ','mmm','2024-07-03','nnnnn','undefined',NULL,NULL,NULL,NULL,NULL,NULL,NULL,'both',NULL,'I am a prosecutor or a publicly employed law enforcement officer, and/or, I am a governmental offici','open',NULL,789,0,'2024-07-14 11:04:13','2024-07-14 11:04:13','33.9698809','-84.22147059999999','nmm'),(88,0,789,0,527341,'Insurance Agent','manikandan','m','manikandan.m@ittstar.com','123-123-1231','undefined','undefined','undefined',NULL,'ITT Law Depart - testted','2024-07-10','ddd',NULL,'ticket','Peachtree Corners, GA, USA','17:35','Gwinnett County','541423','eee','2024-07-02','ccc','undefined',NULL,NULL,NULL,NULL,NULL,NULL,NULL,'both',NULL,'I am investigating this accident/incident as part of an  ongoing civil or criminal case.','open',NULL,789,0,'2024-07-14 11:06:14','2024-07-14 11:06:14','33.9698809','-84.22147059999999',' '),(89,0,789,0,527341,'Other','manikandan','m','manikandan.m@ittstar.com','123-123-1231','claim','fileNumber','DD','https://bbpimagesandvideos.s3.amazonaws.com/CAP8933666438482084268.jpg',NULL,'14 Jul, 2024','Rp name',NULL,'TIcket','Santa Clara County, Unnamed Road, 1600 Amphitheatre Pkwy Building 43, , Mountain View, Santa Clara C','08:15:39','Santa Clara County','Alex martin','SSSD','14 Jul, 2024','hhh','ssssss','last',NULL,NULL,NULL,NULL,'false',NULL,NULL,NULL,NULL,'open',NULL,789,0,'2024-07-14 14:55:58','2024-07-14 14:55:58',NULL,NULL,NULL),(90,0,789,0,0,'Licensed Private Investigator','manikandan','m','manikandan.m@ittstar.com','123-123-1231','claim','File','Rep',NULL,'null','14 Jul, 2024','rp name',NULL,'Ticket','Unnamed Road, 1600 Amphitheatre Pkwy, 1600 Amphitheatre Pkwy, , Mountain View, Santa Clara County, C','11:34:56','Santa Clara County','Alex martin','CFP','14 Jul, 2024','Inp','Special','first',NULL,NULL,NULL,NULL,'false',NULL,'second',NULL,'I am investigating this accident/incident as part of an ongoing civil or criminal case','open',NULL,789,0,'2024-07-14 18:13:49','2024-07-14 18:13:49','37.42255469152051','-122.08456579595803',NULL),(91,0,789,0,527341,'Insurance SIU','manikandan','m','manikandan.m@ittstar.com','123-123-1231','claim','file','represent','https://bbpimagesandvideos.s3.amazonaws.com/CAP3254805773509893891.jpg','ITT Law Depart - testted','14 Jul, 2024','yyy',NULL,'Ticket','1665-1625 E Charleston Rd, 1665 E Charleston Rd, 1099 Alta Ave, , Mountain View, Santa Clara County,','11:51:20','Santa Clara County','offf','yyy','14 Jul, 2024','Aaa','ccc','first',NULL,NULL,NULL,NULL,'true',NULL,NULL,NULL,'I have a personal, professional, or business connection with a party to the accident/incident','open',NULL,789,0,'2024-07-14 18:26:45','2024-07-14 18:26:45','37.42072088084443','-122.08471298217772',NULL),(92,0,789,0,527341,'Driver','manikandan','m','manikandan.m@ittstar.com','123-123-1231',NULL,NULL,NULL,NULL,'ITT Law Depart - testted','17 Apr, 2024','Report name',NULL,'Ticket','Unnamed Road, 1600 Amphitheatre Pkwy Building 43, 1500 Amphitheatre Pkwy, , Mountain View, Santa Cla','06:01:46','Santa Clara County','Alex martin','Party ','17 Jul, 1991','Involved party','Instruction','first',NULL,'first','first',NULL,'false',NULL,NULL,NULL,'I have a personal, professional, or business connection with a party to the accident/incident','open',NULL,789,0,'2024-07-17 13:34:24','2024-07-17 13:34:24','37.42165070595472','-122.08436127752066',NULL),(93,0,789,0,527341,NULL,NULL,NULL,NULL,'123-123-1231',NULL,NULL,NULL,NULL,NULL,NULL,NULL,NULL,NULL,NULL,NULL,NULL,NULL,NULL,'15 Jul, 2024',NULL,NULL,NULL,NULL,NULL,NULL,NULL,NULL,NULL,NULL,NULL,NULL,'open',NULL,789,0,'2024-07-17 20:06:17','2024-07-17 20:06:17','37.42205809991698','-122.08453729748727',NULL),(94,0,789,0,527341,NULL,NULL,NULL,NULL,'123-123-1231',NULL,NULL,NULL,NULL,NULL,NULL,NULL,NULL,NULL,NULL,NULL,NULL,NULL,NULL,'15 Jul, 2024',NULL,NULL,NULL,NULL,NULL,NULL,NULL,NULL,NULL,NULL,NULL,NULL,'open',NULL,789,0,'2024-07-18 06:27:39','2024-07-18 06:27:39','37.42205809991698','-122.08453729748727',NULL),(95,0,789,0,527341,NULL,NULL,NULL,NULL,'123-123-1231',NULL,NULL,NULL,NULL,NULL,NULL,NULL,NULL,NULL,NULL,NULL,NULL,NULL,NULL,'15 Jul, 2024',NULL,NULL,NULL,NULL,NULL,NULL,NULL,NULL,NULL,NULL,NULL,NULL,'open',NULL,789,0,'2024-07-18 06:27:39','2024-07-18 06:27:39','37.42205809991698','-122.08453729748727',NULL),(96,0,1327,0,527341,'Paralegal/Legal Sec','Business','test','bTest1@gmail.com','8229992222',NULL,NULL,NULL,NULL,'ITT Law Depart - testted','11 Oct, 2024','ghyg',NULL,'yyyygg','Central Business District, I-5 Express, 640 Spring St, Spring St & 6th Ave, , Seattle, King County, ','12:46:47','King County','hh','vvv','11 Oct, 2024','yy','yhyy','first',NULL,NULL,NULL,NULL,'false',NULL,NULL,NULL,'I was involved in this Accident/Incident.','open',NULL,1327,0,'2024-10-11 07:18:58','2024-10-11 07:18:58','47.60766015728761','-122.33044892549515',NULL),(97,0,1327,0,527341,'Paralegal/Legal Sec','Business','test','bTest1@gmail.com','8229992222',NULL,NULL,NULL,NULL,'ITT Law Depart - testted','11 Oct, 2024','22ffff',NULL,'rrtt','865-801 4th Ave, 812 4th Ave, 801 4th Ave, 801 4th Ave, 809 4th Ave, , Seattle, King County, Washing','02:55:34','King County','ffff','fff','11 Oct, 2024','ffff','bbbb','first',NULL,'first','first',NULL,'false',NULL,NULL,NULL,'I have a personal, professional, or business connection with a party to the accident/incident','open',NULL,1327,0,'2024-10-11 09:27:14','2024-10-11 09:27:14','47.60483497820811','-122.3320572450757',NULL),(98,0,1327,0,527341,'Other','Business','test','bTest1@gmail.com','8229992222',NULL,NULL,NULL,NULL,'ITT Law Depart - testted','11 Oct, 2024','NVV',NULL,'CDD','Central Business District, Bank of America Fifth Avenue Plaza, 802 5th Ave, Bank of America Fifth Av','02:59:37','King County','VVV','CCV','11 Oct, 2024','yyy','CVVV','first',NULL,NULL,NULL,NULL,'false',NULL,NULL,NULL,'I represent a Faulty Party.','open',NULL,1327,0,'2024-10-11 09:30:39','2024-10-11 09:30:39','47.60579955282319','-122.32988264411686',NULL),(99,1067,1295,0,527421,'Injured Party','naren','k','naren@gmail.com','110-545-6222','345','2112','121',NULL,'AWS Security Agency - Headquarter','2024-10-18','testing',NULL,'reds','Infinite Loop 1, Infinite Loop, Cupertino, CA, USA','16:50','Santa Clara County','541539','red','Fri Oct 25 2024 16:50:16 GMT+0530 (India Standard Time)','red','asda','first',NULL,NULL,'first',NULL,NULL,NULL,'first',NULL,'I have a personal, professional, or business connection with a party to the accident/incident.','paid','',1295,0,'2024-10-25 11:21:44','2024-10-25 12:25:56','37.3318598','-122.0302485',' '),(100,0,789,0,527427,'Injured Party','manikandan','m','manikandan.m@ittstar.com','123-123-1231','76892','345','driver',NULL,'AWS Security Agency - lambda','2024-11-21','files',NULL,'23','123 William Street, New York, NY, USA','10:47','New York County','504025','re','2024-11-22','red','testing',NULL,NULL,NULL,NULL,NULL,NULL,NULL,'first',NULL,'I have a personal, professional, or business connection with a party to the accident/incident.','open',NULL,789,0,'2024-11-22 05:19:30','2024-11-22 05:19:30','40.7094055','-74.0071269',' '),(101,0,1409,0,527427,'Injured Party','blue','union','blueunion@gmail.com','890-282-8272','54545','23324','red','https://bbpimagesandvideos.s3.amazonaws.com/august-payslipt.pdf','AWS Security Agency - lambda','Thu Nov 28 2024 16:42:52 GMT+0530 (India Standard Time)','open record',NULL,'23','123 William Street, New York, NY, USA','17:12','New York County','503967','red','2024-11-22','32','red',NULL,NULL,NULL,'first',NULL,NULL,NULL,NULL,NULL,'I have a personal, professional, or business connection with a party to the accident/incident.','paid','',1409,0,'2024-11-28 11:44:12','2024-12-02 13:18:49','40.7094055','-74.0071269',' '),(102,0,1409,0,527427,'Insurance SIU','blue','union','blueunion@gmail.com','890-282-8272','345','31','red','https://bbpimagesandvideos.s3.amazonaws.com/Missing_person.pdf','AWS Security Agency - lambda','2024-11-29','fess',NULL,'test','123 William Street, New York, NY, USA','15:52','New York County',' ','345','2024-11-29','red','asdasd',NULL,NULL,NULL,NULL,NULL,'first',NULL,NULL,NULL,'I am a prosecutor or a publicly employed law enforcement officer, and/or, I am a governmental offici','paid','',1409,0,'2024-11-29 10:23:08','2024-12-02 13:33:55','40.7094055','-74.0071269','red'),(103,0,1409,0,527427,'Licensed Private Investigator','blue','union','blueunion@gmail.com','890-282-8272','3455','23','red',NULL,'AWS Security Agency - lambda','Sun Dec 01 2024 13:01:52 GMT+0530 (India Standard Time)','test',NULL,'345','123 William Street, New York, NY, USA','13:02','New York County',' ','test','Sun Dec 01 2024 13:01:52 GMT+0530 (India Standard Time)','red','asd',NULL,NULL,NULL,NULL,NULL,NULL,NULL,'first',NULL,'I have a personal, professional, or business connection with a party to the accident/incident.','paid','',1409,0,'2024-12-01 07:32:43','2024-12-02 09:59:33','40.7094055','-74.0071269','undefined'),(104,0,789,0,527421,'Licensed Private Investigator','manikandan','m','manikandan.m@ittstar.com','123-123-1231','234','123','red',' https://bbpimagesandvideos.s3.amazonaws.com/TNSTC_Novreturn.pdf','AWS Security Agency - Headquarter','Wed Dec 11 2024 19:08:26 GMT+0530 (India Standard Time)','test','https://bbpimagesandvideos.s3.amazonaws.com/TNSTC_Nov.pdf','red','Nice Mart, 4th Cross Road, Varma Layout, Bhuvaneswari Nagar, Hebbal Kempapura, Bengaluru, Karnataka,','19:11','Bangalore Division',' ','red','Wed Dec 11 2024 19:08:26 GMT+0530 (India Standard Time)','adasd','asdasd',NULL,NULL,NULL,NULL,NULL,NULL,NULL,NULL,'first','I am investigating this accident/incident as part of an  ongoing civil or criminal case.','open',NULL,789,0,'2024-12-11 13:41:45','2024-12-11 13:41:50','13.0552525','77.600827',NULL),(105,0,789,0,527421,'Injured Party','manikandan','m','manikandan.m@ittstar.com','123-123-1231','asdas','asd','asdasd',NULL,'AWS Security Agency - Headquarter','Wed Dec 11 2024 19:19:36 GMT+0530 (India Standard Time)','asd',NULL,'234','123 William Street, New York, NY, USA','19:20','New York County',' ','asdas','2024-12-01','asdasd','asdass',NULL,NULL,NULL,'first',NULL,NULL,NULL,NULL,NULL,'I have a personal, professional, or business connection with a party to the accident/incident.','open',NULL,789,0,'2024-12-11 13:56:57','2024-12-11 13:56:57','40.7094055','-74.0071269','undefined'),(106,0,789,0,527421,'Insurance Agent','manikandan','m','manikandan.m@ittstar.com','123-123-1231','sasdas','23','asd','https://bbpimagesandvideos.s3.amazonaws.com/You-Don-t-Know-JS-this-Object-Prototypes.pdf','AWS Security Agency - Headquarter','Wed Dec 11 2024 19:37:04 GMT+0530 (India Standard Time)','asdasd','https://bbpimagesandvideos.s3.amazonaws.com/You-Don-t-Know-JS-Scope-Closures.pdf','aasdsad','123 William Street, New York, NY, USA','19:37','New York County',' ','rere','2024-12-08','asda','asdasdd',NULL,NULL,NULL,NULL,NULL,NULL,NULL,NULL,'first','I represent an Involved Party.','open',NULL,789,0,'2024-12-11 14:08:30','2024-12-11 14:14:15','40.7094055','-74.0071269',NULL),(107,0,789,0,527427,'Insurance SIU','manikandan','m','manikandan.m@ittstar.com','123-123-1231','1231','123123','123',NULL,'AWS Security Agency - lambda','Wed Dec 11 2024 19:47:16 GMT+0530 (India Standard Time)','test',NULL,'23','123 Farm, Highland Springs Avenue, Beaumont, CA, USA','19:47','Riverside County',' ','sdas','2024-11-28','adsa','adasd',NULL,NULL,NULL,NULL,NULL,NULL,NULL,'first',NULL,'I am investigating this accident/incident as part of an  ongoing civil or criminal case.','open',NULL,789,0,'2024-12-11 14:18:10','2024-12-11 14:18:10','33.9676668','-116.941603',NULL),(108,0,789,0,527421,'Insurance SIU','manikandan','m','manikandan.m@ittstar.com','123-123-1231','red','sdad','asd',NULL,'AWS Security Agency - Headquarter','2024-12-06','asd',NULL,'red','123 William Street, New York, NY, USA','19:59','New York County',' ','asdas','2024-12-06','asda','asda',NULL,NULL,NULL,NULL,NULL,NULL,NULL,'second',NULL,'I represent the Cited/At Fault Party.','open',NULL,789,0,'2024-12-11 14:30:03','2024-12-11 14:30:03','40.7094055','-74.0071269','undefined'),(109,0,789,0,527421,'Insurance SIU','manikandan','m','manikandan.m@ittstar.com','123-123-1231','red','sdad','asd',NULL,'AWS Security Agency - Headquarter','2024-12-06','asd','https://bbpimagesandvideos.s3.amazonaws.com/TNSTC_Novreturn.pdf','red','123 William Street, New York, NY, USA','19:59','New York County',' ','asdas','2024-12-06','asda','asda',NULL,NULL,NULL,NULL,NULL,NULL,NULL,'second',NULL,'I represent the Cited/At Fault Party.','open',NULL,789,0,'2024-12-11 14:30:20','2024-12-11 14:30:23','40.7094055','-74.0071269','undefined'),(110,0,789,0,527435,'Insurance Adjuster','manikandan','m','manikandan.m@ittstar.com','123-123-1231','23','23','12',NULL,'Fireunion - Headquarter','2024-12-12','test',NULL,'red','123 William Street, New York, NY, USA','17:06','New York County',' ','asds','2024-12-13','asd','asdad',NULL,NULL,NULL,'first',NULL,NULL,NULL,'first',NULL,'I represent the Cited/At Fault Party.','paid','',789,0,'2024-12-16 11:37:16','2024-12-16 11:51:19','40.7094055','-74.0071269','undefined'),(121,0,1414,0,527435,'Insurance Agent','sai','kumar','sai@gmail.com','890-928-2322','213','123','123','https://bbpimagesandvideos.s3.amazonaws.com/3195095068.pdf','Fireunion - Headquarter','2025-01-03','asdas',NULL,'asda','123 William Street, New York, NY, USA','17:04','New York County',' ','asdsa','2025-01-04','asdasd','asdasd',NULL,NULL,NULL,'first',NULL,NULL,NULL,'firstsecond',NULL,'I represent the Cited/At Fault Party.','paid','',1414,0,'2025-01-09 11:34:30','2025-01-09 11:39:20','40.7094055','-74.0071269','undefined'),(128,0,789,0,527232,'Insurance Agent','manikandan','m','manikandan.m@ittstar.com','123-123-1231','13','sdas','sd',NULL,'Sitka Airport - Headquarter','Thu Jan 09 2025 19:53:33 GMT+0530 (India Standard Time)','asd',NULL,'asd','123 William Street, New York, NY, USA','19:53','New York County',' ','asd','Thu Jan 09 2025 19:53:33 GMT+0530 (India Standard Time)','asd','asdsad',NULL,NULL,NULL,'first',NULL,NULL,NULL,NULL,NULL,'I represent an Involved Party.','open',NULL,789,0,'2025-01-09 14:28:45','2025-01-09 14:28:45','40.7094055','-74.0071269','asd'),(129,0,789,0,527232,'Insurance Adjuster','manikandan','m','manikandan.m@ittstar.com','123-123-1231','asdas','asdasd','asdasd',NULL,'Sitka Airport - Headquarter','2025-01-05','asd',NULL,'asd','123 William Street, New York, NY, USA','20:08','New York County',' ','asd','2025-01-05','asd','asasdasd',NULL,NULL,NULL,'first',NULL,NULL,NULL,NULL,NULL,'I represent the Cited/At Fault Party.','open',NULL,789,0,'2025-01-09 14:39:14','2025-01-09 14:39:14','40.7094055','-74.0071269',NULL);

--
-- Table structure for table `open_record_request_files`
--

CREATE TABLE `open_record_request_files` (
  `id` int(11) NOT NULL AUTO_INCREMENT,
  `requestId` int(100) NOT NULL DEFAULT '0',
  `name` varchar(1000) DEFAULT NULL,
  `file` varchar(800) DEFAULT NULL,
  PRIMARY KEY (`id`)
) ENGINE=InnoDB AUTO_INCREMENT=89 DEFAULT CHARSET=utf8mb4;

--
-- Dumping data for table `open_record_request_files`
--

INSERT INTO `open_record_request_files` VALUES (1,3,'sdasdasd','https://bbpimagesandvideos.s3.amazonaws.com/Receipt-2615-0249-84b1f2098971a59603770c068a8a8e2c.pdf'),(2,4,'asd','https://bbpimagesandvideos.s3.amazonaws.com/Invoice-B40A7ADE-0001-80b35ca393b2203d853d2efa933c1c02.pdf'),(3,10,'asdas','https://bbpimagesandvideos.s3.amazonaws.com/forest-e80b084edc64a10d95264017a6f13588.jpg'),(4,14,'zxczxczxc','https://bbpimagesandvideos.s3.amazonaws.com/review1-8f9f730c5b7cfc99d47ad85ff3143b3c.png'),(5,6,'test','https://bbpimagesandvideos.s3.amazonaws.com/tiger-c8f80d7c2d598153865576005f3a10b6.jpg'),(6,16,'hellllo','https://bbpimagesandvideos.s3.amazonaws.com/forest-8bcebe86bb857647c44d6f71f936b966.jpg'),(7,16,'addas','https://bbpimagesandvideos.s3.amazonaws.com/flower1-652cab82319ba42ddec9946d24a67295.jpg'),(8,16,'sadasd','https://bbpimagesandvideos.s3.amazonaws.com/tiger-4bbb4e2eb5646eeccfb37bf772398b87.jpg'),(9,15,'new','https://bbpimagesandvideos.s3.amazonaws.com/unplan2-6ad0e46a48958551f726dd85313217c5.pdf'),(10,15,'sasds','https://bbpimagesandvideos.s3.amazonaws.com/tiger-0f8b5d3b55f0daa6198d95eec3e2dd8d.jpg'),(11,12,'1','https://bbpimagesandvideos.s3.amazonaws.com/1-4f154f344fd87a72be8dd4f6919917f0.jpg'),(12,18,'sdfghj','https://bbpimagesandvideos.s3.amazonaws.com/a9-1d935deeac5aaacd98975167632c406f.jpg'),(13,18,'gfds','https://bbpimagesandvideos.s3.amazonaws.com/a8-eee4ba34c40a1adc90bae9b3943ac148.jpg'),(14,18,'sdfghj','https://bbpimagesandvideos.s3.amazonaws.com/a9-1d935deeac5aaacd98975167632c406f.jpg'),(15,18,'gfds','https://bbpimagesandvideos.s3.amazonaws.com/a8-eee4ba34c40a1adc90bae9b3943ac148.jpg'),(17,25,'test','https://bbpimagesandvideos.s3.amazonaws.com/tiger-c8f80d7c2d598153865576005f3a10b6.jpg'),(18,25,'test','https://bbpimagesandvideos.s3.amazonaws.com/tiger-c8f80d7c2d598153865576005f3a10b6.jpg'),(19,28,'test','https://bbpimagesandvideos.s3.amazonaws.com/tiger-c8f80d7c2d598153865576005f3a10b6.jpg'),(20,28,'test','https://bbpimagesandvideos.s3.amazonaws.com/tiger-c8f80d7c2d598153865576005f3a10b6.jpg'),(22,29,'test','https://bbpimagesandvideos.s3.amazonaws.com/tiger-c8f80d7c2d598153865576005f3a10b6.jpg'),(23,29,'test','https://bbpimagesandvideos.s3.amazonaws.com/tiger-c8f80d7c2d598153865576005f3a10b6.jpg'),(25,30,'test','https://bbpimagesandvideos.s3.amazonaws.com/tiger-c8f80d7c2d598153865576005f3a10b6.jpg'),(26,30,'test','https://bbpimagesandvideos.s3.amazonaws.com/tiger-c8f80d7c2d598153865576005f3a10b6.jpg'),(28,31,'test','https://bbpimagesandvideos.s3.amazonaws.com/tiger-c8f80d7c2d598153865576005f3a10b6.jpg'),(29,31,'test','https://bbpimagesandvideos.s3.amazonaws.com/tiger-c8f80d7c2d598153865576005f3a10b6.jpg'),(31,33,'test','https://bbpimagesandvideos.s3.amazonaws.com/tiger-c8f80d7c2d598153865576005f3a10b6.jpg'),(32,33,'test','https://bbpimagesandvideos.s3.amazonaws.com/tiger-c8f80d7c2d598153865576005f3a10b6.jpg'),(34,34,'test','https://bbpimagesandvideos.s3.amazonaws.com/tiger-c8f80d7c2d598153865576005f3a10b6.jpg'),(35,34,'test','https://bbpimagesandvideos.s3.amazonaws.com/tiger-c8f80d7c2d598153865576005f3a10b6.jpg'),(37,35,'test','https://bbpimagesandvideos.s3.amazonaws.com/tiger-c8f80d7c2d598153865576005f3a10b6.jpg'),(38,35,'test','https://bbpimagesandvideos.s3.amazonaws.com/tiger-c8f80d7c2d598153865576005f3a10b6.jpg'),(40,36,'test','https://bbpimagesandvideos.s3.amazonaws.com/tiger-c8f80d7c2d598153865576005f3a10b6.jpg'),(41,36,'test','https://bbpimagesandvideos.s3.amazonaws.com/tiger-c8f80d7c2d598153865576005f3a10b6.jpg'),(43,37,'test','https://bbpimagesandvideos.s3.amazonaws.com/tiger-c8f80d7c2d598153865576005f3a10b6.jpg'),(44,37,'test','https://bbpimagesandvideos.s3.amazonaws.com/tiger-c8f80d7c2d598153865576005f3a10b6.jpg'),(46,38,'test','https://bbpimagesandvideos.s3.amazonaws.com/tiger-c8f80d7c2d598153865576005f3a10b6.jpg'),(47,38,'test','https://bbpimagesandvideos.s3.amazonaws.com/tiger-c8f80d7c2d598153865576005f3a10b6.jpg'),(49,39,'test','https://bbpimagesandvideos.s3.amazonaws.com/tiger-c8f80d7c2d598153865576005f3a10b6.jpg'),(50,39,'test','https://bbpimagesandvideos.s3.amazonaws.com/tiger-c8f80d7c2d598153865576005f3a10b6.jpg'),(52,40,'test','https://bbpimagesandvideos.s3.amazonaws.com/tiger-c8f80d7c2d598153865576005f3a10b6.jpg'),(53,40,'test','https://bbpimagesandvideos.s3.amazonaws.com/tiger-c8f80d7c2d598153865576005f3a10b6.jpg'),(55,41,'new','https://bbpimagesandvideos.s3.amazonaws.com/unplan2-6ad0e46a48958551f726dd85313217c5.pdf'),(56,41,'sasds','https://bbpimagesandvideos.s3.amazonaws.com/tiger-0f8b5d3b55f0daa6198d95eec3e2dd8d.jpg'),(58,42,'new','https://bbpimagesandvideos.s3.amazonaws.com/unplan2-6ad0e46a48958551f726dd85313217c5.pdf'),(59,42,'sasds','https://bbpimagesandvideos.s3.amazonaws.com/tiger-0f8b5d3b55f0daa6198d95eec3e2dd8d.jpg'),(61,43,'new','https://bbpimagesandvideos.s3.amazonaws.com/unplan2-6ad0e46a48958551f726dd85313217c5.pdf'),(62,43,'sasds','https://bbpimagesandvideos.s3.amazonaws.com/tiger-0f8b5d3b55f0daa6198d95eec3e2dd8d.jpg'),(64,46,'test','https://bbpimagesandvideos.s3.amazonaws.com/citizenComplaintForm-e02a17d05f457a0619cc86eb0f435aba.pdf'),(65,46,'saasda','https://bbpimagesandvideos.s3.amazonaws.com/Missing_person%20%2813%29-a079544ca9d2dd84bcd64e6e109f08e3.pdf'),(66,48,'file1','https://bbpimagesandvideos.s3.amazonaws.com/bbp%20%281%29-79c727d1bcbec9e978284638985aee82.pdf'),(67,50,'img32','https://bbpimagesandvideos.s3.amazonaws.com/img3-2cbfd67a4caf95b71cc9c3c668b75c57.jpg'),(68,67,'demo 11','https://bbpimagesandvideos.s3.amazonaws.com/sample-5509394485b00da4797f9292cb512758.pdf'),(72,73,'testing ','https://bbpimagesandvideos.s3.amazonaws.com/citizenComplaintForm%20%286%29-697e5e47db2e87648feb12cf5dc04ac1-ad4ff2d066e398340bc19860c7bae5bb.pdf'),(75,74,'new files','https://bbpimagesandvideos.s3.amazonaws.com/citizenComplaintForm%20%286%29-697e5e47db2e87648feb12cf5dc04ac1%20%281%29-045421daa9747a0b464bb41b8459e387.pdf'),(78,74,'red','https://bbpimagesandvideos.s3.amazonaws.com/Municode_Sample_Download-544d91dd78b2d6e88f4cd2e6ff22d1b8.ef803d25%20%285%29-544d91dd78b2d6e88f4cd2e6ff22d1b8.csv'),(79,74,'ter','https://bbpimagesandvideos.s3.amazonaws.com/citizenComplaintForm%20%286%29-697e5e47db2e87648feb12cf5dc04ac1-57287c49a0d9cbd55eabe5157ba61ccb.pdf'),(80,75,'redd','https://bbpimagesandvideos.s3.amazonaws.com/citizenComplaintForm%20%286%29-697e5e47db2e87648feb12cf5dc04ac1-3fe29150548ccedeffb3fecaf09e45bd.pdf'),(81,75,'dddd','https://bbpimagesandvideos.s3.amazonaws.com/Municode_Sample_Download-c3208b8b27e6ae456de46ea651220bee.ef803d25%20%285%29-c3208b8b27e6ae456de46ea651220bee.csv'),(83,76,'test','https://bbpimagesandvideos.s3.amazonaws.com/citizenComplaintForm%20%286%29-697e5e47db2e87648feb12cf5dc04ac1-465e11400165dc03570f34e1ea398682.pdf'),(84,77,'test','https://bbpimagesandvideos.s3.amazonaws.com/AWS_Security%20Benefit_DevOps%20Competency_3rd%20Apr%2024-097460e86c75c8cf1ab8010a9e0b2a09.pdf'),(85,110,'tester','https://bbpimagesandvideos.s3.amazonaws.com/image%20%2823%29-75ad09748f8bd35fe53b98c171614686.png'),(86,110,'testerss','https://bbpimagesandvideos.s3.amazonaws.com/image%20%2820%29-2589222636d481e8a559d0e8be569d13.png'),(87,121,'test1','https://bbpimagesandvideos.s3.amazonaws.com/3195095068-1284741484ad919429fff9b14934ab3d.pdf'),(88,121,'test2','https://bbpimagesandvideos.s3.amazonaws.com/rc%20new-0d29c8c3d8dd2b3ebb51ce7a169d76ad.pdf');

--
-- Table structure for table `open_record_request_invoice`
--

CREATE TABLE `open_record_request_invoice` (
  `id` int(11) NOT NULL AUTO_INCREMENT,
  `requestId` int(100) NOT NULL DEFAULT '0',
  `invoiceFrom` varchar(100) DEFAULT NULL,
  `invoiceFromAddress` varchar(1000) DEFAULT NULL,
  `invoiceTo` varchar(100) DEFAULT NULL,
  `invoiceToAddress` varchar(1000) DEFAULT NULL,
  `totalCost` varchar(100) DEFAULT NULL,
  `createdAt` datetime NOT NULL DEFAULT CURRENT_TIMESTAMP,
  `updatedAt` datetime NOT NULL DEFAULT CURRENT_TIMESTAMP ON UPDATE CURRENT_TIMESTAMP,
  PRIMARY KEY (`id`)
) ENGINE=InnoDB AUTO_INCREMENT=44 DEFAULT CHARSET=utf8mb4;

--
-- Dumping data for table `open_record_request_invoice`
--

INSERT INTO `open_record_request_invoice` VALUES (1,16,'Sitka Airport','605 Airport Dr,Sitka,AK 99835','manikandan m','120 Broadway,New York,New York 10271','80','2023-08-25 10:39:14','2023-08-25 10:42:54'),(2,15,'Sitka Airport','605 Airport Dr,Sitka,AK 99835','manikandan m','120 Broadway,New York,New York 10271','55','2023-08-25 10:54:07','2023-08-25 10:54:20'),(3,14,'Sitka Airport','605 Airport Dr,Sitka,AK 99835','manikandan m','120 Broadway,New York,New York 10271','34','2023-08-28 08:19:33','2023-08-28 08:19:45'),(4,6,'Norcross Police Dept','65 Lawrenceville St,Norcross,GA 30071','manikandan m','120 Broadway,New York,New York 10271','1','2023-09-13 20:22:37','2023-09-14 14:39:35'),(5,18,'Sitka Airport','605 Airport Dr,Sitka,AK 99835','manikandan m','120 Broadway,New York,New York 10271','495','2023-09-14 09:13:35','2023-09-14 09:13:42'),(6,12,'Norcross Police Dept','65 Lawrenceville St,Norcross,GA 30071','manikandan m','120 Broadway,New York,New York 10271','1','2023-09-14 14:03:40','2023-09-14 14:03:40'),(7,25,'Norcross Police Dept','65 Lawrenceville St,Norcross,GA 30071','manikandan m','120 Broadway,New York,New York 10271','1','2023-09-15 07:04:52','2023-09-15 07:04:52'),(8,27,'Norcross Police Dept','65 Lawrenceville St,Norcross,GA 30071','manikandan m','120 Broadway,New York,New York 10271','1','2023-09-15 07:07:40','2023-09-15 07:07:40'),(9,28,'Norcross Police Dept','65 Lawrenceville St,Norcross,GA 30071','manikandan m','120 Broadway,New York,New York 10271','1','2023-09-15 07:13:28','2023-09-15 07:13:28'),(10,29,'Norcross Police Dept','65 Lawrenceville St,Norcross,GA 30071','manikandan m','120 Broadway,New York,New York 10271','1','2023-09-15 07:58:55','2023-09-15 07:58:55'),(11,30,'Norcross Police Dept','65 Lawrenceville St,Norcross,GA 30071','manikandan m','120 Broadway,New York,New York 10271','1','2023-09-15 08:08:16','2023-09-15 08:08:16'),(12,31,'Norcross Police Dept','65 Lawrenceville St,Norcross,GA 30071','manikandan m','120 Broadway,New York,New York 10271','1','2023-09-15 08:09:03','2023-09-15 08:09:03'),(13,33,'Norcross Police Dept','65 Lawrenceville St,Norcross,GA 30071','manikandan m','120 Broadway,New York,New York 10271','1','2023-09-15 08:56:23','2023-09-15 08:56:23'),(14,34,'Norcross Police Dept','65 Lawrenceville St,Norcross,GA 30071','manikandan m','120 Broadway,New York,New York 10271','1','2023-09-15 10:53:18','2023-09-15 10:53:18'),(15,35,'Norcross Police Dept','65 Lawrenceville St,Norcross,GA 30071','manikandan m','120 Broadway,New York,New York 10271','1','2023-09-15 11:04:01','2023-09-15 11:04:01'),(16,36,'Norcross Police Dept','65 Lawrenceville St,Norcross,GA 30071','manikandan m','120 Broadway,New York,New York 10271','1','2023-09-15 11:16:45','2023-09-15 11:16:45'),(17,37,'Norcross Police Dept','65 Lawrenceville St,Norcross,GA 30071','manikandan m','120 Broadway,New York,New York 10271','1','2023-09-15 11:21:51','2023-09-15 11:21:51'),(18,38,'Norcross Police Dept','65 Lawrenceville St,Norcross,GA 30071','manikandan m','120 Broadway,New York,New York 10271','1','2023-09-15 11:22:11','2023-09-15 11:22:11'),(19,39,'Norcross Police Dept','65 Lawrenceville St,Norcross,GA 30071','manikandan m','120 Broadway,New York,New York 10271','1','2023-09-15 11:25:54','2023-09-15 11:25:54'),(20,40,'Norcross Police Dept','65 Lawrenceville St,Norcross,GA 30071','manikandan m','120 Broadway,New York,New York 10271','1','2023-09-15 11:26:34','2023-09-15 11:26:34'),(21,41,'Sitka Airport','605 Airport Dr,Sitka,AK 99835','manikandan m','120 Broadway,New York,New York 10271','55','2023-09-15 11:29:08','2023-09-15 11:29:08'),(22,42,'Sitka Airport','605 Airport Dr,Sitka,AK 99835','manikandan m','120 Broadway,New York,New York 10271','55','2023-09-19 08:13:00','2023-09-19 08:13:00'),(23,43,'Sitka Airport','605 Airport Dr,Sitka,AK 99835','manikandan m','120 Broadway,New York,New York 10271','55','2023-09-19 08:13:29','2023-09-19 08:13:29'),(24,46,'ITT Law Dept','4089 Iron Works Parkway,Lexington,KY 40511','benz Mercedes','123 Farm,Beaumont,California 92223','100','2024-01-04 12:11:41','2024-03-01 11:15:34'),(25,47,'ITT Law Dept','4089 Iron Works Parkway,Lexington,KY 40511','benz Mercedes','123 Farm,Beaumont,California 92223','660','2024-01-08 12:22:44','2024-03-28 14:11:38'),(26,48,'ITT Law Dept','4089 Iron Works Parkway,Lexington,KY 40511','manikandan m','120 Broadway,New York,New York 10222','10','2024-01-19 12:33:13','2024-01-19 12:33:13'),(27,50,'ITT Law Dept','4089 Iron Works Parkway,Lexington,KY 40511','Karthick Jay','Indianapolis International Airport (IND),Indianapolis,Indiana 46241','40','2024-02-02 09:59:09','2024-04-10 10:14:58'),(28,63,'ITT Law Department','4089 Iron Works Parkway,Lexington,KY 40511','manikandan m','120 Broadway,New York,New York 10222','490','2024-03-01 10:08:45','2024-03-01 10:30:51'),(29,64,'ITT Law Department','4089 Iron Works Parkway,Lexington,KY 40511','manikandan m','120 Broadway,New York,New York 10222','20','2024-03-01 10:43:19','2024-03-01 10:43:19'),(30,62,'Sitka Airport','605 Airport Dr,Sitka,GA 99835','Police Union','5200 Town Center Boulevard,Peachtree Corners,Georgia 30092','30','2024-03-01 10:48:46','2024-03-01 10:48:46'),(31,66,'Sitka Airport','605 Airport Dr,Sitka,GA 99835','ant man','124 Conch Street,Port St. Joe,Florida 32456','14','2024-03-18 10:06:43','2024-03-18 10:06:51'),(32,67,'Sitka Airport','605 Airport Dr,Sitka,GA 99835','manikandan m','120 Broadway,New York,New York 10222','50','2024-03-21 14:41:47','2024-03-21 14:41:47'),(33,73,'ITT Law Depart','4089 Iron Works Parkway,Lexington,KY 40511','know where','12300 Bermuda Road, Henderson, NV, USA,Henderson,Nevada 89044','210','2024-03-27 12:50:05','2024-03-28 11:19:07'),(34,74,'ITT Law Depart','4089 Iron Works Parkway,Lexington,KY 40511','know where','12300 Bermuda Road, Henderson, NV, USA,Henderson,Nevada 89044','140','2024-03-28 12:54:21','2024-03-28 13:21:02'),(35,75,'ITT Law Depart','4089 Iron Works Parkway,Lexington,KY 40511','know where','12300 Bermuda Road, Henderson, NV, USA,Henderson,Nevada 89044','190','2024-03-28 14:22:03','2024-03-28 15:28:44'),(36,76,'ITT Law Depart','4089 Iron Works Parkway,Lexington,KY 40511','know where','12300 Bermuda Road, Henderson, NV, USA,Henderson,Nevada 89044','30','2024-03-29 07:07:18','2024-03-29 07:07:30'),(37,77,'ITT Law Depart','4089 Iron Works Parkway,Lexington,KY 40511','manikandan m','120 Broadway,New York,New York 10222','60','2024-04-05 11:47:34','2024-04-05 11:48:02'),(38,99,'AWS Security Agency','123 William Street,New York,NY 10038','naren k','1105 Aztec Road,North Pole,Alaska 99705','90','2024-10-25 12:24:05','2024-10-25 12:24:07'),(39,101,'AWS Security Agency','123 William Street,New York,NY 10038','blue union','Nice Mart,Bengaluru,Delaware 560092','50','2024-11-28 12:47:26','2024-11-28 12:47:38'),(40,103,'AWS Security Agency','123 William Street,New York,NY 10038','blue union','Nice Mart,Bengaluru,Delaware 560092','120','2024-12-01 12:05:23','2024-12-01 12:05:25'),(41,102,'AWS Security Agency','123 William Street,New York,NY 10038','blue union','Nice Mart,Bengaluru,Delaware 560092','60','2024-12-02 13:22:46','2024-12-02 13:22:48'),(42,110,'Fireunion','123 William Street,New York,NY 10038','manikandan m','Avocet Drive Northwest,Peachtree Corners,Georgia 30092','50','2024-12-16 11:48:07','2024-12-16 11:48:31'),(43,121,'Fireunion','123 William Street,New York,NY 10038','sai kumar','Nice Mart,Bengaluru,Florida 560092','50','2025-01-09 11:37:01','2025-01-09 11:37:15');

--
-- Table structure for table `open_record_request_invoice_items`
--

CREATE TABLE `open_record_request_invoice_items` (
  `id` int(11) NOT NULL AUTO_INCREMENT,
  `invoiceId` int(11) NOT NULL DEFAULT '0',
  `iteamName` varchar(100) DEFAULT NULL,
  `changeNameId` int(100) NOT NULL DEFAULT '0',
  `qty` varchar(100) DEFAULT NULL,
  `price` varchar(100) DEFAULT NULL,
  PRIMARY KEY (`id`)
) ENGINE=InnoDB AUTO_INCREMENT=74 DEFAULT CHARSET=utf8mb4;

--
-- Dumping data for table `open_record_request_invoice_items`
--

INSERT INTO `open_record_request_invoice_items` VALUES (1,1,'testing particle',2,'2','10'),(2,1,'ed',2,'2','15'),(3,1,'1',2,'10','50'),(4,1,'e',2,'2','10'),(5,2,'test',2,'10','50'),(6,2,'part',2,'1','5'),(7,3,'asda',4,'2','4'),(8,3,'as',5,'3','30'),(9,4,'dgdsgfsdfg',1,'1','1'),(10,5,'asdf',4,'55','110'),(11,5,'ffd',3,'77','385'),(12,2,'test',2,'10','50'),(15,24,'test',9,'2','44'),(16,24,'sdad',13,'5','50'),(17,24,'sdad',13,'5','50'),(18,25,'asdsadass',12,'2','60'),(19,25,'asdsdas',11,'1','20'),(20,25,'sdad',13,'5','50'),(21,26,'DD',13,'1','10'),(22,27,'jjj',13,'3','30'),(23,28,'23',13,'23','230'),(24,28,'test',13,'23','230'),(25,28,'asdasdassd',13,'1','10'),(26,28,'asdasd',13,'2','20'),(27,29,'test',13,'2','20'),(28,30,'asd',5,'3','30'),(29,31,'asdad',5,'1','10'),(30,31,'qwewe',4,'2','4'),(31,32,'abc',5,'5','50'),(33,33,'ada',13,'1','10'),(34,33,'asd',13,'3','20'),(35,33,'red',13,'3','10'),(36,33,'23',13,'1','10'),(37,33,'new ',13,'1','10'),(38,33,'test',13,'2','20'),(40,33,'red',18,'1','20'),(41,33,'blue',18,'2','40'),(43,34,'reddd',19,'2','20'),(44,34,'reddd',19,'2','20'),(45,34,'reasdasd',18,'3','60'),(46,34,'ours',18,'2','40'),(48,25,'BYE BYE',18,'11','220'),(51,25,'BYE BYE',18,'11','220'),(52,25,'BYE BYE',18,'11','220'),(53,35,'ter',19,'2','20'),(54,35,'yuu',18,'2','40'),(55,35,'ku',18,'2','40'),(57,35,'uu',18,'2','40'),(59,35,'reddee',19,'1','60'),(60,35,'newsed',18,'2','40'),(61,36,'2',19,'1','10'),(62,36,'cedd',18,'1','20'),(63,37,'2',21,'2','20'),(64,37,'3',20,'2','40'),(65,38,'test',23,'3','90'),(66,39,'2',23,'1','30'),(67,39,'3',22,'1','20'),(68,40,'test',23,'4','120'),(69,41,'3',22,'3','60'),(70,42,'test',25,'2','40'),(71,42,'test',24,'1','10'),(72,43,'asd',25,'2','40'),(73,43,'test',24,'1','10');

--
-- Table structure for table `open_record_request_notify`
--

CREATE TABLE `open_record_request_notify` (
  `id` int(11) NOT NULL AUTO_INCREMENT,
  `orrId` int(100) NOT NULL DEFAULT '0',
  `partyType` varchar(100) DEFAULT NULL,
  `email` varchar(100) DEFAULT NULL,
  `notifyFile` varchar(100) DEFAULT NULL,
  `claim` varchar(100) DEFAULT NULL,
  PRIMARY KEY (`id`)
) ENGINE=InnoDB AUTO_INCREMENT=120 DEFAULT CHARSET=utf8mb4;

--
-- Dumping data for table `open_record_request_notify`
--

INSERT INTO `open_record_request_notify` VALUES (1,1,'insurance','aa@gmail.com','aaa','251'),(2,1,'c','c@gmail.com','ccc','252'),(3,1,'b','b@gmail.com','bbb','250'),(4,1,'d','d@gmail.com','ddd','253'),(5,1,'e','e@gmail.com','e','254'),(6,2,'Employer','ererer@gmail.com','sdfsdfsdf','sddfsdfsdf'),(7,3,'Injured Party','asdas@gmail.com','asdasd','aas23'),(8,4,'Insurance Adjuster','mani@gmail.com','aws','2233'),(9,5,'Insurance Agent','asdasd@gmail.com','asdasd','asdasd'),(10,6,'Adjuster/SIU - Managed Plan','harish.kadli@ittstar.com','dfgh','50'),(11,7,'Insurance Adjuster','test@gmail.com','233333','dasdw'),(12,8,'Insurance Agent','asdasd@gmail.com','asdasd','asdasd'),(13,9,'Attorney/Managed Plan','asdasd','asdsad','asdasdsd'),(14,10,'Insurance Adjuster','dasda@gmail.com','edd','ass'),(15,11,'Injured Party','manmathayya.m@ittstar.com','sadasd','asdasd'),(16,12,'Injured Party','lakhan.hk@ittstar.com','asdf','asdf'),(17,13,'','asdasd','asdad','sasdasdasd'),(18,14,'Insurance Agent','manmathayya.m@ittstar.com','xcvxcv','cxvxcvcxv'),(19,15,'Driver','ten@gmail.com','asdf','5'),(20,16,'Licensed Private Investigator','adasd','asdasd','asdasdasd'),(21,17,'Canal Insurance','mani@gmail.com','#sssss','red'),(22,18,'Insurance Agent','ss@gmail.com','asdfg','wefg'),(23,18,'Licensed Private Investigator','aaa@gmail.com','asdfg','gfdsa'),(24,19,'Injured Party','aa','sdf','32'),(25,19,'Licensed Private Investigator','fde','wedfg','32'),(26,20,'Insurance SIU','edfgv','edfgv','34'),(27,20,'Canal Insurance','sdf','dfg','12'),(28,17,'Canal Insurance','mani@gmail.com','#sssss','red'),(29,25,'Adjuster/SIU - Managed Plan','harish.kadli@ittstar.com','dfgh','50'),(30,27,'Adjuster/SIU - Managed Plan','harish.kadli@ittstar.com','dfgh','50'),(31,28,'Adjuster/SIU - Managed Plan','harish.kadli@ittstar.com','dfgh','50'),(32,29,'Adjuster/SIU - Managed Plan','harish.kadli@ittstar.com','dfgh','50'),(33,30,'Adjuster/SIU - Managed Plan','harish.kadli@ittstar.com','dfgh','50'),(34,31,'Adjuster/SIU - Managed Plan','harish.kadli@ittstar.com','dfgh','50'),(35,33,'Adjuster/SIU - Managed Plan','harish.kadli@ittstar.com','dfgh','50'),(36,34,'Adjuster/SIU - Managed Plan','harish.kadli@ittstar.com','dfgh','50'),(37,35,'Adjuster/SIU - Managed Plan','harish.kadli@ittstar.com','dfgh','50'),(38,36,'Adjuster/SIU - Managed Plan','harish.kadli@ittstar.com','dfgh','50'),(39,37,'Adjuster/SIU - Managed Plan','harish.kadli@ittstar.com','dfgh','50'),(40,38,'Adjuster/SIU - Managed Plan','harish.kadli@ittstar.com','dfgh','50'),(41,39,'Adjuster/SIU - Managed Plan','harish.kadli@ittstar.com','dfgh','50'),(42,40,'Adjuster/SIU - Managed Plan','harish.kadli@ittstar.com','dfgh','50'),(43,41,'Driver','ten@gmail.com','asdf','5'),(44,42,'Driver','ten@gmail.com','asdf','5'),(45,43,'Driver','ten@gmail.com','asdf','5'),(46,44,'Insurance Adjuster','mani@gmail.com','asdasd','ssdsdasdasd'),(47,45,'Driver','asdas','asdad','asdasda'),(48,46,'Driver','test@gmail.com','sdada','23'),(49,46,'Employer','asdasda','asdsadsad','23'),(50,47,'Driver','asdasda@gmail.com','asd','asds22'),(51,48,'Injured Party','','',''),(52,49,'Driver','test@gmail.com','ssdas','2'),(53,50,'Insurance SIU','','',''),(54,51,'Insurance Agent','test@test.com','accident report','T8339230'),(55,52,'Employer','demo@mgil.cm','wert','15'),(56,53,'','','',''),(57,54,'','','',''),(58,56,'Injured Party','asdasd','asdsa','2343'),(59,56,'Insurance Adjuster','asdsad','asdasd','as24'),(60,58,'Injured Party','asdsd','asds','asdsd'),(61,59,'AA','AA@gmail.com','AAA','12'),(62,59,'BB','BB@gmail.com','BBB','13'),(63,59,'CCC','CC@gmail.com','CCC','14'),(64,60,'AA','AA@gmail.com','AAA','12'),(65,60,'CCC','CC@gmail.com','CCC','14'),(66,60,'BB','BB@gmail.com','BBB','13'),(67,61,'AA','AA@gmail.com','AAA','12'),(68,61,'BB','BB@gmail.com','BBB','13'),(69,61,'CCC','CC@gmail.com','CCC','14'),(70,62,'','','',''),(71,63,'','','',''),(72,64,'Injured Party','kane@gmail.com','asdasd','sasdasd'),(73,65,'Insurance Adjuster','aa@gmail.com','dfghj','6'),(74,66,'Injured Party','ws@gmail.com','sdfg','efg'),(75,67,'Accident Reconstructionist','aa@gmail.com','sdfg','5'),(76,68,'','','',''),(77,69,'','','',''),(78,70,'','','',''),(79,71,'Canal Insurance','test@test.com','ij','test'),(80,72,'','','',''),(81,73,'','','',''),(82,74,'Driver','test@gmail.com','asdas','2'),(83,75,'','','',''),(84,76,'','','',''),(85,77,'Employer','mani@gmail.com','23','233323'),(86,78,'Canal Insurance','mani.zenix@gmail.com','12','23'),(87,79,'Adjuster/SIU - Managed Plan','mani@gmail.com','12','12'),(88,80,'Adjuster/SIU - Managed Plan','mani@gmail.com','12','12'),(89,81,'','mani@gmail.com','ads','123'),(90,82,'','','',''),(91,83,'','','',''),(92,84,'','','',''),(93,85,'','','',''),(94,86,'','','',''),(95,87,'','','',''),(96,88,'','','',''),(97,89,'','','',''),(98,89,'Injured Party','parrty1@gmail.com','file','claim'),(99,90,'','','',''),(100,91,'','','',''),(101,92,'','','',''),(102,92,'Driver','driver@gmail.com','file1','claim123'),(103,96,'','','',''),(104,97,'','','',''),(105,98,'','','',''),(106,99,'Licensed Private Investigator','m@gmail.com','33','12'),(107,100,'','','',''),(108,101,'','','',''),(109,102,'','','',''),(110,103,'','','',''),(111,104,'0','','',''),(112,105,'','','',''),(113,106,'','','',''),(114,107,'','','',''),(115,109,'','','',''),(116,110,'','','',''),(117,121,'','','',''),(118,128,'','','',''),(119,129,'','','','');

--
-- Table structure for table `open_recrod_cashdraw`
--

CREATE TABLE `open_recrod_cashdraw` (
  `id` int(11) NOT NULL AUTO_INCREMENT,
  `orcId` int(100) NOT NULL DEFAULT '0',
  `chargeType` varchar(100) DEFAULT NULL,
  `chargeName` varchar(100) DEFAULT NULL,
  `costPerUnit` varchar(100) DEFAULT NULL,
  `unit` varchar(100) DEFAULT NULL,
  PRIMARY KEY (`id`)
) ENGINE=InnoDB AUTO_INCREMENT=26 DEFAULT CHARSET=utf8mb4;

--
-- Dumping data for table `open_recrod_cashdraw`
--

INSERT INTO `open_recrod_cashdraw` VALUES (1,1,'Fixed','Test','1.00','sheet'),(3,3,'Hourly','sdfg','5.00','12'),(4,3,'Fixed','ted','2','1'),(5,3,'Variable','west','10','2'),(16,9,'Hourly','test','89.00','9'),(17,9,'Fixed','test1','87','6'),(20,11,'Hourly','testing','20.00','1'),(21,11,'Fixed','Processing','10.00','1'),(22,12,'Fixed','red','20','1'),(23,12,'Hourly','blue','30','1'),(24,13,'Fixed','red','10','1'),(25,13,'Fixed','blue','20','1');

--
-- Table structure for table `open_recrod_config`
--

CREATE TABLE `open_recrod_config` (
  `id` int(11) NOT NULL AUTO_INCREMENT,
  `agencyId` int(100) NOT NULL DEFAULT '0',
  `precintId` int(100) NOT NULL DEFAULT '0',
  `officerId` int(100) NOT NULL DEFAULT '0',
  `email` varchar(100) DEFAULT NULL,
  `instructions` text,
  `fees` text,
  `additionalInfo` text,
  `createdBy` int(100) NOT NULL DEFAULT '0',
  `updatedBy` int(100) NOT NULL DEFAULT '0',
  `createdAt` datetime NOT NULL DEFAULT CURRENT_TIMESTAMP,
  `updatedAt` datetime NOT NULL DEFAULT CURRENT_TIMESTAMP ON UPDATE CURRENT_TIMESTAMP,
  PRIMARY KEY (`id`)
) ENGINE=InnoDB AUTO_INCREMENT=14 DEFAULT CHARSET=utf8mb4;

--
-- Dumping data for table `open_recrod_config`
--

INSERT INTO `open_recrod_config` VALUES (1,500438,499480,513217,'Test@gmail.com','Testing','Testing','Testing',513217,0,'2023-03-13 11:57:27','2023-03-13 11:57:27'),(3,528190,527232,540969,'max@gmail.com','asdfgh','25','sdfghj',0,540969,'2023-08-28 08:18:49','2023-08-28 08:18:49'),(9,491255,490297,541164,'test@test.com','test','test description','test ',0,541164,'2024-02-26 14:02:55','2024-02-26 14:02:55'),(11,528279,527341,541177,'','','fee','',0,541177,'2024-03-29 10:51:23','2024-03-29 10:51:23'),(12,528345,527421,541536,'naren@gmail.com','reding','testing','asdadsa',541536,0,'2024-10-25 11:24:53','2024-10-25 11:24:53'),(13,528349,527435,541555,'union@gmail.com','das','testing','asd',541555,0,'2024-12-16 11:14:19','2024-12-16 11:14:19');

--
-- Table structure for table `operations`
--

CREATE TABLE `operations` (
  `Id` int(11) NOT NULL AUTO_INCREMENT,
  `OperationId` varchar(50) NOT NULL,
  `OperationName` varchar(100) NOT NULL,
  `permission_id` int(11) DEFAULT NULL,
  `permission_update_id` int(100) NOT NULL DEFAULT '0',
  `description` varchar(500) DEFAULT NULL,
  `Status` tinyint(1) NOT NULL DEFAULT '1',
  PRIMARY KEY (`Id`)
) ENGINE=InnoDB AUTO_INCREMENT=180 DEFAULT CHARSET=utf8mb4;

--
-- Dumping data for table `operations`
--

INSERT INTO `operations` VALUES (1,'','View',NULL,0,'VIEW',1),(2,'','Edit',NULL,0,'edit data',1),(3,'','Update Agency Details',24,5,'Access to update details of an existing agency.',1),(4,'','Delete Agency',24,5,'Access to delete an existing agency.',1),(5,'','Assign',NULL,0,NULL,1),(6,'','Activate/Deactive Agency',24,5,'Access to active/deactivate an existing agency.',1),(7,'','Activate/Deactive Officer',11,10,'Active/deactive paticular Officer',1),(8,'accept','Accept',NULL,0,'Accept',1),(9,'reject','Reject',NULL,0,'Reject',1),(10,'resolve','Resolve',NULL,0,'Resolve',1),(11,'unresolve','Unresolve',NULL,0,'Unresolve',1),(12,'bulkupload','Bulk Upload Agency',24,0,'Option to enable an agency to bulk upload excel documents containing new agency details or precinct details.',1),(13,'bulkupload','Bulk Upload Officer',11,10,'Upload officer data.',1),(14,'create','Create Officer',11,10,'Add new officer to a agency/precint.',1),(16,'','Update Officer Details',11,10,'Update offier details.',1),(17,'','Delete Officer',11,10,'Delete paticular officer.',1),(18,'','Assign Complaints',44,0,'Assign Complaints',1),(19,'create role','Create Role',20,20,'User can add new roles and provide access to the modules within the application.',1),(21,'update','Update Role',20,20,'User can update the access rules of an existing role.',1),(22,'delete','Delete Role',20,20,'User can delete an existing role along with it\'s access rules.',1),(23,'activate','Activate/Deactive Role',20,20,'User can activate and deactivate an existing role.',1),(24,'create','Create System User',25,17,'Adding new system user.',1),(26,'update','Update System User',25,17,'Users can update the details of an existing system user.',1),(27,'delete','Delete System User',25,17,'Users can delete an existing system user.',1),(28,'activate','Activate/Deactive System User',25,17,'Users can activate/deactivate an existing system user.',1),(30,'','Add New Agency',24,5,'Access to add new agency.',1),(31,'','Assign Officer Role',11,12,'While add/update officer you can change the role of the paticular officer/admin.',1),(33,'','Modify Default Role',20,20,'User can update the existing default roles. But caution is advised as it might lead to inaccessibility issues if not configured properly.',1),(36,'','Role Type Filter',20,20,'Option that lets the user filter as per the name and type of filter.',1),(37,'','Organisation Type Filter',20,0,'Option that lets the user filter as per the name and type of filter.',1),(38,'','Create Precint',24,29,'Access to add new precinct.',1),(39,'','Update Precint',24,30,'Access to update existing precinct.',1),(40,'','Active/Deactive Precint',24,30,'Access to active/deactivate an existing precinct.',1),(41,'','Delete Precint',24,30,'Access to delete an existing precinct.',1),(42,'','View Precint',24,5,'Access to view all the precincts.',1),(43,'','Bulk Upload Officer',24,0,'Upload all the officers as per the agency/precint.',1),(44,'','Add Certification',24,33,'Add new certification.',1),(45,'','Update Certification',24,33,'Update existing certification.',1),(46,'','VIew Certification',24,33,'View all certifications.',1),(47,'','Delete Certification',24,33,'Delete paticular precint.',1),(51,'','Update Review',44,0,'Update existing review.',1),(52,'','Publish/unpublish Review',44,0,'Publish/unpublish existing review.',1),(53,'','Filter by Precint',44,0,'Filter as per the precint name.',1),(54,'','Filter by Precint',11,0,'Filter as per the precint name.',1),(55,'','Edit Article',40,0,'Update exisiting article.',1),(56,'','Delete Article',40,0,'Delete existing article.',1),(57,'','Publish/unpublish Article',40,0,'You can publish/unpublish paticular article.',1),(58,'','Filter by Precint',40,0,'Filter as per the precint name.',1),(59,'','Add Article',40,0,'Create new article.',1),(60,'','Update My Profile',1,0,'Let\'s a user update the existing profile Info with new Info.',1),(61,'','Process Data',25,17,'Option to enable an agency to bulk upload excel documents.',1),(62,'','Officers Logs',25,17,'Access to view the logs of officers based on their login and logout activity.',1),(63,'','System Users Logs',25,17,'Access to view the logs of System users based on their login and logout activity.',1),(64,'','General User Logs',25,17,'Access to view the logs of general users based on their login and logout activity.',1),(65,'','System Dashboard / Reports',25,17,'Access to view to System Dashboard / Reports.',1),(66,'','System Configuration',25,17,'Access to view/change the system configuration which will affect the performance and functionality of the application.',1),(67,'','Manage Agency',24,5,'For agency we can do add,update,active/deactive,view and delete depending on user logged in.',1),(68,'','Manage Precint',24,30,'For Precint we can do add,update,active/deactive,view and delete depending on user logged in.',1),(69,'','Manage Certification',24,33,'For Certification we can do add,update,active/deactive,view and delete depending on user logged in.',1),(70,'','Manage Officers',11,10,'For Officer we can do add,update,active/deactive,view and delete depending on user logged in.',1),(71,'','Reviews',44,9,'For Review we can do add,update,active/deactive,view and delete depending on user logged in.',1),(72,'','Complaints',44,2,NULL,1),(73,'','Calendar',44,6,'For Calender we can do add,update,view and delete depending on user logged in.',1),(74,'','Missing Person',44,36,'Missing Person',1),(75,'','Investigative Leads',4,0,'Investigative Leads',1),(77,'','Create Jobs',53,54,'Job creatation.',1),(78,'','List Jobs',53,55,'Job detailed list',1),(79,'','Job Configuration',53,56,'Configuration wrt to stage and Candiate status.',1),(80,'','Reply on others review',44,9,'Reply on others review',1),(81,'','Edit job',53,58,'Edit job',1),(82,'','Delete job',53,55,'Delete job',1),(83,'','Edit Agency Details',24,15,'Update agency deatils.',1),(86,'','Manage System User',25,17,'Access to view, delete, update, activate and deactivate an existing system user role.',1),(87,'','Change Officer Role',11,13,'While add/update officer you can change the role of the paticular officer/admin.',1),(89,'','Manage Record',37,37,'While add/update officer you can change the role of the paticular officer/admin.',1),(90,'','View jobs button',53,58,'View jobs button',1),(91,'','Add Record Config',37,71,'#SAN - (BO) - While add/update officer you can change the role of the particular officer/admin.....',1),(92,'','Edit Record Config',37,72,'While add/update officer you can change the role of the paticular officer/admin.',1),(94,'','Add Record Request',37,69,'While add/update officer you can change the role of the paticular officer/admin.',1),(95,'','Edit Record Request',37,67,'While add/update officer you can change the role of the paticular officer/admin.',1),(96,'','Add Fees',37,67,'While add/update officer you can change the role of the paticular officer/admin.',1),(97,'','Add Document',37,67,'While add/update officer you can change the role of the paticular officer/admin.',1),(98,'','Change open Record Status',37,67,'While add/update officer you can change the role of the paticular officer/admin.',1),(101,'','Single Job details',53,73,'\"Edit job\" refers to the process of modifying or updating the details and specifications of an existing job posting or position, typically done to reflect changes in requirements, responsibilities, or other relevant factors.',1),(102,'','Edit Ad Center',39,0,'Edit Ad\'s ',1),(103,'','Delete Ad Center',39,0,'Delete Ad Center',1),(104,'','Activate/Deactive Ad Center',39,0,NULL,1),(105,'','Add Center',39,0,NULL,1),(106,'','Ad Center Make Payment',39,0,NULL,1),(113,'','Connected Account',65,80,'Job detailed list',1),(114,'','Transactions',65,64,'All the transaction related data you get here.',1),(115,'','Coupan',65,62,'All the transaction related data you get here.',1),(116,'','Plans',65,63,'All the transaction related data you get here.',1),(117,'','Whistle Blower',44,3,NULL,1),(118,'','Community Logs',25,17,'',1),(119,'','Municode upload',44,82,'',1),(120,'','Manage Criminal invistgation',4,83,'',1),(121,'','Facial Recognition (Comming Soon)',4,84,'',1),(122,'','Add Cost',65,86,'All the transaction related data you get here.',1),(123,'','Manage Business',85,87,'Users can update their business profile with new Information.',1),(124,'','Business Transaction',85,88,'User can view all their transaction history that occurred within the application.',1),(125,'','Business Details',85,89,'User can set the business timings and other Information. ',1),(126,'','Register User list',85,90,'Manage and view the list of users who are registered and represent the business firm.',1),(127,'','View Reviews',92,93,'Grants access to view reviews of agencies or officers.',1),(128,'','View Complaints',92,112,'Grants access to view complaints lodged by the citizens.',1),(129,'','Reported Crimes',92,93,'Grants access to the crimes reported by the citizens.',1),(130,'','Whistleblowers',92,96,'Grants access to view information available in the whistleblower. ',1),(131,'','Missing Person',92,97,'Grants access to view the list of people missing and their details.',1),(132,'','View Officers',92,98,'Grants access to view the information about the officers.',1),(134,'','Open Records',92,100,'Grants access to view the open records which provides access to case related files.',1),(135,'','Muni Codes',92,101,'Grants access to Municodes. Municodes are sets of laws and regulations enacted by local governments, often at the city or municipal level. ',1),(136,'','Inbox',102,103,'All the transaction related data you get here.',1),(137,'','Applied Jobs',53,104,'My applied jobs',1),(138,'','My Compliants',44,105,NULL,1),(139,'','My Whistle Blower',44,106,'My whistle blower compaint done by me',1),(140,'','My Missing Person',44,107,'Missing person compiants done by me',1),(141,'','My Reported Crimes',4,108,'Criminal investgation done by me',1),(142,'','My Record',37,109,'Record done by me',1),(144,'','Legal review Tab',44,110,'For Officer we can do add,update,active/deactive,view and delete depending on user logged in.',1),(145,'','Write Legal review on compliant view',44,110,'For Officer we can do add,update,active/deactive,view and delete depending on user logged in.',1),(147,'','View agency',92,99,'Grants access to view information about the registered agencies.',1),(148,'','My Reviews',44,113,'Review done by me',1),(149,'','My Transactions',65,114,'All the transaction related data you get here.',1),(150,'','E-Wallet',65,117,'All the transaction related data you get here.',1),(151,'','Banners',25,118,NULL,1),(152,'','My Tips',4,119,'My tip given by criminal investigation.',1),(153,'','Smart Bussiness Card',11,10,'Active/deactive paticular agency.',1),(156,'','Menu & Sub-Menu Description Update',20,22,'Option that lets the user to add/update officer and also change the role of the particular officer/admin.',1),(159,'','Assigned Legal Counsel (law firm)',44,110,'For Officer we can do add,update,active/deactive,view and delete depending on user logged in.',1),(160,'','Related records Tab',44,110,'For Officer we can do add,update,active/deactive,view and delete depending on user logged in.',1),(161,'','History tracking Tab',44,110,'For Officer we can do add,update,active/deactive,view and delete depending on user logged in.',1),(162,'','Public Responce (Missing Person Tab)',44,110,'For Officer we can do add,update,active/deactive,view and delete depending on user logged in.',1),(163,'','Additiona Fees',65,77,'All the transaction related data you get here.',1),(164,'','Legal review Tab',92,130,'For Officer we can do add,update,active/deactive,view and delete depending on user logged in.',1),(165,'','Write Legal review on compliant view',92,130,'For Officer we can do add,update,active/deactive,view and delete depending on user logged in.',1),(166,'','View all crime reports',4,83,'Criminal investgation done by me',1),(167,'','View all compliant',44,2,NULL,1),(168,'','View all Whistle Blower',44,3,'My whistle blower compaint done by me',1),(169,'','View all Missing Person',44,36,'Missing person compiants done by me',1),(170,'','View all Reviews',44,9,'Review done by me',1),(171,'','All transaction',65,137,'All the transaction related data you get here.',1),(172,'view','View Officer',24,30,'To view list of officer related to precint',1),(173,'','My Details',138,139,NULL,1),(174,'','Request',138,139,NULL,1),(175,'','List of HOA/Neighborhood',138,139,NULL,1),(176,'','Details',138,139,NULL,1),(177,'','Crimes Reported',138,140,NULL,1);

--
-- Table structure for table `operations_11`
--

CREATE TABLE `operations_11` (
  `Id` int(11) NOT NULL AUTO_INCREMENT,
  `OperationId` varchar(50) NOT NULL,
  `OperationName` varchar(100) NOT NULL,
  `permission_id` int(11) DEFAULT NULL,
  `permission_update_id` int(100) NOT NULL DEFAULT '0',
  `description` varchar(500) DEFAULT NULL,
  `Status` tinyint(1) NOT NULL DEFAULT '1',
  PRIMARY KEY (`Id`)
) ENGINE=InnoDB AUTO_INCREMENT=164 DEFAULT CHARSET=utf8mb4;

--
-- Dumping data for table `operations_11`
--

INSERT INTO `operations_11` VALUES (1,'','View',NULL,0,'VIEW',1),(2,'','Edit',NULL,0,'edit data',1),(3,'','Update Agency Details',24,5,'Access to update details of an existing agency.',1),(4,'','Delete Agency',24,5,'Access to delete an existing agency.',1),(5,'','Assign',NULL,0,NULL,1),(6,'','Activate/Deactive Agency',24,5,'Access to active/deactivate an existing agency.',1),(7,'','Activate/Deactive Officer',11,10,'Active/deactive paticular Officer',1),(8,'accept','Accept',NULL,0,'Accept',1),(9,'reject','Reject',NULL,0,'Reject',1),(10,'resolve','Resolve',NULL,0,'Resolve',1),(11,'unresolve','Unresolve',NULL,0,'Unresolve',1),(12,'bulkupload','Bulk Upload Agency',24,0,'Option to enable an agency to bulk upload excel documents containing new agency details or precinct details.',1),(13,'bulkupload','Bulk Upload Officer',11,10,'Upload officer data.',1),(14,'create','Create Officer',11,10,'Add new officer to a agency/precint.',1),(16,'','Update Officer Details',11,10,'Update offier details.',1),(17,'','Delete Officer',11,10,'Delete paticular officer.',1),(18,'','Assign Complaints',44,0,'Assign Complaints',1),(19,'create role','Create Role',20,20,'User can add new roles and provide access to the modules within the application.',1),(21,'update','Update Role',20,20,'User can update the access rules of an existing role.',1),(22,'delete','Delete Role',20,20,'User can delete an existing role along with it\'s access rules.',1),(23,'activate','Activate/Deactive Role',20,20,'User can activate and deactivate an existing role.',1),(24,'create','Create System User',25,17,'Adding new system user.',1),(26,'update','Update System User',25,17,'Users can update the details of an existing system user.',1),(27,'delete','Delete System User',25,17,'Users can delete an existing system user.',1),(28,'activate','Activate/Deactive System User',25,17,'Users can activate/deactivate an existing system user.',1),(30,'','Add New Agency',24,5,'Access to add new agency.',1),(31,'','Assign Officer Role',11,12,'While add/update officer you can change the role of the paticular officer/admin.',1),(33,'','Modify Default Role',20,20,'User can update the existing default roles. But caution is advised as it might lead to inaccessibility issues if not configured properly.',1),(36,'','Role Type Filter',20,20,'Option that lets the user filter as per the name and type of filter.',1),(37,'','Organisation Type Filter',20,0,'Option that lets the user filter as per the name and type of filter.',1),(38,'','Create Precint',24,29,'Access to add new precinct.',1),(39,'','Update Precint',24,30,'Access to update existing precinct.',1),(40,'','Active/Deactive Precint',24,30,'Access to active/deactivate an existing precinct.',1),(41,'','Delete Precint',24,30,'Access to delete an existing precinct.',1),(42,'','View Precint',24,5,'Access to view all the precincts.',1),(43,'','Bulk Upload Officer',24,0,'Upload all the officers as per the agency/precint.',1),(44,'','Add Certification',24,33,'Add new certification.',1),(45,'','Update Certification',24,33,'Update existing certification.',1),(46,'','VIew Certification',24,33,'View all certifications.',1),(47,'','Delete Certification',24,33,'Delete paticular precint.',1),(51,'','Update Review',44,0,'Update existing review.',1),(52,'','Publish/unpublish Review',44,0,'Publish/unpublish existing review.',1),(53,'','Filter by Precint',44,0,'Filter as per the precint name.',1),(54,'','Filter by Precint',11,0,'Filter as per the precint name.',1),(55,'','Edit Article',40,0,'Update exisiting article.',1),(56,'','Delete Article',40,0,'Delete existing article.',1),(57,'','Publish/unpublish Article',40,0,'You can publish/unpublish paticular article.',1),(58,'','Filter by Precint',40,0,'Filter as per the precint name.',1),(59,'','Add Article',40,0,'Create new article.',1),(60,'','Update My Profile',1,0,'Let\'s a user update the existing profile Info with new Info.',1),(61,'','Process Data',25,17,'Option to enable an agency to bulk upload excel documents.',1),(62,'','Officers Logs',25,17,'Access to view the logs of officers based on their login and logout activity.',1),(63,'','System Users Logs',25,17,'Access to view the logs of System users based on their login and logout activity.',1),(64,'','General User Logs',25,17,'Access to view the logs of general users based on their login and logout activity.',1),(65,'','System Dashboard / Reports',25,17,'Access to view to System Dashboard / Reports.',1),(66,'','System Configuration',25,17,'Access to view/change the system configuration which will affect the performance and functionality of the application.',1),(67,'','Manage Agency',24,5,'For agency we can do add,update,active/deactive,view and delete depending on user logged in.',1),(68,'','Manage Precint',24,30,'For Precint we can do add,update,active/deactive,view and delete depending on user logged in.',1),(69,'','Manage Certification',24,33,'For Certification we can do add,update,active/deactive,view and delete depending on user logged in.',1),(70,'','Manage Officers',11,10,'For Officer we can do add,update,active/deactive,view and delete depending on user logged in.',1),(71,'','Reviews',44,9,'For Review we can do add,update,active/deactive,view and delete depending on user logged in.',1),(72,'','Complaints',44,2,NULL,1),(73,'','Calendar',44,6,'For Calender we can do add,update,view and delete depending on user logged in.',1),(74,'','Missing Person',44,36,'Missing Person',1),(75,'','Investigative Leads',4,0,'Investigative Leads',1),(76,'','Reported Crimes',4,0,'Reported Crimes',1),(77,'','Create Jobs',53,54,'Job creatation.',1),(78,'','List Jobs',53,55,'Job detailed list',1),(79,'','Job Configuration',53,56,'Configuration wrt to stage and Candiate status.',1),(80,'','Reply on others review',44,9,'Reply on others review',1),(81,'','Edit job',53,58,'Edit job',1),(82,'','Delete job',53,55,'Delete job',1),(83,'','Edit Agency Details',24,15,'Update agency deatils.',1),(86,'','Manage System User',25,17,'Access to view, delete, update, activate and deactivate an existing system user role.',1),(87,'','Change Officer Role',11,13,'While add/update officer you can change the role of the paticular officer/admin.',1),(89,'','Manage Record',37,37,'While add/update officer you can change the role of the paticular officer/admin.',1),(90,'','View jobs button',53,58,'View jobs button',1),(91,'','Add Record Config',37,71,'#SAN - (BO) - While add/update officer you can change the role of the particular officer/admin.....',1),(92,'','Edit Record Config',37,72,'While add/update officer you can change the role of the paticular officer/admin.',1),(94,'','Add Record Request',37,69,'While add/update officer you can change the role of the paticular officer/admin.',1),(95,'','Edit Record Request',37,67,'While add/update officer you can change the role of the paticular officer/admin.',1),(96,'','Add Fees',37,67,'While add/update officer you can change the role of the paticular officer/admin.',1),(97,'','Add Document',37,67,'While add/update officer you can change the role of the paticular officer/admin.',1),(98,'','Change open Record Status',37,67,'While add/update officer you can change the role of the paticular officer/admin.',1),(101,'','Single Job details',53,73,'\"Edit job\" refers to the process of modifying or updating the details and specifications of an existing job posting or position, typically done to reflect changes in requirements, responsibilities, or other relevant factors.',1),(102,'','Edit Ad Center',39,0,'Edit Ad Center',1),(103,'','Delete Ad Center',39,0,'Delete Ad Center',1),(104,'','Activate/Deactive Ad Center',39,0,NULL,1),(105,'','Add Center',39,0,NULL,1),(106,'','Ad Center Make Payment',39,0,NULL,1),(113,'','Connected Account',65,80,'Job detailed list',1),(114,'','Transactions',65,64,'All the transaction related data you get here.',1),(115,'','Coupan',65,62,'All the transaction related data you get here.',1),(116,'','Plans',65,63,'All the transaction related data you get here.',1),(117,'','Whistle Blower',44,3,NULL,1),(118,'','Community Logs',25,17,'',1),(119,'','Municode upload',4,82,'',1),(120,'','Criminal invistgation',4,83,'',1),(121,'','Facial recognition',4,84,'',1),(122,'','Add Cost',65,86,'All the transaction related data you get here.',1),(123,'','Manage Business',85,87,'Users can update their business profile with new Information.',1),(124,'','Business Transaction',85,88,'User can view all their transaction history that occurred within the application.',1),(125,'','Business Details',85,89,'User can set the business timings and other Information. ',1),(126,'','Register User list',85,90,'Manage and view the list of users who are registered and represent the business firm.',1),(127,'','View Reviews',92,93,'Grants access to view reviews of agencies or officers.',1),(128,'','View Complaints',92,112,'Grants access to view complaints lodged by the citizens.',1),(129,'','Reported Crimes',92,93,'Grants access to the crimes reported by the citizens.',1),(130,'','Whistleblowers',92,96,'Grants access to view information available in the whistleblower. ',1),(131,'','Missing Person',92,97,'Grants access to view the list of people missing and their details.',1),(132,'','View Officers',92,98,'Grants access to view the information about the officers.',1),(134,'','Open Records',92,100,'Grants access to view the open records which provides access to case related files.',1),(135,'','Muni Codes',92,101,'Grants access to Municodes. Municodes are sets of laws and regulations enacted by local governments, often at the city or municipal level. ',1),(136,'','Inbox',102,103,'All the transaction related data you get here.',1),(137,'','Applied Jobs',53,104,'My applied jobs',1),(138,'','My Compliants',44,105,NULL,1),(139,'','My Whistle Blower',44,106,'My whistle blower compaint done by me',1),(140,'','My Missing Person',44,107,'Missing person compiants done by me',1),(141,'','My Reported Crimes',4,108,'Criminal investgation done by me',1),(142,'','My Record',37,109,'Record done by me',1),(144,'','Legal review Tab',44,110,'For Officer we can do add,update,active/deactive,view and delete depending on user logged in.',1),(145,'','Write Legal review on compliant view',44,110,'For Officer we can do add,update,active/deactive,view and delete depending on user logged in.',1),(147,'','View agency',92,99,'Grants access to view information about the registered agencies.',1),(148,'','My Reviews',44,113,'Review done by me',1),(149,'','My Transactions',65,114,'All the transaction related data you get here.',1),(150,'','E-Wallet',65,117,'All the transaction related data you get here.',1),(151,'','Banners',25,118,NULL,1),(152,'','My Tips',4,119,'Criminal investgation done by me',1),(153,'','Smart Bussiness Card',11,10,'Active/deactive paticular agency.',1),(156,'','Menu & Sub-Menu Description Update',20,22,'Option that lets the user to add/update officer and also change the role of the particular officer/admin.',1),(159,'','Assigned Legal Counsel (law firm)',44,110,'For Officer we can do add,update,active/deactive,view and delete depending on user logged in.',1),(160,'','Related records Tab',44,110,'For Officer we can do add,update,active/deactive,view and delete depending on user logged in.',1),(161,'','History tracking Tab',44,110,'For Officer we can do add,update,active/deactive,view and delete depending on user logged in.',1),(162,'','Public Responce (Missing Person Tab)',44,110,'For Officer we can do add,update,active/deactive,view and delete depending on user logged in.',1),(163,'','Additiona Fees',65,77,'All the transaction related data you get here.',1);

--
-- Table structure for table `ovaer_all_agency_officer_scores`
--

CREATE TABLE `ovaer_all_agency_officer_scores` (
  `id` int(11) NOT NULL AUTO_INCREMENT,
  `agencyId` int(11) DEFAULT NULL,
  `precintId` int(11) DEFAULT NULL,
  `officerId` int(11) DEFAULT NULL,
  `officerReview` varchar(100) DEFAULT NULL,
  `missingperson` varchar(100) DEFAULT NULL,
  `complaints` varchar(100) DEFAULT NULL,
  `whistleBlower` varchar(100) DEFAULT NULL,
  `crimeStopper` varchar(100) DEFAULT NULL,
  `totalPercentage` varchar(100) DEFAULT NULL,
  `rating` varchar(100) DEFAULT NULL,
  PRIMARY KEY (`id`)
) ENGINE=InnoDB AUTO_INCREMENT=128 DEFAULT CHARSET=latin1;

--
-- Dumping data for table `ovaer_all_agency_officer_scores`
--

INSERT INTO `ovaer_all_agency_officer_scores` VALUES (4,528279,527341,541434,'0','0','0','0','0',NULL,NULL),(5,528279,527341,541435,'0','0','0','0','0',NULL,NULL),(6,528279,527341,541436,NULL,NULL,NULL,NULL,NULL,NULL,NULL),(7,254,527348,541437,NULL,NULL,NULL,NULL,NULL,NULL,NULL),(8,254,527350,541438,NULL,NULL,NULL,NULL,NULL,NULL,NULL),(9,528279,527351,541439,NULL,NULL,NULL,NULL,NULL,NULL,NULL),(10,528279,527341,541440,NULL,NULL,NULL,NULL,NULL,NULL,NULL),(11,528279,527341,541441,NULL,NULL,NULL,NULL,NULL,NULL,NULL),(12,528279,527341,541442,'0','0','0','0','0',NULL,NULL),(13,528190,527232,541443,NULL,NULL,NULL,NULL,NULL,NULL,NULL),(14,528190,527232,541444,NULL,NULL,NULL,NULL,NULL,NULL,NULL),(15,528190,527232,541445,NULL,NULL,NULL,NULL,NULL,NULL,NULL),(16,491650,490692,541446,NULL,NULL,NULL,NULL,NULL,NULL,NULL),(17,491650,490692,541447,NULL,NULL,NULL,NULL,NULL,NULL,NULL),(18,491650,490692,541448,NULL,NULL,NULL,NULL,NULL,NULL,NULL),(19,491650,490692,541449,NULL,NULL,NULL,NULL,NULL,NULL,NULL),(20,528190,527232,541450,NULL,NULL,NULL,NULL,NULL,NULL,NULL),(21,491650,490692,541451,NULL,NULL,NULL,NULL,NULL,NULL,NULL),(22,491650,490692,541452,NULL,NULL,NULL,NULL,NULL,NULL,NULL),(23,491650,490692,541453,NULL,NULL,NULL,NULL,NULL,NULL,NULL),(24,491650,490692,541454,NULL,NULL,NULL,NULL,NULL,NULL,NULL),(25,491650,490692,541455,NULL,NULL,NULL,NULL,NULL,NULL,NULL),(26,491650,490692,541456,NULL,NULL,NULL,NULL,NULL,NULL,NULL),(27,491650,490692,541457,NULL,NULL,NULL,NULL,NULL,NULL,NULL),(28,491650,490692,541458,NULL,NULL,NULL,NULL,NULL,NULL,NULL),(29,491650,490692,541459,NULL,NULL,NULL,NULL,NULL,NULL,NULL),(30,528190,527232,541460,NULL,NULL,NULL,NULL,NULL,NULL,NULL),(31,528190,527232,541461,NULL,NULL,NULL,NULL,NULL,NULL,NULL),(32,491650,490692,541462,NULL,NULL,NULL,NULL,NULL,NULL,NULL),(33,491650,490692,541463,NULL,NULL,NULL,NULL,NULL,NULL,NULL),(34,528279,527341,541464,NULL,NULL,NULL,NULL,NULL,NULL,NULL),(35,528190,527355,541465,NULL,NULL,NULL,NULL,NULL,NULL,NULL),(36,528279,527341,541466,NULL,NULL,NULL,NULL,NULL,NULL,NULL),(37,528279,527341,541467,NULL,NULL,NULL,NULL,NULL,NULL,NULL),(38,528279,527341,541468,NULL,NULL,NULL,NULL,NULL,NULL,NULL),(39,528279,527341,541469,NULL,NULL,NULL,NULL,NULL,NULL,NULL),(40,528279,527341,541470,NULL,NULL,NULL,NULL,NULL,NULL,NULL),(41,528279,527341,541471,NULL,NULL,NULL,NULL,NULL,NULL,NULL),(42,528279,527341,541472,NULL,NULL,NULL,NULL,NULL,NULL,NULL),(43,491650,490692,541473,NULL,NULL,NULL,NULL,NULL,NULL,NULL),(44,491650,490692,541474,NULL,NULL,NULL,NULL,NULL,NULL,NULL),(45,491650,490692,541475,NULL,NULL,NULL,NULL,NULL,NULL,NULL),(46,528279,527341,541476,NULL,NULL,NULL,NULL,NULL,NULL,NULL),(47,528281,527356,541477,NULL,NULL,NULL,NULL,NULL,NULL,NULL),(48,528282,527357,541478,NULL,NULL,NULL,NULL,NULL,NULL,NULL),(49,492260,0,541479,NULL,NULL,NULL,NULL,NULL,NULL,NULL),(50,492261,0,541480,NULL,NULL,NULL,NULL,NULL,NULL,NULL),(51,492260,0,541481,NULL,NULL,NULL,NULL,NULL,NULL,NULL),(52,492261,0,541482,NULL,NULL,NULL,NULL,NULL,NULL,NULL),(53,528283,527358,541483,NULL,NULL,NULL,NULL,NULL,NULL,NULL),(54,528284,527359,541484,NULL,NULL,NULL,NULL,NULL,NULL,NULL),(55,492265,0,541485,NULL,NULL,NULL,NULL,NULL,NULL,NULL),(56,528285,527360,541486,NULL,NULL,NULL,NULL,NULL,NULL,NULL),(57,492273,0,541487,NULL,NULL,NULL,NULL,NULL,NULL,NULL),(58,492260,0,541488,NULL,NULL,NULL,NULL,NULL,NULL,NULL),(59,492262,0,541489,NULL,NULL,NULL,NULL,NULL,NULL,NULL),(60,492263,0,541490,NULL,NULL,NULL,NULL,NULL,NULL,NULL),(61,492265,0,541491,NULL,NULL,NULL,NULL,NULL,NULL,NULL),(62,492268,0,541492,NULL,NULL,NULL,NULL,NULL,NULL,NULL),(63,528279,527341,541493,NULL,NULL,NULL,NULL,NULL,NULL,NULL),(64,528190,527232,541494,NULL,NULL,NULL,NULL,NULL,NULL,NULL),(65,528279,527341,541495,NULL,NULL,NULL,NULL,NULL,NULL,NULL),(66,528279,527341,541496,NULL,NULL,NULL,NULL,NULL,NULL,NULL),(67,528279,527341,541497,NULL,NULL,NULL,NULL,NULL,NULL,NULL),(68,528279,527341,541498,NULL,NULL,NULL,NULL,NULL,NULL,NULL),(69,528279,527341,541499,NULL,NULL,NULL,NULL,NULL,NULL,NULL),(70,528279,527341,541500,NULL,NULL,NULL,NULL,NULL,NULL,NULL),(71,528279,527341,541501,NULL,NULL,NULL,NULL,NULL,NULL,NULL),(72,528292,527368,541502,NULL,NULL,NULL,NULL,NULL,NULL,NULL),(73,528293,527369,541503,NULL,NULL,NULL,NULL,NULL,NULL,NULL),(74,528294,527370,541504,NULL,NULL,NULL,NULL,NULL,NULL,NULL),(75,528295,527371,541505,NULL,NULL,NULL,NULL,NULL,NULL,NULL),(76,528295,527372,541506,NULL,NULL,NULL,NULL,NULL,NULL,NULL),(77,528279,527373,541507,NULL,NULL,NULL,NULL,NULL,NULL,NULL),(78,528279,527374,541508,NULL,NULL,NULL,NULL,NULL,NULL,NULL),(79,528279,527375,541509,NULL,NULL,NULL,NULL,NULL,NULL,NULL),(80,528279,527376,541510,NULL,NULL,NULL,NULL,NULL,NULL,NULL),(81,528296,527377,541511,NULL,NULL,NULL,NULL,NULL,NULL,NULL),(82,528297,527378,541512,NULL,NULL,NULL,NULL,NULL,NULL,NULL),(83,528298,527379,541513,NULL,NULL,NULL,NULL,NULL,NULL,NULL),(84,528299,527380,541514,NULL,NULL,NULL,NULL,NULL,NULL,NULL),(85,528300,527381,541515,NULL,NULL,NULL,NULL,NULL,NULL,NULL),(86,528303,527383,541516,NULL,NULL,NULL,NULL,NULL,NULL,NULL),(87,528303,527391,541517,NULL,NULL,NULL,NULL,NULL,NULL,NULL),(88,528303,527393,541518,NULL,NULL,NULL,NULL,NULL,NULL,NULL),(89,528303,527383,541519,NULL,NULL,NULL,NULL,NULL,NULL,NULL),(90,528303,527383,541520,NULL,NULL,NULL,NULL,NULL,NULL,NULL),(91,528303,527383,541521,NULL,NULL,NULL,NULL,NULL,NULL,NULL),(92,528303,527383,541522,NULL,NULL,NULL,NULL,NULL,NULL,NULL),(93,528323,527405,541523,NULL,NULL,NULL,NULL,NULL,NULL,NULL),(94,528324,527406,541524,NULL,NULL,NULL,NULL,NULL,NULL,NULL),(95,528335,527410,541525,NULL,NULL,NULL,NULL,NULL,NULL,NULL),(96,528336,527411,541526,NULL,NULL,NULL,NULL,NULL,NULL,NULL),(97,528337,527412,541527,NULL,NULL,NULL,NULL,NULL,NULL,NULL),(98,528338,527413,541528,NULL,NULL,NULL,NULL,NULL,NULL,NULL),(99,528339,527414,541529,NULL,NULL,NULL,NULL,NULL,NULL,NULL),(100,528340,527415,541530,NULL,NULL,NULL,NULL,NULL,NULL,NULL),(101,528341,527416,541531,NULL,NULL,NULL,NULL,NULL,NULL,NULL),(102,528342,527417,541532,NULL,NULL,NULL,NULL,NULL,NULL,NULL),(103,528343,527418,541533,NULL,NULL,NULL,NULL,NULL,NULL,NULL),(104,528344,527419,541534,NULL,NULL,NULL,NULL,NULL,NULL,NULL),(105,528344,527420,541535,NULL,NULL,NULL,NULL,NULL,NULL,NULL),(106,528345,527421,541536,NULL,NULL,NULL,NULL,NULL,NULL,NULL),(107,528345,527421,541537,NULL,NULL,NULL,NULL,NULL,NULL,NULL),(108,528345,527421,541538,NULL,NULL,NULL,NULL,NULL,NULL,NULL),(109,528345,527421,541539,NULL,NULL,NULL,NULL,NULL,NULL,NULL),(110,528346,527428,541540,NULL,NULL,NULL,NULL,NULL,NULL,NULL),(111,528347,527429,541541,NULL,NULL,NULL,NULL,NULL,NULL,NULL),(112,528348,527430,541542,NULL,NULL,NULL,NULL,NULL,NULL,NULL),(113,528345,527421,541543,NULL,NULL,NULL,NULL,NULL,NULL,NULL),(114,528345,527421,541544,'0','0','0','0','0',NULL,NULL),(115,528345,527421,541545,NULL,NULL,NULL,NULL,NULL,NULL,NULL),(116,528345,527421,541546,NULL,NULL,NULL,NULL,NULL,NULL,NULL),(117,528345,527421,541547,NULL,NULL,NULL,NULL,NULL,NULL,NULL),(118,528345,527421,541548,NULL,NULL,NULL,NULL,NULL,NULL,NULL),(119,528345,527421,541549,NULL,NULL,NULL,NULL,NULL,NULL,NULL),(120,528345,527421,541550,NULL,NULL,NULL,NULL,NULL,NULL,NULL),(121,528345,527421,541551,NULL,NULL,NULL,NULL,NULL,NULL,NULL),(122,528345,527421,541552,NULL,NULL,NULL,NULL,NULL,NULL,NULL),(123,528345,527421,541553,NULL,NULL,NULL,NULL,NULL,NULL,NULL),(124,528345,527421,541554,NULL,NULL,NULL,NULL,NULL,NULL,NULL),(125,528349,527435,541555,NULL,NULL,NULL,NULL,NULL,NULL,NULL),(126,528349,527435,541556,NULL,NULL,NULL,NULL,NULL,NULL,NULL),(127,528345,527421,541557,NULL,NULL,NULL,NULL,NULL,NULL,NULL);

--
-- Table structure for table `over_all_agency_scores`
--

CREATE TABLE `over_all_agency_scores` (
  `id` int(11) NOT NULL AUTO_INCREMENT,
  `agencyId` int(11) DEFAULT NULL,
  `precintId` int(11) DEFAULT NULL,
  `agencyReview` varchar(100) DEFAULT NULL,
  `officerReview` varchar(100) DEFAULT NULL,
  `missingperson` varchar(100) DEFAULT NULL,
  `complaints` varchar(100) DEFAULT NULL,
  `whistelBlower` varchar(100) DEFAULT NULL,
  `crimeStopper` varchar(100) DEFAULT NULL,
  `totalPercentage` varchar(100) DEFAULT NULL,
  `rating` varchar(100) DEFAULT NULL,
  PRIMARY KEY (`id`)
) ENGINE=InnoDB AUTO_INCREMENT=96 DEFAULT CHARSET=latin1;

--
-- Dumping data for table `over_all_agency_scores`
--

INSERT INTO `over_all_agency_scores` VALUES (3,528279,527343,'17.2','0','0.05','2.89','0.34','20','213.20000000000002',NULL),(4,528190,527232,'11.2','0.8','8.98','9.8','6.05','20','113.66',NULL),(5,500438,499480,'4.8','0','0.8','0.8','0.97','20','27.369999999999997',NULL),(6,528279,527347,'17.2','0','0.05','2.89','0.34','20','213.20000000000002',NULL),(7,254,527348,NULL,NULL,NULL,NULL,NULL,NULL,NULL,NULL),(8,528279,527349,'17.2','0','0.05','2.89','0.34','20','213.20000000000002',NULL),(9,254,527350,NULL,NULL,NULL,NULL,NULL,NULL,NULL,NULL),(10,528279,527351,'17.2','0','0.05','2.89','0.34','20','213.20000000000002',NULL),(11,528200,527352,NULL,NULL,NULL,NULL,NULL,NULL,NULL,NULL),(12,491255,527353,NULL,NULL,NULL,NULL,NULL,NULL,NULL,NULL),(13,491255,527354,NULL,NULL,NULL,NULL,NULL,NULL,NULL,NULL),(14,528190,527355,'11.2','0.8','8.98','9.8','6.05','20','113.66',NULL),(15,528281,527356,NULL,NULL,NULL,NULL,NULL,NULL,NULL,NULL),(16,528282,527357,NULL,NULL,NULL,NULL,NULL,NULL,NULL,NULL),(17,528283,527358,NULL,NULL,NULL,NULL,NULL,NULL,NULL,NULL),(18,528284,527359,NULL,NULL,NULL,NULL,NULL,NULL,NULL,NULL),(19,528285,527360,NULL,NULL,NULL,NULL,NULL,NULL,NULL,NULL),(20,528286,527361,NULL,NULL,NULL,NULL,NULL,NULL,NULL,NULL),(21,528287,527362,NULL,NULL,NULL,NULL,NULL,NULL,NULL,NULL),(22,528288,527363,NULL,NULL,NULL,NULL,NULL,NULL,NULL,NULL),(23,528289,527364,NULL,NULL,NULL,NULL,NULL,NULL,NULL,NULL),(24,528290,527365,NULL,NULL,NULL,NULL,NULL,NULL,NULL,NULL),(25,528291,527366,NULL,NULL,NULL,NULL,NULL,NULL,NULL,NULL),(26,528291,527367,NULL,NULL,NULL,NULL,NULL,NULL,NULL,NULL),(27,528292,527368,NULL,NULL,NULL,NULL,NULL,NULL,NULL,NULL),(28,528293,527369,NULL,NULL,NULL,NULL,NULL,NULL,NULL,NULL),(29,528294,527370,NULL,NULL,NULL,NULL,NULL,NULL,NULL,NULL),(30,528295,527371,NULL,NULL,NULL,NULL,NULL,NULL,NULL,NULL),(31,528295,527372,NULL,NULL,NULL,NULL,NULL,NULL,NULL,NULL),(32,528279,527373,'17.2','0','0.05','2.89','0.34','20','213.20000000000002',NULL),(33,528279,527374,'17.2','0','0.05','2.89','0.34','20','213.20000000000002',NULL),(34,528279,527375,'17.2','0','0.05','2.89','0.34','20','213.20000000000002',NULL),(35,528279,527376,'17.2','0','0.05','2.89','0.34','20','213.20000000000002',NULL),(36,528296,527377,NULL,NULL,NULL,NULL,NULL,NULL,NULL,NULL),(37,528297,527378,NULL,NULL,NULL,NULL,NULL,NULL,NULL,NULL),(38,528298,527379,NULL,NULL,NULL,NULL,NULL,NULL,NULL,NULL),(39,528299,527380,NULL,NULL,NULL,NULL,NULL,NULL,NULL,NULL),(40,528300,527381,NULL,NULL,NULL,NULL,NULL,NULL,NULL,NULL),(41,528302,527382,NULL,NULL,NULL,NULL,NULL,NULL,NULL,NULL),(42,528303,527383,NULL,NULL,NULL,NULL,NULL,NULL,NULL,NULL),(43,528304,527384,NULL,NULL,NULL,NULL,NULL,NULL,NULL,NULL),(44,528305,527385,NULL,NULL,NULL,NULL,NULL,NULL,NULL,NULL),(45,528306,527386,NULL,NULL,NULL,NULL,NULL,NULL,NULL,NULL),(46,528307,527387,NULL,NULL,NULL,NULL,NULL,NULL,NULL,NULL),(47,528308,527388,NULL,NULL,NULL,NULL,NULL,NULL,NULL,NULL),(48,528309,527389,NULL,NULL,NULL,NULL,NULL,NULL,NULL,NULL),(49,528310,527390,NULL,NULL,NULL,NULL,NULL,NULL,NULL,NULL),(50,528303,527391,NULL,NULL,NULL,NULL,NULL,NULL,NULL,NULL),(51,528311,527392,NULL,NULL,NULL,NULL,NULL,NULL,NULL,NULL),(52,528303,527393,NULL,NULL,NULL,NULL,NULL,NULL,NULL,NULL),(53,528312,527394,NULL,NULL,NULL,NULL,NULL,NULL,NULL,NULL),(54,528313,527395,NULL,NULL,NULL,NULL,NULL,NULL,NULL,NULL),(55,528314,527396,NULL,NULL,NULL,NULL,NULL,NULL,NULL,NULL),(56,528315,527397,NULL,NULL,NULL,NULL,NULL,NULL,NULL,NULL),(57,528316,527398,NULL,NULL,NULL,NULL,NULL,NULL,NULL,NULL),(58,528317,527399,NULL,NULL,NULL,NULL,NULL,NULL,NULL,NULL),(59,528318,527400,NULL,NULL,NULL,NULL,NULL,NULL,NULL,NULL),(60,528319,527401,NULL,NULL,NULL,NULL,NULL,NULL,NULL,NULL),(61,528320,527402,NULL,NULL,NULL,NULL,NULL,NULL,NULL,NULL),(62,528321,527403,NULL,NULL,NULL,NULL,NULL,NULL,NULL,NULL),(63,528322,527404,NULL,NULL,NULL,NULL,NULL,NULL,NULL,NULL),(64,528323,527405,NULL,NULL,NULL,NULL,NULL,NULL,NULL,NULL),(65,528324,527406,NULL,NULL,NULL,NULL,NULL,NULL,NULL,NULL),(66,528333,527407,NULL,NULL,NULL,NULL,NULL,NULL,NULL,NULL),(67,528334,527408,NULL,NULL,NULL,NULL,NULL,NULL,NULL,NULL),(68,528334,527409,NULL,NULL,NULL,NULL,NULL,NULL,NULL,NULL),(69,528335,527410,NULL,NULL,NULL,NULL,NULL,NULL,NULL,NULL),(70,528336,527411,NULL,NULL,NULL,NULL,NULL,NULL,NULL,NULL),(71,528337,527412,NULL,NULL,NULL,NULL,NULL,NULL,NULL,NULL),(72,528338,527413,NULL,NULL,NULL,NULL,NULL,NULL,NULL,NULL),(73,528339,527414,NULL,NULL,NULL,NULL,NULL,NULL,NULL,NULL),(74,528340,527415,NULL,NULL,NULL,NULL,NULL,NULL,NULL,NULL),(75,528341,527416,NULL,NULL,NULL,NULL,NULL,NULL,NULL,NULL),(76,528342,527417,NULL,NULL,NULL,NULL,NULL,NULL,NULL,NULL),(77,528343,527418,NULL,NULL,NULL,NULL,NULL,NULL,NULL,NULL),(78,528344,527419,NULL,NULL,NULL,NULL,NULL,NULL,NULL,NULL),(79,528344,527420,NULL,NULL,NULL,NULL,NULL,NULL,NULL,NULL),(80,528345,527421,'0','0','0.24','0.58','0.13','20','230.44999999999996',NULL),(81,528345,527422,'0','0','0.24','0.58','0.13','20','230.44999999999996',NULL),(82,528345,527423,'0','0','0.24','0.58','0.13','20','230.44999999999996',NULL),(83,528345,527424,'0','0','0.24','0.58','0.13','20','230.44999999999996',NULL),(84,528345,527425,'0','0','0.24','0.58','0.13','20','230.44999999999996',NULL),(85,528345,527426,'0','0','0.24','0.58','0.13','20','230.44999999999996',NULL),(86,528345,527427,'0','0','0.24','0.58','0.13','20','230.44999999999996',NULL),(87,528346,527428,'0','0','0','0','0','0','0',NULL),(88,528347,527429,'0','0','0','0','0','0',NULL,NULL),(89,528348,527430,'0','0','0','0','0','0',NULL,NULL),(90,528345,527431,'0','0','0.24','0.58','0.13','20','230.44999999999996',NULL),(91,528345,527432,'0','0','0.24','0.58','0.13','20','230.44999999999996',NULL),(92,528345,527433,'0','0','0.24','0.58','0.13','20','230.44999999999996',NULL),(93,528345,527434,'0','0','0.24','0.58','0.13','20','230.44999999999996',NULL),(94,528349,527435,'0','0','0','0','0','20','40',NULL),(95,528349,527436,'0','0','0','0','0','20','40',NULL);

--
-- Table structure for table `permissions`
--

CREATE TABLE `permissions` (
  `Id` int(11) NOT NULL AUTO_INCREMENT,
  `PermissionId` varchar(50) NOT NULL,
  `PermissionName` varchar(100) NOT NULL,
  `Parent_Menu` int(10) DEFAULT NULL,
  `Menu_sequence` int(10) DEFAULT NULL,
  `menu` int(11) DEFAULT NULL,
  `child_menus` varchar(250) DEFAULT NULL,
  `icon` varchar(100) DEFAULT NULL,
  `action_url` varchar(100) DEFAULT NULL,
  `access_required` tinyint(1) DEFAULT NULL,
  `equl_fun_id` int(11) DEFAULT NULL,
  `organisation_type` varchar(250) DEFAULT NULL,
  `Status` tinyint(1) NOT NULL DEFAULT '1',
  `description` varchar(900) DEFAULT NULL,
  PRIMARY KEY (`Id`)
) ENGINE=InnoDB AUTO_INCREMENT=143 DEFAULT CHARSET=utf8mb4;

--
-- Dumping data for table `permissions`
--

INSERT INTO `permissions` VALUES (1,'','Manage Profile',NULL,110,1,NULL,NULL,'/manage-profile',1,NULL,NULL,1,'\"My profile\" refers to an individual\'s personal information, qualifications, and experience presented in a concise format, often used for professional purposes such as job applications, social networking, or online platforms.'),(2,'','Complaints',44,12400,1,NULL,NULL,'/manage-compliants',NULL,72,'agency',1,NULL),(3,'','Whistle Blower',44,650,1,NULL,NULL,'/whistle-blower',NULL,117,NULL,1,NULL),(4,'','Criminal Investigation',NULL,607,1,'41,43,108,119',NULL,'',1,NULL,'law firm',1,NULL),(5,'','Manage Agency',24,600,1,NULL,NULL,'/manage-agencies',NULL,67,'agency',1,'In agency you can add,update,active/inactive,view and delete agency.'),(6,'','Calendar',44,605,1,NULL,NULL,'/calender',NULL,73,NULL,1,'In calender you can add,update,active/inactive,view and delete agency.'),(9,'','Reviews',44,603,1,NULL,NULL,'/reviews',NULL,71,'agency',1,'In Review you can add,update,active/inactive,view and delete agency.'),(10,'','Manage Officers',11,602,1,NULL,NULL,'/manage-agency-users',NULL,70,'agency',1,'In officer/agency user you can add,update,active/inactive,view and delete agency.'),(11,'','Roster',NULL,400,1,'10,12',NULL,'',1,NULL,'agency',1,'In Roster you can add,update,active/inactive,view and delete officer details.'),(12,'','Add New Officer',11,602,1,NULL,NULL,'/add-officer',NULL,14,'agency',1,'Add new officer to a agency/precint.'),(13,'','Edit Officer Page',NULL,602,NULL,NULL,NULL,NULL,NULL,16,'agency',1,'Update offier details.'),(14,'','Add New Agency',24,1100,1,NULL,NULL,'/add-agency',NULL,30,'agency',1,'Add new agency.'),(15,'','Update Agency',24,1200,NULL,NULL,NULL,NULL,NULL,3,'agency',1,'Update agency deatils.'),(16,'','Update My Profile',NULL,101,NULL,NULL,NULL,'/manage-profile',NULL,60,NULL,1,'\"Update my profile\" means making changes or modifications to an individual\'s personal information, qualifications, and experience presented in a professional format, typically done on platforms such as social networking sites, job portals, or personal websites to reflect recent achievements or changes in circumstances.'),(17,'','Manage System Users',25,212,1,NULL,NULL,'/view-system-user',NULL,86,'system',1,'You can view all the system user detail.'),(18,'','Add New System User',25,800,1,NULL,NULL,'/add-system-user',NULL,24,'system',1,'Adding new system user.'),(19,'','Update System User',25,900,NULL,NULL,NULL,NULL,NULL,26,'system',1,'You can update the system user details.'),(20,'','Manage Roles',26,120,1,'',NULL,'/role-list',1,NULL,'',1,'User can add new roles, edit existing role or delete existing role. These roles defines the access rules to the modules and to the Information available in the application.'),(21,'','Create New Role ',26,300,1,NULL,NULL,'/create-role',NULL,19,NULL,1,'For creating new role as per the access given.'),(22,'','Update Roles',NULL,400,NULL,NULL,NULL,NULL,NULL,21,NULL,1,'Update the roles as per the access given.'),(24,'','Agency',NULL,300,1,'5,14,29,30',NULL,NULL,1,NULL,'agency',1,'Access to the manage the agencies by adding, delete, updating, activating or deactivating an agency.'),(25,'','System Administration',NULL,299,1,'17,18,45,56,47,81,48,49,118',NULL,NULL,1,NULL,'system',1,'System Admin has the control of the application which will affect the functionality and also involves adding, editing, deleting, activating and deactivating the system users.   '),(26,'','Roles',NULL,288,1,'20,21',NULL,NULL,NULL,NULL,NULL,1,'In Role you can add,update,active/inactive,view and delete roles.'),(28,'','Dashboard',NULL,100,1,'',NULL,'/dashboard',1,NULL,'agency',1,'A centralized hub where users can quickly grasp the current state, trends, and insights of various aspects of the application or system..'),(29,'','Add Precinct',24,601,1,'',NULL,'/add-precinct',NULL,38,'agency',1,'Adding precint for paticluar agency.'),(30,'','Manage Precint',24,600,1,'29,30',NULL,'/manage-precinct',NULL,68,'agency',1,'In Precint you can add,update,active/inactive,view and delete agency.'),(33,'','Manage Certification',24,601,1,'',NULL,'/manage-accreditation',NULL,69,'agency',1,'In certification you can add,update,active/inactive,view and delete agency.'),(34,'','Process Data',25,213,1,'','','/process-data',NULL,17,'',1,'For upload agency\'s on bulk.'),(36,'','Missing Person',44,608,1,NULL,NULL,'/manage-missing-person-compliants',NULL,74,NULL,1,''),(37,'','Records Management',NULL,608,1,'66,67,109',NULL,'/record-tab',1,NULL,'agency',1,''),(38,'','Internal Affairs',NULL,609,1,NULL,NULL,'/internal-affairs',NULL,NULL,NULL,1,''),(39,'','Ad Center',NULL,610,1,'',NULL,'/manage-add-center',1,NULL,'system',1,''),(40,'','Press Releases',NULL,611,1,NULL,NULL,'/articles-view',1,NULL,'agency',1,'View all the article they are related to paticular agency/precint.'),(41,'','Investigative Leads',4,609,1,NULL,NULL,'/facial-recognition',NULL,75,'agency',1,''),(42,'','Help Document',NULL,612,1,NULL,NULL,'/help-document',1,NULL,'agency',1,''),(43,'','Reported Crimes',4,610,NULL,NULL,NULL,'',NULL,NULL,'agency',1,''),(44,'','Community Relations',NULL,603,1,'2,3,6,9,44,82,105,106,107,110,124,125,126,127,81',NULL,'',1,NULL,'agency',1,''),(45,'','Officers Logs',25,216,1,NULL,NULL,'/user-list/officer',NULL,62,'system',1,'Officer realted logs.'),(46,'','System Users Logs',25,217,1,NULL,NULL,'/user-list/system_user',NULL,63,'system',1,'User,Lawfirm,Citizen and news medial logs.'),(47,'','General User Logs',25,218,1,NULL,NULL,'/user-list/general_user',NULL,64,'system',1,'Administrator and  admin related logs you can see'),(48,'','System Dashboard / Reports',25,219,1,NULL,NULL,'/system-dashboard',NULL,65,'system',1,'Dashboard'),(49,'','System Configuration',25,240,1,NULL,NULL,'/system-configuration',NULL,66,'system',1,'Configuration of the system.'),(53,'','Job Manager',NULL,613,1,'54,55,56,104,73',NULL,'',1,NULL,'agency',1,'In Job you can add,update,active/inactive,view and delete job details.'),(54,'','Create Jobs',53,617,1,NULL,NULL,'/job-Create',NULL,77,'agency',1,'Job creatation.'),(55,'','List Jobs',53,615,1,NULL,NULL,'/job-list',NULL,78,'agency',1,'Job detailed list'),(56,'','Job Configuration',53,614,1,NULL,NULL,'/job-configuration',NULL,79,'agency',1,'Configuration wrt to stage and Candiate status.'),(58,'','Update Jobs',53,NULL,NULL,NULL,NULL,'',NULL,81,'agency',1,'\"Edit job\" refers to the process of modifying or updating the details and specifications of an existing job posting or position, typically done to reflect changes in requirements, responsibilities, or other relevant factors.'),(60,'','Edit Precinct',NULL,NULL,NULL,'',NULL,'',NULL,39,'agency',1,'Adding precint for paticluar agency.'),(62,'','Coupan',65,1500,1,'',NULL,'/manage-add-coupan',NULL,NULL,'agency',1,'In Job you can add,update,active/inactive,view and delete job details.'),(63,'','Plans',65,1600,1,'',NULL,'/manage-add-plan',NULL,NULL,'agency',1,'In Job you can add,update,active/inactive,view and delete job details.'),(64,'','Transactions',65,1700,1,'',NULL,'/transactions-all',NULL,NULL,'agency',1,'In Job you can add,update,active/inactive,view and delete job details.'),(65,'','Money Manager',NULL,1800,1,'62,63,64,65,77,114,117,137',NULL,'',1,NULL,'agency',1,'Which will collect money and coupon related data.'),(66,'','Record Configuration',37,2000,1,'',NULL,'/manage-record-request',NULL,91,'agency',1,'Which will collect money and coupon related data.'),(67,'','Manage Open Records',37,1900,1,'',NULL,'/record-tab',NULL,95,'agency',1,'Which will collect money and coupon related data.'),(68,'','My Job Application',NULL,11650,1,'',NULL,'',NULL,NULL,'agency',1,'Which will collect money and coupon related data.'),(69,'','Add Record Request',NULL,11651,NULL,'',NULL,'',NULL,NULL,'agency',1,'Which will collect money and coupon related data.'),(70,'','Edit Record Request',NULL,11652,1,'',NULL,'',NULL,95,'agency',1,'Which will collect money and coupon related data.'),(71,'','Add Record Config',NULL,11750,NULL,'',NULL,'/record-request',NULL,91,'agency',1,'Which will collect money and coupon related data.'),(72,'','Edit Record Config',NULL,11800,NULL,'',NULL,'/record-tab',NULL,92,'agency',1,'Which will collect money and coupon related data.'),(73,'','Single Job details',53,619,NULL,'',NULL,'/jobs-description-back',NULL,101,'agency',1,'The single job details provide concise information about a specific job, typically presented in a compact format. This includes essential details such as the job title, key responsibilities, and any critical requirements.'),(77,'','Additional fees',65,11850,1,'',NULL,'/manage-additional-fees',NULL,163,'agency',1,'Which will collect money and coupon related data.'),(80,'','Connected Account',65,1300,1,'',NULL,'/connected-account-list',NULL,NULL,'agency',1,'Which will collect money and coupon related data.'),(81,'','Community Logs',25,214,1,'','','/manage-community-Logs',NULL,118,'system',1,'For upload agency\'s on bulk.'),(82,'','Municode upload',44,609,1,NULL,NULL,'/muni-codes',NULL,119,'agency',1,''),(83,'','Manage Criminal investigation',4,610,1,NULL,NULL,'/criminal-investigation',NULL,120,'agency',1,''),(84,'','Facial Recognition (Comming Soon)',4,611,NULL,NULL,NULL,'/facial-recognition',NULL,121,'agency',1,''),(85,'','Business',NULL,121,1,'87,88',NULL,NULL,1,NULL,NULL,1,'Options pertaining to businesses registered in the application. Allows Managing, viewing transactions and users registered who represents the business.  '),(86,'','Registration fees',65,1550,1,'',NULL,'/state-cost-List',NULL,NULL,'agency',1,'In Job you can add,update,active/inactive,view and delete job details.'),(87,'','Manage Business',85,216,1,NULL,NULL,'/manage-signin',NULL,123,'',1,'See all the roles which are created.'),(88,'','Business Transaction',85,216,1,NULL,NULL,'/business-list',NULL,123,'',1,'See all the roles which are created.'),(89,'','Business Details',85,4999,1,NULL,NULL,'/update-business',NULL,123,'',1,'See all the roles which are created.'),(90,'','Register User list',85,5000,1,NULL,NULL,'/user-state-List',NULL,123,'',1,'See all the roles which are created.'),(91,'','My Subscription ',NULL,140,1,'',NULL,'/subscription-details',1,NULL,NULL,1,'Access to advertisement plan details after subscription.'),(92,'','Paid Data Access',NULL,130,1,'93,95,96,97,98,99,100,101,112,113',NULL,'',1,NULL,NULL,1,'Grants access to some valuable resources and Information about reported cases, missing person, whistleblower etc... which are only accessible after paying the prescribed amount.  '),(93,'','View Reviews',92,12300,1,'',NULL,'/paid-reviews-list',NULL,80,NULL,1,'You need to pay and get access from the below menus'),(95,'','View Reported Crimes',92,12500,1,'',NULL,'/paid-criminal-investigation',NULL,129,NULL,1,'You need to pay and get access from the below menus'),(96,'','View Whistle blowers',92,12600,1,'',NULL,'/paid-whistle-blower',NULL,130,NULL,1,'You need to pay and get access from the below menus'),(97,'','View Missing Person',92,12700,1,'',NULL,'/paid-missingperson-list',NULL,131,NULL,1,'You need to pay and get access from the below menus'),(98,'','View Officers',92,12200,1,'',NULL,'/paid-manage-agency-users',NULL,70,NULL,1,'You need to pay and get access from the below menus'),(99,'','View Agencies',92,12100,1,'',NULL,'/paid-manage-agencies',NULL,67,NULL,1,'You need to pay and get access from the below menus'),(100,'','Open Records',92,12800,1,'',NULL,'/record-tab',NULL,134,NULL,1,'You need to pay and get access from the below menus'),(101,'','Muni Codes',92,12900,1,'',NULL,'/paid-muni-codes',NULL,135,NULL,1,'You need to pay and get access from the below menus'),(102,'','My Activity',NULL,1200,1,'103',NULL,NULL,1,NULL,NULL,1,'You can view and update profile details.'),(103,'','Inbox',102,13000,1,'',NULL,'/my-inbox',NULL,136,NULL,1,'You need to pay and get access from the below menus'),(104,'','My Applied Jobs',53,620,1,NULL,NULL,'/my-job-applications',NULL,137,'agency',1,'Job detailed list'),(105,'','My Compliants',44,622,1,NULL,NULL,'/manage-my-compliants',NULL,138,NULL,1,''),(106,'','My Whistle Blower',44,633,1,NULL,NULL,'/my-whistle-blower',NULL,139,NULL,1,''),(107,'','My Missing Person',44,644,1,NULL,NULL,'/my-manage-missing-person-compliants',NULL,140,NULL,1,''),(108,'','My Reported Crimes',4,620,1,NULL,NULL,'/my-criminal-investigation',NULL,141,'agency',1,''),(109,'','My Record',37,12900,1,'',NULL,'/my-open-record',NULL,142,NULL,1,'You need to pay and get access from the below menus'),(110,'','Legal review Tab',NULL,11000,NULL,'',NULL,'',NULL,144,'business',1,'You need to pay and get access from the below menus'),(111,'','Write review on compliant view',NULL,12000,NULL,'',NULL,'',NULL,145,'business',1,'You need to pay and get access from the below menus'),(112,'','View Complaints',92,12400,1,'',NULL,'/paid-compliants-list',NULL,128,NULL,1,'You need to pay and get access from the below menus'),(113,'','My Reviews',44,611,1,NULL,NULL,'/my-reviews',NULL,148,'agency',1,'Job detailed list'),(114,'','My Transactions',65,1700,1,'',NULL,'/my-transaction',NULL,149,'agency',1,'In Job you can add,update,active/inactive,view and delete job details.'),(115,'','My Ad\'s',NULL,1900,1,'',NULL,'',NULL,NULL,'agency',1,'In Job you can add,update,active/inactive,view and delete job details.'),(116,'','My Ad\'s',37,2000,1,'',NULL,'/manage-record-request',NULL,NULL,'agency',1,'Which will collect money and coupon related data.'),(117,'','E-Wallet',65,2020,1,'',NULL,'/e-wallet',NULL,NULL,'agency',1,'Which will collect money and coupon related data.'),(118,'','Banners',25,220,1,NULL,NULL,'/banners',NULL,66,'system',1,'Configuration of the system.'),(119,'','My Tips',4,625,1,NULL,NULL,'/View-tips',NULL,141,'agency',1,''),(120,'','Smart Bussiness Card',NULL,604,NULL,NULL,NULL,NULL,NULL,153,'agency',1,'Update offier details.'),(124,'','Assigned Legal Counsel in complaints',NULL,13000,NULL,'',NULL,'',NULL,159,'business',1,'You need to pay and get access from the below menus'),(125,'','Related records Tab',NULL,12000,NULL,'',NULL,'',NULL,160,'business',1,'You need to pay and get access from the below menus'),(126,'','History tracking Tab',NULL,15000,NULL,'',NULL,'',NULL,161,'business',1,'You need to pay and get access from the below menus'),(127,'','Public Responce (Missing Person Tab)',NULL,16000,NULL,'',NULL,'',NULL,162,'business',1,'You need to pay and get access from the below menus'),(128,'','Help Center',NULL,1100,1,NULL,NULL,'/support-ticket-system',1,NULL,NULL,1,'A ticketing system in the context of a website or online service is a customer support tool used to manage and track user requests, issues, inquiries, or problems. It allows businesses to efficiently handle customer support and service requests by organizing them into \"tickets,\" which are individual records that represent a specific customer issue or request. '),(129,'','FAQ',NULL,1200,1,NULL,NULL,'/list-FAQ',1,NULL,NULL,1,'A ticketing system in the context of a website or online service is a customer support tool used to manage and track user requests, issues, inquiries, or problems. It allows businesses to efficiently handle customer support and service requests by organizing them into \"tickets,\" which are individual records that represent a specific customer issue or request. '),(130,'','Legal review Tab',NULL,11000,NULL,'',NULL,'',NULL,164,'business',1,'You need to pay and get access from the below menus'),(131,'','Write review on compliant view',NULL,12000,NULL,'',NULL,'',NULL,165,'business',1,'You need to pay and get access from the below menus'),(132,'','View all crime reports',4,622,NULL,NULL,NULL,'/aggined-crimes',NULL,166,'agency',1,''),(133,'','View all compliant',44,623,NULL,NULL,NULL,'/manage-my-compliants',NULL,167,NULL,1,''),(134,'','View all Whistle Blower',44,633,NULL,NULL,NULL,'/my-whistle-blower',NULL,168,NULL,1,''),(135,'','View all Missing Person',44,644,NULL,NULL,NULL,'/my-manage-missing-person-compliants',NULL,169,NULL,1,''),(136,'','View all Reviews',44,611,NULL,NULL,NULL,'/my-reviews',NULL,170,'agency',1,'Job detailed list'),(137,'','All transaction',65,2030,1,NULL,NULL,'/transactions',NULL,NULL,NULL,1,NULL),(138,'','HOA / Neighborhood Watch',NULL,17000,1,'139,140',NULL,'',1,NULL,'agency',1,NULL),(139,'','Details',138,NULL,1,NULL,NULL,'/subdivision',1,NULL,'agency',1,NULL),(140,'','Crimes Reported',138,NULL,1,NULL,NULL,'/report-crime',1,NULL,'agency',1,NULL);

--
-- Table structure for table `permissions_11`
--

CREATE TABLE `permissions_11` (
  `Id` int(11) NOT NULL AUTO_INCREMENT,
  `PermissionId` varchar(50) NOT NULL,
  `PermissionName` varchar(100) NOT NULL,
  `Parent_Menu` int(10) DEFAULT NULL,
  `Menu_sequence` int(10) DEFAULT NULL,
  `menu` int(11) DEFAULT NULL,
  `child_menus` varchar(250) DEFAULT NULL,
  `icon` varchar(100) DEFAULT NULL,
  `action_url` varchar(100) DEFAULT NULL,
  `access_required` tinyint(1) DEFAULT NULL,
  `equl_fun_id` int(11) DEFAULT NULL,
  `organisation_type` varchar(250) DEFAULT NULL,
  `description` varchar(900) DEFAULT NULL,
  `Status` tinyint(1) NOT NULL DEFAULT '1',
  PRIMARY KEY (`Id`)
) ENGINE=InnoDB DEFAULT CHARSET=utf8mb4;

--
-- Dumping data for table `permissions_11`
--


--
-- Table structure for table `permissionsmapping`
--

CREATE TABLE `permissionsmapping` (
  `Id` int(11) NOT NULL AUTO_INCREMENT,
  `RoleId` int(11) NOT NULL,
  `PermissionId` int(11) NOT NULL,
  `OperationId` int(11) NOT NULL,
  `permissionUpdateId` int(100) DEFAULT NULL COMMENT 'this id from operation table',
  `Status` tinyint(1) NOT NULL DEFAULT '1',
  PRIMARY KEY (`Id`),
  KEY `RoleId` (`RoleId`),
  KEY `PermissionId` (`PermissionId`),
  KEY `OperationId` (`OperationId`),
  CONSTRAINT `permissionsmapping_ibfk_11` FOREIGN KEY (`RoleId`) REFERENCES `roles` (`Id`) ON DELETE CASCADE ON UPDATE CASCADE,
  CONSTRAINT `permissionsmapping_ibfk_21` FOREIGN KEY (`PermissionId`) REFERENCES `permissions` (`Id`) ON DELETE CASCADE ON UPDATE CASCADE,
  CONSTRAINT `permissionsmapping_ibfk_31` FOREIGN KEY (`OperationId`) REFERENCES `operations` (`Id`) ON DELETE CASCADE ON UPDATE CASCADE
) ENGINE=InnoDB AUTO_INCREMENT=106481 DEFAULT CHARSET=utf8mb4;

--
-- Dumping data for table `permissionsmapping`
--

INSERT INTO `permissionsmapping` VALUES (79683,110,1,1,NULL,1),(79684,110,1,60,NULL,1),(79685,110,4,1,NULL,1),(79687,110,4,119,NULL,1),(79688,110,82,1,NULL,1),(79689,110,4,120,NULL,1),(79690,110,83,1,NULL,1),(79691,110,4,121,NULL,1),(79692,110,84,1,NULL,1),(79693,110,40,1,NULL,1),(79694,110,42,1,NULL,1),(79695,110,44,1,NULL,1),(79696,110,44,71,NULL,1),(79697,110,9,1,NULL,1),(79698,110,44,72,NULL,1),(79699,110,2,1,NULL,1),(79700,110,44,73,NULL,1),(79701,110,6,1,NULL,1),(79702,110,44,74,NULL,1),(79703,110,36,1,NULL,1),(79704,110,44,117,NULL,1),(79705,110,3,1,NULL,1),(79706,110,82,119,NULL,1),(79707,110,83,120,NULL,1),(79708,110,84,121,NULL,1),(79709,110,9,71,NULL,1),(79710,110,2,72,NULL,1),(79711,110,6,73,NULL,1),(79712,110,36,74,NULL,1),(79713,110,3,117,NULL,1),(79714,110,44,1,NULL,1),(88481,109,1,1,NULL,1),(88482,109,1,60,NULL,1),(88483,109,85,1,NULL,1),(88484,109,85,125,NULL,1),(88485,109,89,125,NULL,1),(88486,109,85,126,NULL,1),(88487,109,90,126,NULL,1),(88488,109,92,1,NULL,1),(88489,109,92,127,NULL,1),(88490,109,93,127,NULL,1),(88491,109,92,128,NULL,1),(88492,109,112,1,NULL,1),(88493,109,92,129,NULL,1),(88494,109,95,1,NULL,1),(88495,109,92,130,NULL,1),(88496,109,96,1,NULL,1),(88497,109,92,131,NULL,1),(88498,109,97,1,NULL,1),(88499,109,92,132,NULL,1),(88500,109,98,132,NULL,1),(88501,109,92,135,NULL,1),(88502,109,101,1,NULL,1),(88503,109,92,147,NULL,1),(88504,109,99,147,NULL,1),(88505,109,44,1,NULL,1),(88506,109,44,138,NULL,1),(88507,109,105,1,NULL,1),(88508,109,44,139,NULL,1),(88509,109,106,1,NULL,1),(88510,109,44,140,NULL,1),(88511,109,107,1,NULL,1),(88512,109,44,144,NULL,1),(88513,109,110,1,NULL,1),(88514,109,44,148,NULL,1),(88515,109,113,1,NULL,1),(88516,109,44,159,NULL,1),(88517,109,124,1,NULL,1),(88518,109,44,160,NULL,1),(88519,109,125,1,NULL,1),(88520,109,44,161,NULL,1),(88521,109,126,1,NULL,1),(88522,109,4,1,NULL,1),(88523,109,4,141,NULL,1),(88524,109,108,1,NULL,1),(88525,109,4,152,NULL,1),(88526,109,119,152,NULL,1),(88527,109,37,1,NULL,1),(88528,109,37,142,NULL,1),(88529,109,109,1,NULL,1),(88530,109,39,1,NULL,1),(88531,109,39,102,NULL,1),(88532,109,39,103,NULL,1),(88533,109,39,104,NULL,1),(88534,109,39,105,NULL,1),(88535,109,53,1,NULL,1),(88536,109,53,137,NULL,1),(88537,109,104,1,NULL,1),(88538,109,65,1,NULL,1),(88539,109,65,149,NULL,1),(88540,109,114,1,NULL,1),(88541,109,112,128,NULL,1),(88542,109,93,129,NULL,1),(88543,109,96,130,NULL,1),(88544,109,97,131,NULL,1),(88545,109,101,135,NULL,1),(88546,109,105,138,NULL,1),(88547,109,106,139,NULL,1),(88548,109,107,140,NULL,1),(88549,109,110,144,NULL,1),(88550,109,113,148,NULL,1),(88551,109,110,159,NULL,1),(88552,109,110,160,NULL,1),(88553,109,110,161,NULL,1),(88554,109,108,141,NULL,1),(88555,109,109,142,NULL,1),(88556,109,104,137,NULL,1),(88557,109,114,149,NULL,1),(88558,109,44,1,NULL,1),(88559,109,65,1,NULL,1),(90892,113,1,1,NULL,1),(90893,113,1,60,NULL,1),(90894,113,44,1,NULL,1),(90895,113,44,71,NULL,1),(90896,113,9,1,NULL,1),(90897,113,44,72,NULL,1),(90898,113,2,1,NULL,1),(90899,113,44,73,NULL,1),(90900,113,6,1,NULL,1),(90901,113,44,74,NULL,1),(90902,113,36,1,NULL,1),(90903,113,4,1,NULL,1),(90904,113,4,120,NULL,1),(90905,113,83,1,NULL,1),(90906,113,40,1,NULL,1),(90907,113,42,1,NULL,1),(90908,113,9,71,NULL,1),(90909,113,2,72,NULL,1),(90910,113,6,73,NULL,1),(90911,113,36,74,NULL,1),(90912,113,83,120,NULL,1),(90913,113,44,1,NULL,1),(90994,117,1,1,NULL,1),(90995,117,1,60,NULL,1),(90996,117,44,1,NULL,1),(90997,117,44,71,NULL,1),(90998,117,9,1,NULL,1),(90999,117,44,72,NULL,1),(91000,117,2,1,NULL,1),(91001,117,44,73,NULL,1),(91002,117,6,1,NULL,1),(91003,117,44,74,NULL,1),(91004,117,36,1,NULL,1),(91005,117,4,1,NULL,1),(91006,117,4,120,NULL,1),(91007,117,83,1,NULL,1),(91008,117,42,1,NULL,1),(91009,117,9,71,NULL,1),(91010,117,2,72,NULL,1),(91011,117,6,73,NULL,1),(91012,117,36,74,NULL,1),(91013,117,83,120,NULL,1),(91014,117,44,1,NULL,1),(91015,118,1,1,NULL,1),(91016,118,44,1,NULL,1),(91017,118,44,71,NULL,1),(91018,118,9,1,NULL,1),(91019,118,44,72,NULL,1),(91020,118,2,1,NULL,1),(91021,118,42,1,NULL,1),(91022,118,9,71,NULL,1),(91023,118,2,72,NULL,1),(91024,118,44,1,NULL,1),(91025,119,1,1,NULL,1),(91026,119,1,60,NULL,1),(91027,119,44,1,NULL,1),(91028,119,44,71,NULL,1),(91029,119,9,1,NULL,1),(91030,119,44,72,NULL,1),(91031,119,2,1,NULL,1),(91032,119,44,73,NULL,1),(91033,119,6,1,NULL,1),(91034,119,42,1,NULL,1),(91035,119,9,71,NULL,1),(91036,119,2,72,NULL,1),(91037,119,6,73,NULL,1),(91038,119,44,1,NULL,1),(91039,120,1,1,NULL,1),(91040,120,1,60,NULL,1),(91041,120,44,1,NULL,1),(91042,120,44,71,NULL,1),(91043,120,9,1,NULL,1),(91044,120,44,72,NULL,1),(91045,120,2,1,NULL,1),(91046,120,44,73,NULL,1),(91047,120,6,1,NULL,1),(91048,120,37,1,NULL,1),(91049,120,37,89,NULL,1),(91050,120,37,89,NULL,1),(91051,120,37,91,NULL,1),(91052,120,66,1,NULL,1),(91053,120,37,92,NULL,1),(91054,120,72,1,NULL,1),(91055,120,37,94,NULL,1),(91056,120,69,94,NULL,1),(91057,120,37,95,NULL,1),(91058,120,67,1,NULL,1),(91059,120,42,1,NULL,1),(91060,120,65,1,NULL,1),(91061,120,65,114,NULL,1),(91062,120,64,114,NULL,1),(91063,120,9,71,NULL,1),(91064,120,2,72,NULL,1),(91065,120,6,73,NULL,1),(91066,120,71,91,NULL,1),(91067,120,72,92,NULL,1),(91068,120,67,95,NULL,1),(91069,120,44,1,NULL,1),(91070,120,65,1,NULL,1),(91517,6,1,1,NULL,1),(91518,6,1,60,NULL,1),(91519,6,85,1,NULL,1),(91520,6,85,125,NULL,1),(91521,6,89,125,NULL,1),(91522,6,85,126,NULL,1),(91523,6,90,126,NULL,1),(91524,6,92,1,NULL,1),(91525,6,92,127,NULL,1),(91526,6,93,127,NULL,1),(91527,6,92,128,NULL,1),(91528,6,112,1,NULL,1),(91529,6,92,129,NULL,1),(91530,6,95,1,NULL,1),(91531,6,92,130,NULL,1),(91532,6,96,1,NULL,1),(91533,6,92,131,NULL,1),(91534,6,97,1,NULL,1),(91535,6,92,132,NULL,1),(91536,6,98,132,NULL,1),(91537,6,92,135,NULL,1),(91538,6,101,1,NULL,1),(91539,6,92,147,NULL,1),(91540,6,99,147,NULL,1),(91541,6,44,1,NULL,1),(91542,6,44,138,NULL,1),(91543,6,105,1,NULL,1),(91544,6,44,139,NULL,1),(91545,6,106,1,NULL,1),(91546,6,44,140,NULL,1),(91547,6,107,1,NULL,1),(91548,6,44,144,NULL,1),(91549,6,110,1,NULL,1),(91550,6,44,148,NULL,1),(91551,6,113,1,NULL,1),(91552,6,44,159,NULL,1),(91553,6,124,1,NULL,1),(91554,6,44,160,NULL,1),(91555,6,125,1,NULL,1),(91556,6,44,161,NULL,1),(91557,6,126,1,NULL,1),(91558,6,4,1,NULL,1),(91559,6,4,141,NULL,1),(91560,6,108,1,NULL,1),(91561,6,4,152,NULL,1),(91562,6,119,152,NULL,1),(91563,6,37,1,NULL,1),(91564,6,37,142,NULL,1),(91565,6,109,1,NULL,1),(91566,6,39,1,NULL,1),(91567,6,39,102,NULL,1),(91568,6,39,103,NULL,1),(91569,6,39,104,NULL,1),(91570,6,39,105,NULL,1),(91571,6,42,1,NULL,1),(91572,6,53,1,NULL,1),(91573,6,53,137,NULL,1),(91574,6,104,1,NULL,1),(91575,6,128,1,NULL,1),(91576,6,65,1,NULL,1),(91577,6,65,149,NULL,1),(91578,6,114,1,NULL,1),(91579,6,112,128,NULL,1),(91580,6,93,129,NULL,1),(91581,6,96,130,NULL,1),(91582,6,97,131,NULL,1),(91583,6,101,135,NULL,1),(91584,6,105,138,NULL,1),(91585,6,106,139,NULL,1),(91586,6,107,140,NULL,1),(91587,6,110,144,NULL,1),(91588,6,113,148,NULL,1),(91589,6,110,159,NULL,1),(91590,6,110,160,NULL,1),(91591,6,110,161,NULL,1),(91592,6,108,141,NULL,1),(91593,6,109,142,NULL,1),(91594,6,104,137,NULL,1),(91595,6,114,149,NULL,1),(91596,6,44,1,NULL,1),(91597,6,65,1,NULL,1),(91679,105,1,1,NULL,1),(91680,105,1,60,NULL,1),(91681,105,85,1,NULL,1),(91682,105,85,125,NULL,1),(91683,105,89,125,NULL,1),(91684,105,85,126,NULL,1),(91685,105,90,126,NULL,1),(91686,105,92,1,NULL,1),(91687,105,92,127,NULL,1),(91688,105,93,127,NULL,1),(91689,105,92,128,NULL,1),(91690,105,112,1,NULL,1),(91691,105,92,129,NULL,1),(91692,105,95,1,NULL,1),(91693,105,92,130,NULL,1),(91694,105,96,1,NULL,1),(91695,105,92,131,NULL,1),(91696,105,97,1,NULL,1),(91697,105,92,132,NULL,1),(91698,105,98,132,NULL,1),(91699,105,92,135,NULL,1),(91700,105,101,1,NULL,1),(91701,105,92,147,NULL,1),(91702,105,99,147,NULL,1),(91703,105,44,1,NULL,1),(91704,105,44,138,NULL,1),(91705,105,105,1,NULL,1),(91706,105,44,139,NULL,1),(91707,105,106,1,NULL,1),(91708,105,44,140,NULL,1),(91709,105,107,1,NULL,1),(91710,105,44,144,NULL,1),(91711,105,110,1,NULL,1),(91712,105,44,148,NULL,1),(91713,105,113,1,NULL,1),(91714,105,44,159,NULL,1),(91715,105,124,1,NULL,1),(91716,105,44,160,NULL,1),(91717,105,125,1,NULL,1),(91718,105,44,161,NULL,1),(91719,105,126,1,NULL,1),(91720,105,4,1,NULL,1),(91721,105,4,141,NULL,1),(91722,105,108,1,NULL,1),(91723,105,4,152,NULL,1),(91724,105,119,152,NULL,1),(91725,105,37,1,NULL,1),(91726,105,37,142,NULL,1),(91727,105,109,1,NULL,1),(91728,105,39,1,NULL,1),(91729,105,39,102,NULL,1),(91730,105,39,103,NULL,1),(91731,105,39,104,NULL,1),(91732,105,39,105,NULL,1),(91733,105,42,1,NULL,1),(91734,105,53,1,NULL,1),(91735,105,53,137,NULL,1),(91736,105,104,1,NULL,1),(91737,105,128,1,NULL,1),(91738,105,65,1,NULL,1),(91739,105,65,149,NULL,1),(91740,105,114,1,NULL,1),(91741,105,112,128,NULL,1),(91742,105,93,129,NULL,1),(91743,105,96,130,NULL,1),(91744,105,97,131,NULL,1),(91745,105,101,135,NULL,1),(91746,105,105,138,NULL,1),(91747,105,106,139,NULL,1),(91748,105,107,140,NULL,1),(91749,105,110,144,NULL,1),(91750,105,113,148,NULL,1),(91751,105,110,159,NULL,1),(91752,105,110,160,NULL,1),(91753,105,110,161,NULL,1),(91754,105,108,141,NULL,1),(91755,105,109,142,NULL,1),(91756,105,104,137,NULL,1),(91757,105,114,149,NULL,1),(91758,105,44,1,NULL,1),(91759,105,65,1,NULL,1),(92886,138,24,1,NULL,1),(92887,138,24,3,NULL,1),(92888,138,15,1,NULL,1),(92889,138,24,4,NULL,1),(92890,138,5,4,NULL,1),(92891,138,24,6,NULL,1),(92892,138,5,6,NULL,1),(92893,138,24,44,NULL,1),(92894,138,33,44,NULL,1),(92895,138,24,45,NULL,1),(92896,138,33,45,NULL,1),(92897,138,24,46,NULL,1),(92898,138,33,46,NULL,1),(92899,138,5,3,NULL,1),(93150,22,1,1,NULL,1),(93151,22,1,60,NULL,1),(93152,22,85,1,NULL,1),(93153,22,85,125,NULL,1),(93154,22,89,125,NULL,1),(93155,22,85,126,NULL,1),(93156,22,90,126,NULL,1),(93157,22,92,1,NULL,1),(93158,22,92,127,NULL,1),(93159,22,93,127,NULL,1),(93160,22,92,128,NULL,1),(93161,22,112,1,NULL,1),(93162,22,92,129,NULL,1),(93163,22,95,1,NULL,1),(93164,22,92,130,NULL,1),(93165,22,96,1,NULL,1),(93166,22,92,131,NULL,1),(93167,22,97,1,NULL,1),(93168,22,92,132,NULL,1),(93169,22,98,132,NULL,1),(93170,22,92,135,NULL,1),(93171,22,101,1,NULL,1),(93172,22,92,147,NULL,1),(93173,22,99,147,NULL,1),(93174,22,44,1,NULL,1),(93175,22,44,138,NULL,1),(93176,22,105,1,NULL,1),(93177,22,44,139,NULL,1),(93178,22,106,1,NULL,1),(93179,22,44,140,NULL,1),(93180,22,107,1,NULL,1),(93181,22,44,144,NULL,1),(93182,22,110,1,NULL,1),(93183,22,44,148,NULL,1),(93184,22,113,1,NULL,1),(93185,22,44,159,NULL,1),(93186,22,124,1,NULL,1),(93187,22,44,160,NULL,1),(93188,22,125,1,NULL,1),(93189,22,44,161,NULL,1),(93190,22,126,1,NULL,1),(93191,22,4,1,NULL,1),(93192,22,4,141,NULL,1),(93193,22,108,1,NULL,1),(93194,22,4,152,NULL,1),(93195,22,119,152,NULL,1),(93196,22,37,1,NULL,1),(93197,22,37,142,NULL,1),(93198,22,109,1,NULL,1),(93199,22,39,1,NULL,1),(93200,22,39,102,NULL,1),(93201,22,39,103,NULL,1),(93202,22,39,104,NULL,1),(93203,22,39,105,NULL,1),(93204,22,42,1,NULL,1),(93205,22,53,1,NULL,1),(93206,22,53,137,NULL,1),(93207,22,104,1,NULL,1),(93208,22,128,1,NULL,1),(93209,22,129,1,NULL,1),(93210,22,65,1,NULL,1),(93211,22,65,149,NULL,1),(93212,22,114,1,NULL,1),(93213,22,112,128,NULL,1),(93214,22,93,129,NULL,1),(93215,22,96,130,NULL,1),(93216,22,97,131,NULL,1),(93217,22,101,135,NULL,1),(93218,22,105,138,NULL,1),(93219,22,106,139,NULL,1),(93220,22,107,140,NULL,1),(93221,22,110,144,NULL,1),(93222,22,113,148,NULL,1),(93223,22,110,159,NULL,1),(93224,22,110,160,NULL,1),(93225,22,110,161,NULL,1),(93226,22,108,141,NULL,1),(93227,22,109,142,NULL,1),(93228,22,104,137,NULL,1),(93229,22,114,149,NULL,1),(93230,22,44,1,NULL,1),(93231,22,65,1,NULL,1),(99197,106,1,1,NULL,1),(99198,106,1,60,NULL,1),(99199,106,85,1,NULL,1),(99200,106,85,125,NULL,1),(99201,106,89,125,NULL,1),(99202,106,85,126,NULL,1),(99203,106,90,126,NULL,1),(99204,106,44,1,NULL,1),(99205,106,44,138,NULL,1),(99206,106,105,1,NULL,1),(99207,106,44,139,NULL,1),(99208,106,106,1,NULL,1),(99209,106,44,140,NULL,1),(99210,106,107,1,NULL,1),(99211,106,44,148,NULL,1),(99212,106,113,1,NULL,1),(99213,106,4,1,NULL,1),(99214,106,4,141,NULL,1),(99215,106,108,1,NULL,1),(99216,106,4,152,NULL,1),(99217,106,119,152,NULL,1),(99218,106,37,1,NULL,1),(99219,106,37,142,NULL,1),(99220,106,109,1,NULL,1),(99221,106,39,1,NULL,1),(99222,106,39,102,NULL,1),(99223,106,39,103,NULL,1),(99224,106,39,104,NULL,1),(99225,106,39,105,NULL,1),(99226,106,39,106,NULL,1),(99227,106,42,1,NULL,1),(99228,106,53,1,NULL,1),(99229,106,53,78,NULL,1),(99230,106,55,1,NULL,1),(99231,106,53,101,NULL,1),(99232,106,73,1,NULL,1),(99233,106,53,137,NULL,1),(99234,106,104,1,NULL,1),(99235,106,65,1,NULL,1),(99236,106,65,149,NULL,1),(99237,106,114,1,NULL,1),(99238,106,105,138,NULL,1),(99239,106,106,139,NULL,1),(99240,106,107,140,NULL,1),(99241,106,113,148,NULL,1),(99242,106,108,141,NULL,1),(99243,106,109,142,NULL,1),(99244,106,55,78,NULL,1),(99245,106,73,101,NULL,1),(99246,106,104,137,NULL,1),(99247,106,114,149,NULL,1),(99248,106,44,1,NULL,1),(99249,106,65,1,NULL,1),(101561,103,1,1,NULL,1),(101562,103,1,60,NULL,1),(101563,103,44,1,NULL,1),(101564,103,44,71,NULL,1),(101565,103,9,1,NULL,1),(101566,103,44,72,NULL,1),(101567,103,2,1,NULL,1),(101568,103,44,73,NULL,1),(101569,103,6,1,NULL,1),(101570,103,44,74,NULL,1),(101571,103,36,1,NULL,1),(101572,103,44,167,NULL,1),(101573,103,133,1,NULL,1),(101574,103,44,169,NULL,1),(101575,103,135,1,NULL,1),(101576,103,44,170,NULL,1),(101577,103,136,1,NULL,1),(101578,103,4,1,NULL,1),(101579,103,4,120,NULL,1),(101580,103,83,1,NULL,1),(101581,103,37,1,NULL,1),(101582,103,37,89,NULL,1),(101583,103,37,89,NULL,1),(101584,103,37,91,NULL,1),(101585,103,66,1,NULL,1),(101586,103,37,94,NULL,1),(101587,103,69,94,NULL,1),(101588,103,37,95,NULL,1),(101589,103,67,1,NULL,1),(101590,103,40,1,NULL,1),(101591,103,42,1,NULL,1),(101592,103,9,71,NULL,1),(101593,103,2,72,NULL,1),(101594,103,6,73,NULL,1),(101595,103,36,74,NULL,1),(101596,103,2,167,NULL,1),(101597,103,36,169,NULL,1),(101598,103,9,170,NULL,1),(101599,103,83,120,NULL,1),(101600,103,71,91,NULL,1),(101601,103,67,95,NULL,1),(101602,103,44,1,NULL,1),(101603,115,1,1,NULL,1),(101604,115,1,60,NULL,1),(101605,115,11,1,NULL,1),(101606,115,11,14,NULL,1),(101607,115,12,1,NULL,1),(101608,115,11,31,NULL,1),(101609,115,12,31,NULL,1),(101610,115,11,70,NULL,1),(101611,115,10,1,NULL,1),(101612,115,44,1,NULL,1),(101613,115,44,71,NULL,1),(101614,115,9,1,NULL,1),(101615,115,44,72,NULL,1),(101616,115,2,1,NULL,1),(101617,115,44,73,NULL,1),(101618,115,6,1,NULL,1),(101619,115,42,1,NULL,1),(101620,115,53,1,NULL,1),(101621,115,53,77,NULL,1),(101622,115,54,1,NULL,1),(101623,115,53,78,NULL,1),(101624,115,55,1,NULL,1),(101625,115,10,14,NULL,1),(101626,115,10,70,NULL,1),(101627,115,9,71,NULL,1),(101628,115,2,72,NULL,1),(101629,115,6,73,NULL,1),(101630,115,54,77,NULL,1),(101631,115,55,78,NULL,1),(101632,115,44,1,NULL,1),(103969,107,140,1,NULL,1),(103970,107,1,1,NULL,1),(103971,107,1,60,NULL,1),(103972,107,44,1,NULL,1),(103973,107,44,138,NULL,1),(103974,107,105,1,NULL,1),(103975,107,44,139,NULL,1),(103976,107,106,1,NULL,1),(103977,107,44,140,NULL,1),(103978,107,107,1,NULL,1),(103979,107,44,144,NULL,1),(103980,107,110,1,NULL,1),(103981,107,44,145,NULL,1),(103982,107,111,1,NULL,1),(103983,107,44,148,NULL,1),(103984,107,113,1,NULL,1),(103985,107,4,1,NULL,1),(103986,107,4,141,NULL,1),(103987,107,108,1,NULL,1),(103988,107,4,152,NULL,1),(103989,107,119,152,NULL,1),(103990,107,37,1,NULL,1),(103991,107,37,142,NULL,1),(103992,107,109,1,NULL,1),(103993,107,39,1,NULL,1),(103994,107,39,102,NULL,1),(103995,107,39,103,NULL,1),(103996,107,39,104,NULL,1),(103997,107,39,105,NULL,1),(103998,107,39,106,NULL,1),(103999,107,42,1,NULL,1),(104000,107,53,1,NULL,1),(104001,107,53,90,NULL,1),(104002,107,58,90,NULL,1),(104003,107,53,137,NULL,1),(104004,107,104,1,NULL,1),(104005,107,128,1,NULL,1),(104006,107,129,1,NULL,1),(104007,107,65,1,NULL,1),(104008,107,65,149,NULL,1),(104009,107,114,1,NULL,1),(104010,107,138,1,NULL,1),(104011,107,138,177,NULL,1),(104012,107,140,177,NULL,1),(104013,107,105,138,NULL,1),(104014,107,106,139,NULL,1),(104015,107,107,140,NULL,1),(104016,107,110,144,NULL,1),(104017,107,110,145,NULL,1),(104018,107,113,148,NULL,1),(104019,107,108,141,NULL,1),(104020,107,109,142,NULL,1),(104021,107,104,137,NULL,1),(104022,107,114,149,NULL,1),(104023,107,138,1,NULL,1),(104024,107,44,1,NULL,1),(104025,107,65,1,NULL,1),(104026,148,139,1,NULL,1),(104027,148,140,1,NULL,1),(104028,148,28,1,NULL,1),(104029,148,1,1,NULL,1),(104030,148,44,1,NULL,1),(104031,148,44,138,NULL,1),(104032,148,105,1,NULL,1),(104033,148,44,139,NULL,1),(104034,148,106,1,NULL,1),(104035,148,44,140,NULL,1),(104036,148,107,1,NULL,1),(104037,148,44,148,NULL,1),(104038,148,113,1,NULL,1),(104039,148,4,1,NULL,1),(104040,148,4,141,NULL,1),(104041,148,108,1,NULL,1),(104042,148,4,152,NULL,1),(104043,148,119,152,NULL,1),(104044,148,37,1,NULL,1),(104045,148,37,142,NULL,1),(104046,148,109,1,NULL,1),(104047,148,39,1,NULL,1),(104048,148,39,102,NULL,1),(104049,148,39,103,NULL,1),(104050,148,39,104,NULL,1),(104051,148,39,105,NULL,1),(104052,148,39,106,NULL,1),(104053,148,65,1,NULL,1),(104054,148,65,149,NULL,1),(104055,148,114,1,NULL,1),(104056,148,138,1,NULL,1),(104057,148,138,173,NULL,1),(104058,148,139,173,NULL,1),(104059,148,138,174,NULL,1),(104060,148,139,174,NULL,1),(104061,148,138,175,NULL,1),(104062,148,139,175,NULL,1),(104063,148,138,176,NULL,1),(104064,148,139,176,NULL,1),(104065,148,138,177,NULL,1),(104066,148,140,177,NULL,1),(104067,148,105,138,NULL,1),(104068,148,106,139,NULL,1),(104069,148,107,140,NULL,1),(104070,148,113,148,NULL,1),(104071,148,108,141,NULL,1),(104072,148,109,142,NULL,1),(104073,148,114,149,NULL,1),(104074,148,138,1,NULL,1),(104075,148,138,1,NULL,1),(104076,148,44,1,NULL,1),(104077,148,65,1,NULL,1),(104078,149,139,1,NULL,1),(104079,149,140,1,NULL,1),(104080,149,28,1,NULL,1),(104081,149,1,1,NULL,1),(104082,149,44,1,NULL,1),(104083,149,44,138,NULL,1),(104084,149,105,1,NULL,1),(104085,149,44,139,NULL,1),(104086,149,106,1,NULL,1),(104087,149,44,140,NULL,1),(104088,149,107,1,NULL,1),(104089,149,44,148,NULL,1),(104090,149,113,1,NULL,1),(104091,149,4,1,NULL,1),(104092,149,37,1,NULL,1),(104093,149,39,1,NULL,1),(104094,149,65,1,NULL,1),(104095,149,65,149,NULL,1),(104096,149,114,1,NULL,1),(104097,149,138,1,NULL,1),(104098,149,138,173,NULL,1),(104099,149,139,173,NULL,1),(104100,149,138,174,NULL,1),(104101,149,139,174,NULL,1),(104102,149,138,175,NULL,1),(104103,149,139,175,NULL,1),(104104,149,138,176,NULL,1),(104105,149,139,176,NULL,1),(104106,149,138,177,NULL,1),(104107,149,140,177,NULL,1),(104108,149,105,138,NULL,1),(104109,149,106,139,NULL,1),(104110,149,107,140,NULL,1),(104111,149,113,148,NULL,1),(104112,149,114,149,NULL,1),(104113,149,138,1,NULL,1),(104114,149,138,1,NULL,1),(104115,149,44,1,NULL,1),(104116,149,65,1,NULL,1),(104303,4,1,1,NULL,1),(104304,4,1,60,NULL,1),(104305,4,85,1,NULL,1),(104306,4,85,125,NULL,1),(104307,4,89,125,NULL,1),(104308,4,85,126,NULL,1),(104309,4,90,126,NULL,1),(104310,4,92,1,NULL,1),(104311,4,92,127,NULL,1),(104312,4,93,127,NULL,1),(104313,4,92,128,NULL,1),(104314,4,112,1,NULL,1),(104315,4,92,129,NULL,1),(104316,4,95,1,NULL,1),(104317,4,92,130,NULL,1),(104318,4,96,1,NULL,1),(104319,4,92,131,NULL,1),(104320,4,97,1,NULL,1),(104321,4,92,132,NULL,1),(104322,4,98,132,NULL,1),(104323,4,92,135,NULL,1),(104324,4,101,1,NULL,1),(104325,4,92,147,NULL,1),(104326,4,99,147,NULL,1),(104329,4,44,1,NULL,1),(104330,4,44,80,NULL,1),(104331,4,93,1,NULL,1),(104332,4,44,138,NULL,1),(104333,4,105,1,NULL,1),(104334,4,44,139,NULL,1),(104335,4,106,1,NULL,1),(104336,4,44,140,NULL,1),(104337,4,107,1,NULL,1),(104338,4,44,144,NULL,1),(104339,4,110,1,NULL,1),(104340,4,44,145,NULL,1),(104341,4,111,1,NULL,1),(104342,4,44,148,NULL,1),(104343,4,113,1,NULL,1),(104344,4,44,159,NULL,1),(104345,4,124,1,NULL,1),(104346,4,44,160,NULL,1),(104347,4,125,1,NULL,1),(104348,4,44,161,NULL,1),(104349,4,126,1,NULL,1),(104350,4,4,1,NULL,1),(104351,4,4,141,NULL,1),(104352,4,108,1,NULL,1),(104353,4,4,152,NULL,1),(104354,4,119,152,NULL,1),(104355,4,37,1,NULL,1),(104356,4,37,89,NULL,1),(104357,4,37,89,NULL,1),(104358,4,37,142,NULL,1),(104359,4,109,1,NULL,1),(104360,4,39,1,NULL,1),(104361,4,39,102,NULL,1),(104362,4,39,103,NULL,1),(104363,4,39,104,NULL,1),(104364,4,39,105,NULL,1),(104365,4,39,106,NULL,1),(104366,4,42,1,NULL,1),(104367,4,53,1,NULL,1),(104368,4,53,137,NULL,1),(104369,4,104,1,NULL,1),(104370,4,65,1,NULL,1),(104371,4,65,149,NULL,1),(104372,4,114,1,NULL,1),(104373,4,112,128,NULL,1),(104374,4,93,129,NULL,1),(104375,4,96,130,NULL,1),(104376,4,97,131,NULL,1),(104377,4,101,135,NULL,1),(104378,4,9,80,NULL,1),(104379,4,105,138,NULL,1),(104380,4,106,139,NULL,1),(104381,4,107,140,NULL,1),(104382,4,110,144,NULL,1),(104383,4,110,145,NULL,1),(104384,4,113,148,NULL,1),(104385,4,110,159,NULL,1),(104386,4,110,160,NULL,1),(104387,4,110,161,NULL,1),(104388,4,108,141,NULL,1),(104389,4,109,142,NULL,1),(104390,4,104,137,NULL,1),(104391,4,114,149,NULL,1),(104392,4,44,1,NULL,1),(104393,4,65,1,NULL,1),(104561,116,1,1,NULL,1),(104562,116,1,60,NULL,1),(104563,116,20,1,NULL,1),(104564,116,20,19,NULL,1),(104565,116,21,1,NULL,1),(104566,116,24,1,NULL,1),(104567,116,24,38,NULL,1),(104568,116,29,1,NULL,1),(104569,116,24,42,NULL,1),(104570,116,5,42,NULL,1),(104571,116,24,67,NULL,1),(104572,116,5,1,NULL,1),(104573,116,24,68,NULL,1),(104574,116,30,1,NULL,1),(104575,116,24,69,NULL,1),(104576,116,33,1,NULL,1),(104577,116,11,1,NULL,1),(104578,116,11,13,NULL,1),(104579,116,10,13,NULL,1),(104580,116,11,14,NULL,1),(104581,116,12,1,NULL,1),(104582,116,11,70,NULL,1),(104583,116,10,1,NULL,1),(104584,116,44,1,NULL,1),(104585,116,44,71,NULL,1),(104586,116,9,1,NULL,1),(104587,116,44,72,NULL,1),(104588,116,2,1,NULL,1),(104589,116,44,73,NULL,1),(104590,116,6,1,NULL,1),(104591,116,42,1,NULL,1),(104592,116,53,1,NULL,1),(104593,116,53,77,NULL,1),(104594,116,54,1,NULL,1),(104595,116,53,78,NULL,1),(104596,116,55,1,NULL,1),(104597,116,65,1,NULL,1),(104598,116,65,114,NULL,1),(104599,116,64,114,NULL,1),(104600,116,65,150,NULL,1),(104601,116,117,150,NULL,1),(104602,116,20,19,NULL,1),(104603,116,29,38,NULL,1),(104604,116,5,67,NULL,1),(104605,116,30,68,NULL,1),(104606,116,33,69,NULL,1),(104607,116,10,14,NULL,1),(104608,116,10,70,NULL,1),(104609,116,9,71,NULL,1),(104610,116,2,72,NULL,1),(104611,116,6,73,NULL,1),(104612,116,54,77,NULL,1),(104613,116,55,78,NULL,1),(104614,116,26,1,NULL,1),(104615,116,44,1,NULL,1),(104616,116,65,1,NULL,1),(104953,151,10,14,NULL,1),(104954,151,10,16,NULL,1),(104955,151,10,17,NULL,1),(104956,151,10,70,NULL,1),(104957,151,10,153,NULL,1),(104958,151,9,71,NULL,1),(104959,151,2,72,NULL,1),(104960,151,6,73,NULL,1),(104961,151,36,74,NULL,1),(104962,151,3,117,NULL,1),(104963,151,82,119,NULL,1),(104964,151,110,144,NULL,1),(104965,151,110,160,NULL,1),(104966,151,110,161,NULL,1),(104967,151,83,120,NULL,1),(104968,151,114,149,NULL,1),(104969,151,1,1,NULL,1),(104970,151,24,1,NULL,1),(104971,151,24,3,NULL,1),(104972,151,15,1,NULL,1),(104973,151,24,6,NULL,1),(104974,151,5,6,NULL,1),(104975,151,24,12,NULL,1),(104976,151,24,30,NULL,1),(104977,151,14,1,NULL,1),(104978,151,24,38,NULL,1),(104979,151,29,1,NULL,1),(104980,151,24,39,NULL,1),(104981,151,60,1,NULL,1),(104982,151,24,40,NULL,1),(104983,151,30,40,NULL,1),(104984,151,24,41,NULL,1),(104985,151,30,41,NULL,1),(104986,151,24,42,NULL,1),(104987,151,5,42,NULL,1),(104988,151,24,43,NULL,1),(104989,151,24,44,NULL,1),(104990,151,33,44,NULL,1),(104991,151,24,45,NULL,1),(104992,151,33,45,NULL,1),(104993,151,24,46,NULL,1),(104994,151,33,46,NULL,1),(104995,151,24,47,NULL,1),(104996,151,33,47,NULL,1),(104997,151,24,67,NULL,1),(104998,151,5,1,NULL,1),(104999,151,24,68,NULL,1),(105000,151,30,1,NULL,1),(105001,151,24,69,NULL,1),(105002,151,33,1,NULL,1),(105003,151,24,83,NULL,1),(105004,151,15,83,NULL,1),(105005,151,24,172,NULL,1),(105006,151,30,172,NULL,1),(105007,151,11,1,NULL,1),(105008,151,11,7,NULL,1),(105009,151,10,7,NULL,1),(105010,151,11,13,NULL,1),(105011,151,10,13,NULL,1),(105012,151,11,14,NULL,1),(105013,151,12,1,NULL,1),(105014,151,11,16,NULL,1),(105015,151,13,1,NULL,1),(105016,151,11,17,NULL,1),(105017,151,34,1,NULL,1),(105018,151,11,31,NULL,1),(105019,151,12,31,NULL,1),(105020,151,11,54,NULL,1),(105021,151,11,70,NULL,1),(105022,151,10,1,NULL,1),(105023,151,11,87,NULL,1),(105024,151,13,87,NULL,1),(105025,151,11,153,NULL,1),(105026,151,120,1,NULL,1),(105027,151,44,1,NULL,1),(105028,151,44,18,NULL,1),(105029,151,44,52,NULL,1),(105030,151,44,71,NULL,1),(105031,151,9,1,NULL,1),(105032,151,44,72,NULL,1),(105033,151,2,1,NULL,1),(105034,151,44,73,NULL,1),(105035,151,6,1,NULL,1),(105036,151,44,74,NULL,1),(105037,151,36,1,NULL,1),(105038,151,44,117,NULL,1),(105039,151,3,1,NULL,1),(105040,151,44,119,NULL,1),(105041,151,82,1,NULL,1),(105042,151,44,144,NULL,1),(105043,151,110,1,NULL,1),(105044,151,44,160,NULL,1),(105045,151,125,1,NULL,1),(105046,151,44,161,NULL,1),(105047,151,126,1,NULL,1),(105048,151,4,1,NULL,1),(105049,151,4,120,NULL,1),(105050,151,83,1,NULL,1),(105051,151,37,1,NULL,1),(105052,151,37,89,NULL,1),(105053,151,37,89,NULL,1),(105054,151,37,96,NULL,1),(105055,151,67,96,NULL,1),(105056,151,37,97,NULL,1),(105057,151,67,97,NULL,1),(105058,151,37,98,NULL,1),(105059,151,67,98,NULL,1),(105060,151,65,1,NULL,1),(105061,151,65,114,NULL,1),(105062,151,64,114,NULL,1),(105063,151,65,149,NULL,1),(105064,151,114,1,NULL,1),(105065,151,65,150,NULL,1),(105066,151,117,150,NULL,1),(105067,151,5,3,NULL,1),(105068,151,5,30,NULL,1),(105069,151,29,38,NULL,1),(105070,151,30,39,NULL,1),(105071,151,5,67,NULL,1),(105072,151,30,68,NULL,1),(105073,151,33,69,NULL,1),(105074,151,10,14,NULL,1),(105075,151,10,16,NULL,1),(105076,151,10,17,NULL,1),(105077,151,10,70,NULL,1),(105078,151,10,153,NULL,1),(105079,151,9,71,NULL,1),(105080,151,2,72,NULL,1),(105081,151,6,73,NULL,1),(105082,151,36,74,NULL,1),(105083,151,3,117,NULL,1),(105084,151,82,119,NULL,1),(105085,151,110,144,NULL,1),(105086,151,110,160,NULL,1),(105087,151,110,161,NULL,1),(105088,151,83,120,NULL,1),(105089,151,114,149,NULL,1),(105090,151,44,1,NULL,1),(105091,151,65,1,NULL,1),(105092,151,44,1,NULL,1),(105093,151,65,1,NULL,1),(105553,3,1,1,NULL,1),(105554,3,1,60,NULL,1),(105555,3,44,1,NULL,1),(105556,3,44,72,NULL,1),(105557,3,2,1,NULL,1),(105558,3,44,73,NULL,1),(105559,3,6,1,NULL,1),(105560,3,44,74,NULL,1),(105561,3,36,1,NULL,1),(105562,3,44,117,NULL,1),(105563,3,3,1,NULL,1),(105564,3,4,1,NULL,1),(105565,3,4,120,NULL,1),(105566,3,83,1,NULL,1),(105567,3,128,1,NULL,1),(105568,3,2,72,NULL,1),(105569,3,6,73,NULL,1),(105570,3,36,74,NULL,1),(105571,3,3,117,NULL,1),(105572,3,83,120,NULL,1),(105573,3,44,1,NULL,1),(105574,150,1,1,NULL,1),(105575,150,1,60,NULL,1),(105576,150,24,1,NULL,1),(105577,150,24,39,NULL,1),(105578,150,60,1,NULL,1),(105579,150,24,42,NULL,1),(105580,150,5,42,NULL,1),(105581,150,24,43,NULL,1),(105582,150,24,44,NULL,1),(105583,150,33,44,NULL,1),(105584,150,24,45,NULL,1),(105585,150,33,45,NULL,1),(105586,150,24,46,NULL,1),(105587,150,33,46,NULL,1),(105588,150,24,68,NULL,1),(105589,150,30,1,NULL,1),(105590,150,24,172,NULL,1),(105591,150,30,172,NULL,1),(105592,150,11,1,NULL,1),(105593,150,11,7,NULL,1),(105594,150,10,7,NULL,1),(105595,150,11,13,NULL,1),(105596,150,10,13,NULL,1),(105597,150,11,14,NULL,1),(105598,150,12,1,NULL,1),(105599,150,11,16,NULL,1),(105600,150,13,1,NULL,1),(105601,150,11,31,NULL,1),(105602,150,12,31,NULL,1),(105603,150,11,54,NULL,1),(105604,150,11,70,NULL,1),(105605,150,10,1,NULL,1),(105606,150,11,87,NULL,1),(105607,150,13,87,NULL,1),(105608,150,11,153,NULL,1),(105609,150,120,1,NULL,1),(105610,150,44,1,NULL,1),(105611,150,44,18,NULL,1),(105612,150,44,51,NULL,1),(105613,150,44,52,NULL,1),(105614,150,44,71,NULL,1),(105615,150,9,1,NULL,1),(105616,150,44,72,NULL,1),(105617,150,2,1,NULL,1),(105618,150,44,73,NULL,1),(105619,150,6,1,NULL,1),(105620,150,44,74,NULL,1),(105621,150,36,1,NULL,1),(105622,150,44,117,NULL,1),(105623,150,3,1,NULL,1),(105624,150,4,1,NULL,1),(105625,150,4,120,NULL,1),(105626,150,83,1,NULL,1),(105627,150,37,1,NULL,1),(105628,150,128,1,NULL,1),(105629,150,65,1,NULL,1),(105630,150,65,114,NULL,1),(105631,150,64,114,NULL,1),(105632,150,65,149,NULL,1),(105633,150,114,1,NULL,1),(105634,150,65,150,NULL,1),(105635,150,117,150,NULL,1),(105636,150,30,39,NULL,1),(105637,150,30,68,NULL,1),(105638,150,10,14,NULL,1),(105639,150,10,16,NULL,1),(105640,150,10,70,NULL,1),(105641,150,10,153,NULL,1),(105642,150,9,71,NULL,1),(105643,150,2,72,NULL,1),(105644,150,6,73,NULL,1),(105645,150,36,74,NULL,1),(105646,150,3,117,NULL,1),(105647,150,83,120,NULL,1),(105648,150,114,149,NULL,1),(105649,150,44,1,NULL,1),(105650,150,65,1,NULL,1),(105989,7,55,78,NULL,1),(105990,7,56,79,NULL,1),(105991,7,58,81,NULL,1),(105992,7,73,101,NULL,1),(105993,7,77,163,NULL,1),(105994,7,28,1,NULL,1),(105995,7,1,1,NULL,1),(105996,7,20,1,NULL,1),(105997,7,20,19,NULL,1),(105998,7,21,1,NULL,1),(105999,7,20,21,NULL,1),(106000,7,22,1,NULL,1),(106001,7,20,22,NULL,1),(106002,7,20,22,NULL,1),(106003,7,20,23,NULL,1),(106004,7,20,23,NULL,1),(106005,7,20,33,NULL,1),(106006,7,20,33,NULL,1),(106007,7,20,36,NULL,1),(106008,7,20,36,NULL,1),(106009,7,20,37,NULL,1),(106010,7,20,156,NULL,1),(106011,7,22,156,NULL,1),(106012,7,85,1,NULL,1),(106013,7,85,123,NULL,1),(106014,7,87,1,NULL,1),(106015,7,85,124,NULL,1),(106016,7,88,124,NULL,1),(106017,7,25,1,NULL,1),(106018,7,25,24,NULL,1),(106019,7,18,1,NULL,1),(106020,7,25,26,NULL,1),(106021,7,19,1,NULL,1),(106022,7,25,27,NULL,1),(106023,7,17,27,NULL,1),(106024,7,25,28,NULL,1),(106025,7,17,28,NULL,1),(106026,7,25,61,NULL,1),(106027,7,17,61,NULL,1),(106028,7,25,62,NULL,1),(106029,7,45,1,NULL,1),(106030,7,25,63,NULL,1),(106031,7,46,1,NULL,1),(106032,7,25,64,NULL,1),(106033,7,47,1,NULL,1),(106034,7,25,65,NULL,1),(106035,7,48,1,NULL,1),(106036,7,25,66,NULL,1),(106037,7,49,1,NULL,1),(106038,7,25,86,NULL,1),(106039,7,17,1,NULL,1),(106040,7,25,118,NULL,1),(106041,7,81,1,NULL,1),(106042,7,25,151,NULL,1),(106043,7,118,151,NULL,1),(106044,7,24,1,NULL,1),(106045,7,24,3,NULL,1),(106046,7,15,1,NULL,1),(106047,7,24,4,NULL,1),(106048,7,5,4,NULL,1),(106049,7,24,6,NULL,1),(106050,7,5,6,NULL,1),(106051,7,24,12,NULL,1),(106052,7,24,30,NULL,1),(106053,7,14,1,NULL,1),(106054,7,24,40,NULL,1),(106055,7,30,40,NULL,1),(106056,7,24,43,NULL,1),(106057,7,24,45,NULL,1),(106058,7,33,45,NULL,1),(106059,7,24,46,NULL,1),(106060,7,33,46,NULL,1),(106061,7,24,47,NULL,1),(106062,7,33,47,NULL,1),(106063,7,24,67,NULL,1),(106064,7,5,1,NULL,1),(106065,7,24,68,NULL,1),(106066,7,30,1,NULL,1),(106067,7,24,69,NULL,1),(106068,7,33,1,NULL,1),(106069,7,24,83,NULL,1),(106070,7,15,83,NULL,1),(106071,7,24,172,NULL,1),(106072,7,30,172,NULL,1),(106073,7,11,1,NULL,1),(106074,7,11,7,NULL,1),(106075,7,10,7,NULL,1),(106076,7,11,16,NULL,1),(106077,7,13,1,NULL,1),(106078,7,11,17,NULL,1),(106079,7,34,1,NULL,1),(106080,7,11,31,NULL,1),(106081,7,12,31,NULL,1),(106082,7,11,54,NULL,1),(106083,7,11,70,NULL,1),(106084,7,10,1,NULL,1),(106085,7,11,87,NULL,1),(106086,7,13,87,NULL,1),(106087,7,44,1,NULL,1),(106088,7,44,51,NULL,1),(106089,7,44,52,NULL,1),(106090,7,44,53,NULL,1),(106091,7,44,71,NULL,1),(106092,7,9,1,NULL,1),(106093,7,44,72,NULL,1),(106094,7,2,1,NULL,1),(106095,7,44,73,NULL,1),(106096,7,6,1,NULL,1),(106097,7,44,74,NULL,1),(106098,7,36,1,NULL,1),(106099,7,44,117,NULL,1),(106100,7,3,1,NULL,1),(106101,7,44,144,NULL,1),(106102,7,110,1,NULL,1),(106103,7,44,167,NULL,1),(106104,7,133,1,NULL,1),(106105,7,44,168,NULL,1),(106106,7,134,1,NULL,1),(106107,7,44,169,NULL,1),(106108,7,135,1,NULL,1),(106109,7,44,170,NULL,1),(106110,7,136,1,NULL,1),(106111,7,4,1,NULL,1),(106112,7,4,120,NULL,1),(106113,7,83,1,NULL,1),(106114,7,4,121,NULL,1),(106115,7,84,1,NULL,1),(106116,7,4,166,NULL,1),(106117,7,132,1,NULL,1),(106118,7,37,1,NULL,1),(106119,7,37,89,NULL,1),(106120,7,37,89,NULL,1),(106121,7,37,91,NULL,1),(106122,7,66,1,NULL,1),(106123,7,37,94,NULL,1),(106124,7,69,94,NULL,1),(106125,7,37,95,NULL,1),(106126,7,67,1,NULL,1),(106127,7,37,96,NULL,1),(106128,7,67,96,NULL,1),(106129,7,37,97,NULL,1),(106130,7,67,97,NULL,1),(106131,7,37,98,NULL,1),(106132,7,67,98,NULL,1),(106133,7,39,1,NULL,1),(106134,7,39,102,NULL,1),(106135,7,39,103,NULL,1),(106136,7,39,104,NULL,1),(106137,7,39,105,NULL,1),(106138,7,39,106,NULL,1),(106139,7,40,1,NULL,1),(106140,7,40,55,NULL,1),(106141,7,40,56,NULL,1),(106142,7,40,57,NULL,1),(106143,7,40,58,NULL,1),(106144,7,40,59,NULL,1),(106145,7,42,1,NULL,1),(106146,7,53,1,NULL,1),(106147,7,53,78,NULL,1),(106148,7,55,1,NULL,1),(106149,7,53,79,NULL,1),(106150,7,56,1,NULL,1),(106151,7,53,81,NULL,1),(106152,7,58,1,NULL,1),(106153,7,53,82,NULL,1),(106154,7,55,82,NULL,1),(106155,7,53,90,NULL,1),(106156,7,58,90,NULL,1),(106157,7,53,101,NULL,1),(106158,7,73,1,NULL,1),(106159,7,128,1,NULL,1),(106160,7,129,1,NULL,1),(106161,7,65,1,NULL,1),(106162,7,65,113,NULL,1),(106163,7,80,113,NULL,1),(106164,7,65,114,NULL,1),(106165,7,64,114,NULL,1),(106166,7,65,115,NULL,1),(106167,7,62,115,NULL,1),(106168,7,65,116,NULL,1),(106169,7,63,116,NULL,1),(106170,7,65,122,NULL,1),(106171,7,86,122,NULL,1),(106172,7,65,150,NULL,1),(106173,7,117,150,NULL,1),(106174,7,65,163,NULL,1),(106175,7,77,1,NULL,1),(106176,7,20,19,NULL,1),(106177,7,20,21,NULL,1),(106178,7,87,123,NULL,1),(106179,7,17,24,NULL,1),(106180,7,17,26,NULL,1),(106181,7,17,62,NULL,1),(106182,7,17,63,NULL,1),(106183,7,17,64,NULL,1),(106184,7,17,65,NULL,1),(106185,7,17,66,NULL,1),(106186,7,17,86,NULL,1),(106187,7,17,118,NULL,1),(106188,7,5,3,NULL,1),(106189,7,5,30,NULL,1),(106190,7,5,67,NULL,1),(106191,7,30,68,NULL,1),(106192,7,33,69,NULL,1),(106193,7,10,16,NULL,1),(106194,7,10,17,NULL,1),(106195,7,10,70,NULL,1),(106196,7,9,71,NULL,1),(106197,7,2,72,NULL,1),(106198,7,6,73,NULL,1),(106199,7,36,74,NULL,1),(106200,7,3,117,NULL,1),(106201,7,110,144,NULL,1),(106202,7,2,167,NULL,1),(106203,7,3,168,NULL,1),(106204,7,36,169,NULL,1),(106205,7,9,170,NULL,1),(106206,7,83,120,NULL,1),(106207,7,84,121,NULL,1),(106208,7,83,166,NULL,1),(106209,7,71,91,NULL,1),(106210,7,67,95,NULL,1),(106211,7,55,78,NULL,1),(106212,7,56,79,NULL,1),(106213,7,58,81,NULL,1),(106214,7,73,101,NULL,1),(106215,7,77,163,NULL,1),(106216,7,26,1,NULL,1),(106217,7,44,1,NULL,1),(106218,7,65,1,NULL,1),(106219,7,26,1,NULL,1),(106220,7,44,1,NULL,1),(106221,7,65,1,NULL,1),(106222,108,1,1,NULL,1),(106223,108,1,60,NULL,1),(106224,108,85,1,NULL,1),(106225,108,85,125,NULL,1),(106226,108,89,125,NULL,1),(106227,108,85,126,NULL,1),(106228,108,90,126,NULL,1),(106229,108,92,1,NULL,1),(106230,108,92,127,NULL,1),(106231,108,93,127,NULL,1),(106232,108,92,128,NULL,1),(106233,108,112,1,NULL,1),(106234,108,92,129,NULL,1),(106235,108,95,1,NULL,1),(106236,108,92,130,NULL,1),(106237,108,96,1,NULL,1),(106238,108,92,131,NULL,1),(106239,108,97,1,NULL,1),(106240,108,92,132,NULL,1),(106241,108,98,132,NULL,1),(106242,108,92,135,NULL,1),(106243,108,101,1,NULL,1),(106244,108,92,147,NULL,1),(106245,108,99,147,NULL,1),(106246,108,92,164,NULL,1),(106247,108,130,1,NULL,1),(106248,108,92,165,NULL,1),(106249,108,131,1,NULL,1),(106250,108,44,1,NULL,1),(106251,108,44,138,NULL,1),(106252,108,105,1,NULL,1),(106253,108,44,139,NULL,1),(106254,108,106,1,NULL,1),(106255,108,44,140,NULL,1),(106256,108,107,1,NULL,1),(106257,108,44,144,NULL,1),(106258,108,110,1,NULL,1),(106259,108,44,145,NULL,1),(106260,108,111,1,NULL,1),(106261,108,44,148,NULL,1),(106262,108,113,1,NULL,1),(106263,108,44,159,NULL,1),(106264,108,124,1,NULL,1),(106265,108,44,160,NULL,1),(106266,108,125,1,NULL,1),(106267,108,44,161,NULL,1),(106268,108,126,1,NULL,1),(106269,108,4,1,NULL,1),(106270,108,4,141,NULL,1),(106271,108,108,1,NULL,1),(106272,108,4,152,NULL,1),(106273,108,119,152,NULL,1),(106274,108,37,1,NULL,1),(106275,108,37,142,NULL,1),(106276,108,109,1,NULL,1),(106277,108,39,1,NULL,1),(106278,108,39,102,NULL,1),(106279,108,39,103,NULL,1),(106280,108,39,104,NULL,1),(106281,108,39,105,NULL,1),(106282,108,42,1,NULL,1),(106283,108,53,1,NULL,1),(106284,108,53,137,NULL,1),(106285,108,104,1,NULL,1),(106286,108,128,1,NULL,1),(106287,108,65,1,NULL,1),(106288,108,65,149,NULL,1),(106289,108,114,1,NULL,1),(106290,108,112,128,NULL,1),(106291,108,93,129,NULL,1),(106292,108,96,130,NULL,1),(106293,108,97,131,NULL,1),(106294,108,101,135,NULL,1),(106295,108,130,164,NULL,1),(106296,108,130,165,NULL,1),(106297,108,105,138,NULL,1),(106298,108,106,139,NULL,1),(106299,108,107,140,NULL,1),(106300,108,110,144,NULL,1),(106301,108,110,145,NULL,1),(106302,108,113,148,NULL,1),(106303,108,110,159,NULL,1),(106304,108,110,160,NULL,1),(106305,108,110,161,NULL,1),(106306,108,108,141,NULL,1),(106307,108,109,142,NULL,1),(106308,108,104,137,NULL,1),(106309,108,114,149,NULL,1),(106310,108,44,1,NULL,1),(106311,108,65,1,NULL,1),(106312,2,1,1,NULL,1),(106313,2,1,60,NULL,1),(106314,2,20,1,NULL,1),(106315,2,20,19,NULL,1),(106316,2,21,1,NULL,1),(106317,2,20,21,NULL,1),(106318,2,22,1,NULL,1),(106319,2,20,33,NULL,1),(106320,2,20,33,NULL,1),(106321,2,24,1,NULL,1),(106322,2,24,3,NULL,1),(106323,2,15,1,NULL,1),(106324,2,24,12,NULL,1),(106325,2,24,38,NULL,1),(106326,2,29,1,NULL,1),(106327,2,24,39,NULL,1),(106328,2,60,1,NULL,1),(106329,2,24,40,NULL,1),(106330,2,30,40,NULL,1),(106331,2,24,42,NULL,1),(106332,2,5,42,NULL,1),(106333,2,24,43,NULL,1),(106334,2,24,44,NULL,1),(106335,2,33,44,NULL,1),(106336,2,24,45,NULL,1),(106337,2,33,45,NULL,1),(106338,2,24,46,NULL,1),(106339,2,33,46,NULL,1),(106340,2,24,47,NULL,1),(106341,2,33,47,NULL,1),(106342,2,24,67,NULL,1),(106343,2,5,1,NULL,1),(106344,2,24,68,NULL,1),(106345,2,30,1,NULL,1),(106346,2,24,69,NULL,1),(106347,2,33,1,NULL,1),(106348,2,24,83,NULL,1),(106349,2,15,83,NULL,1),(106350,2,24,172,NULL,1),(106351,2,30,172,NULL,1),(106352,2,11,1,NULL,1),(106353,2,11,7,NULL,1),(106354,2,10,7,NULL,1),(106355,2,11,13,NULL,1),(106356,2,10,13,NULL,1),(106357,2,11,14,NULL,1),(106358,2,12,1,NULL,1),(106359,2,11,16,NULL,1),(106360,2,13,1,NULL,1),(106361,2,11,31,NULL,1),(106362,2,12,31,NULL,1),(106363,2,11,70,NULL,1),(106364,2,10,1,NULL,1),(106365,2,11,87,NULL,1),(106366,2,13,87,NULL,1),(106367,2,11,153,NULL,1),(106368,2,120,1,NULL,1),(106369,2,44,1,NULL,1),(106370,2,44,52,NULL,1),(106371,2,44,71,NULL,1),(106372,2,9,1,NULL,1),(106373,2,44,72,NULL,1),(106374,2,2,1,NULL,1),(106375,2,44,73,NULL,1),(106376,2,6,1,NULL,1),(106377,2,44,74,NULL,1),(106378,2,36,1,NULL,1),(106379,2,44,117,NULL,1),(106380,2,3,1,NULL,1),(106381,2,44,119,NULL,1),(106382,2,82,1,NULL,1),(106383,2,44,159,NULL,1),(106384,2,124,1,NULL,1),(106385,2,44,160,NULL,1),(106386,2,125,1,NULL,1),(106387,2,44,161,NULL,1),(106388,2,126,1,NULL,1),(106389,2,44,162,NULL,1),(106390,2,127,1,NULL,1),(106391,2,44,167,NULL,1),(106392,2,133,1,NULL,1),(106393,2,44,168,NULL,1),(106394,2,134,1,NULL,1),(106395,2,44,169,NULL,1),(106396,2,135,1,NULL,1),(106397,2,44,170,NULL,1),(106398,2,136,1,NULL,1),(106399,2,4,1,NULL,1),(106400,2,4,120,NULL,1),(106401,2,83,1,NULL,1),(106402,2,4,166,NULL,1),(106403,2,132,1,NULL,1),(106404,2,37,1,NULL,1),(106405,2,37,89,NULL,1),(106406,2,37,89,NULL,1),(106407,2,37,91,NULL,1),(106408,2,66,1,NULL,1),(106409,2,37,92,NULL,1),(106410,2,72,1,NULL,1),(106411,2,37,94,NULL,1),(106412,2,69,94,NULL,1),(106413,2,37,95,NULL,1),(106414,2,67,1,NULL,1),(106415,2,37,96,NULL,1),(106416,2,67,96,NULL,1),(106417,2,37,97,NULL,1),(106418,2,67,97,NULL,1),(106419,2,37,98,NULL,1),(106420,2,67,98,NULL,1),(106421,2,40,1,NULL,1),(106422,2,42,1,NULL,1),(106423,2,53,1,NULL,1),(106424,2,53,77,NULL,1),(106425,2,54,1,NULL,1),(106426,2,53,78,NULL,1),(106427,2,55,1,NULL,1),(106428,2,53,81,NULL,1),(106429,2,58,1,NULL,1),(106430,2,53,82,NULL,1),(106431,2,55,82,NULL,1),(106432,2,53,90,NULL,1),(106433,2,58,90,NULL,1),(106434,2,128,1,NULL,1),(106435,2,129,1,NULL,1),(106436,2,65,1,NULL,1),(106437,2,65,114,NULL,1),(106438,2,64,114,NULL,1),(106439,2,65,149,NULL,1),(106440,2,114,1,NULL,1),(106441,2,65,150,NULL,1),(106442,2,117,150,NULL,1),(106443,2,20,19,NULL,1),(106444,2,20,21,NULL,1),(106445,2,5,3,NULL,1),(106446,2,29,38,NULL,1),(106447,2,30,39,NULL,1),(106448,2,5,67,NULL,1),(106449,2,30,68,NULL,1),(106450,2,33,69,NULL,1),(106451,2,10,14,NULL,1),(106452,2,10,16,NULL,1),(106453,2,10,70,NULL,1),(106454,2,10,153,NULL,1),(106455,2,9,71,NULL,1),(106456,2,2,72,NULL,1),(106457,2,6,73,NULL,1),(106458,2,36,74,NULL,1),(106459,2,3,117,NULL,1),(106460,2,82,119,NULL,1),(106461,2,110,159,NULL,1),(106462,2,110,160,NULL,1),(106463,2,110,161,NULL,1),(106464,2,110,162,NULL,1),(106465,2,2,167,NULL,1),(106466,2,3,168,NULL,1),(106467,2,36,169,NULL,1),(106468,2,9,170,NULL,1),(106469,2,83,120,NULL,1),(106470,2,83,166,NULL,1),(106471,2,71,91,NULL,1),(106472,2,72,92,NULL,1),(106473,2,67,95,NULL,1),(106474,2,54,77,NULL,1),(106475,2,55,78,NULL,1),(106476,2,58,81,NULL,1),(106477,2,114,149,NULL,1),(106478,2,26,1,NULL,1),(106479,2,44,1,NULL,1),(106480,2,65,1,NULL,1);

--
-- Table structure for table `permissionsmapping_12`
--

CREATE TABLE `permissionsmapping_12` (
  `Id` int(11) NOT NULL AUTO_INCREMENT,
  `RoleId` int(11) NOT NULL,
  `PermissionId` int(11) NOT NULL,
  `OperationId` int(11) NOT NULL,
  `permissionUpdateId` int(100) DEFAULT NULL COMMENT 'this id from operation table',
  `Status` tinyint(1) NOT NULL DEFAULT '1',
  PRIMARY KEY (`Id`),
  KEY `RoleId` (`RoleId`),
  KEY `PermissionId` (`PermissionId`),
  KEY `OperationId` (`OperationId`),
  CONSTRAINT `permissionsmapping_12_ibfk_1` FOREIGN KEY (`RoleId`) REFERENCES `roles_old` (`Id`) ON DELETE CASCADE ON UPDATE CASCADE,
  CONSTRAINT `permissionsmapping_12_ibfk_2` FOREIGN KEY (`PermissionId`) REFERENCES `permissions_11` (`Id`) ON DELETE CASCADE ON UPDATE CASCADE,
  CONSTRAINT `permissionsmapping_12_ibfk_3` FOREIGN KEY (`OperationId`) REFERENCES `operations_11` (`Id`) ON DELETE CASCADE ON UPDATE CASCADE
) ENGINE=InnoDB DEFAULT CHARSET=utf8mb4;

--
-- Dumping data for table `permissionsmapping_12`
--


--
-- Table structure for table `permissionsmapping_123`
--

CREATE TABLE `permissionsmapping_123` (
  `Id` int(11) NOT NULL AUTO_INCREMENT,
  `RoleId` int(11) NOT NULL,
  `PermissionId` int(11) NOT NULL,
  `OperationId` int(11) NOT NULL,
  `permissionUpdateId` int(100) DEFAULT NULL COMMENT 'this id from operation table',
  `Status` tinyint(1) NOT NULL DEFAULT '1',
  PRIMARY KEY (`Id`),
  KEY `RoleId` (`RoleId`),
  KEY `PermissionId` (`PermissionId`),
  KEY `OperationId` (`OperationId`),
  CONSTRAINT `permissionsmapping_123_ibfk_1` FOREIGN KEY (`RoleId`) REFERENCES `roles_old` (`Id`) ON DELETE CASCADE ON UPDATE CASCADE,
  CONSTRAINT `permissionsmapping_123_ibfk_2` FOREIGN KEY (`PermissionId`) REFERENCES `permissions_11` (`Id`) ON DELETE CASCADE ON UPDATE CASCADE,
  CONSTRAINT `permissionsmapping_123_ibfk_3` FOREIGN KEY (`OperationId`) REFERENCES `operations_11` (`Id`) ON DELETE CASCADE ON UPDATE CASCADE
) ENGINE=InnoDB DEFAULT CHARSET=utf8mb4;

--
-- Dumping data for table `permissionsmapping_123`
--


--
-- Table structure for table `plan`
--

CREATE TABLE `plan` (
  `id` int(11) NOT NULL AUTO_INCREMENT,
  `name` varchar(100) DEFAULT NULL,
  `description` text,
  `duration` int(100) NOT NULL DEFAULT '0',
  `amount` varchar(100) DEFAULT NULL,
  `type` varchar(100) DEFAULT NULL,
  `status` varchar(100) DEFAULT 'deactive' COMMENT 'active,deactive',
  `aviableFor` varchar(100) DEFAULT NULL,
  `numerOfViews` varchar(111) DEFAULT NULL,
  `numerOfClicks` varchar(111) DEFAULT NULL,
  `createdBy` int(100) NOT NULL DEFAULT '0',
  `updatedBy` int(100) NOT NULL DEFAULT '0',
  `createdAt` datetime NOT NULL DEFAULT CURRENT_TIMESTAMP,
  `updatedAt` datetime NOT NULL DEFAULT CURRENT_TIMESTAMP ON UPDATE CURRENT_TIMESTAMP,
  PRIMARY KEY (`id`)
) ENGINE=InnoDB AUTO_INCREMENT=18 DEFAULT CHARSET=utf8mb4;

--
-- Dumping data for table `plan`
--

INSERT INTO `plan` VALUES (1,'VIP Plan','Will display in all the pages\n\nNo break for the day\n\nKeep repeating every 10 seconds\n',1,'2500','Advertisment','active','All','100','100',504429,0,'2022-04-29 12:41:48','2023-10-23 09:48:18'),(2,'Gold Plan','Will display in all the pages\n\nNo break for the day\n\nKeep repeating every 10 seconds\n',1,'1000','Advertisment','active','All','120','120',504429,0,'2022-05-05 07:30:30','2023-10-23 09:48:19'),(9,'name Gold','Type Description',1,'4000','Advertisment','active','Advertisement','111','111',8,0,'2022-05-10 15:19:40','2023-10-23 09:48:20'),(10,'Plan 2','Descriptoin',1,'5000','Advertisment','active','All','100','100',504429,0,'2022-05-13 12:01:56','2023-10-23 09:48:20'),(12,'MM PLan','Will display in all the pages\n\nNo break for the day\n\nKeep repeating every 10 seconds\n',1,'1250','Advertisment','deactive','All','300','300',504429,0,'2022-04-29 12:41:48','2023-10-23 09:48:21'),(13,'plan Name 3','description 3',6,'12000','Facial Recognition','active','Facial Recognition',NULL,NULL,504429,0,'2022-05-25 13:13:40','2022-06-01 16:13:41'),(14,'job posting advertisement','job posting advertisement',3,'1200','Job Posting','active',NULL,NULL,NULL,504429,0,'2022-06-03 15:13:54','2023-08-28 09:55:45'),(15,'Ad','Description',1,'123','News Agency Registration','deactive','News Agency Registration',NULL,NULL,504429,0,'2022-07-13 08:15:27','2023-10-20 11:31:03'),(16,'asdf','asdf',1,'500','Advertisement','deactive',NULL,'90','90',8,0,'2023-10-16 08:49:47','2023-10-23 09:48:22'),(17,'testing adver counts and numbrs','asdasdasdasd',10,'2000','Advertisement','deactive',NULL,'200','400',8,0,'2023-10-16 12:31:27','2023-10-16 12:31:27');

--
-- Table structure for table `questionoptions`
--

CREATE TABLE `questionoptions` (
  `QuestionOptionId` int(11) NOT NULL,
  `QuestionId` int(11) DEFAULT NULL,
  `QuestionOption` varchar(511) NOT NULL,
  `Status` tinyint(1) DEFAULT '1' COMMENT '1->Active,2->InActive'
) ENGINE=InnoDB DEFAULT CHARSET=utf8mb4;

--
-- Dumping data for table `questionoptions`
--


--
-- Table structure for table `record_history`
--

CREATE TABLE `record_history` (
  `id` int(11) NOT NULL AUTO_INCREMENT,
  `type` varchar(100) DEFAULT NULL,
  `typeId` varchar(100) DEFAULT NULL,
  `eventType` varchar(100) DEFAULT NULL,
  `updatedBy` varchar(100) DEFAULT NULL,
  `precintId` varchar(500) DEFAULT NULL,
  `updatedByUser` varchar(100) DEFAULT NULL,
  `ipDetails` varchar(100) DEFAULT NULL,
  `address` varchar(100) DEFAULT NULL,
  `createdBy` int(100) NOT NULL DEFAULT '0',
  `createdAt` datetime NOT NULL DEFAULT CURRENT_TIMESTAMP,
  PRIMARY KEY (`id`)
) ENGINE=InnoDB AUTO_INCREMENT=9915 DEFAULT CHARSET=latin1;

--
-- Dumping data for table `record_history`
--

INSERT INTO `record_history` VALUES (1,'complaints','87','view','540969','527232',NULL,NULL,NULL,540969,'2023-03-23 06:57:58'),(2,'complaints','88','view','540970','527232',NULL,NULL,NULL,540970,'2023-03-23 06:57:58'),(4,'complaints','87','update',NULL,'527232','697',NULL,NULL,540970,'2023-03-23 06:57:58'),(5,'complaints','87','update',NULL,'527232','688',NULL,'',0,'2023-03-23 08:34:11'),(6,'complaints','78','view',NULL,'527232','688',NULL,NULL,662,'2023-03-23 12:16:32'),(7,'complaints','78','view','540969','527232',NULL,NULL,NULL,540969,'2023-03-23 12:20:11'),(8,'complaints','78','view','540969','527232',NULL,NULL,NULL,540969,'2023-03-23 12:31:31'),(9,'complaints','84','view','540969',NULL,NULL,NULL,NULL,540969,'2023-03-24 10:05:01'),(10,'complaints','84','view','540969',NULL,NULL,NULL,NULL,540969,'2023-03-24 10:08:13'),(11,'officerReview','84','update','540969',NULL,NULL,NULL,NULL,540969,'2023-03-24 10:08:13'),(12,'complaints','84','view','540969','527232',NULL,NULL,NULL,540969,'2023-03-24 12:27:13'),(13,'complaints','84','view','541088','527232',NULL,NULL,NULL,541088,'2023-03-24 13:07:34'),(14,'complaints','84','view','541088','527232',NULL,NULL,NULL,541088,'2023-03-24 13:07:57'),(15,'complaints','84','close','541088','527232',NULL,NULL,NULL,541088,'2023-03-24 13:08:04'),(18,'complaints','78','view','540969','527232',NULL,NULL,NULL,540969,'2023-03-27 06:56:04'),(19,'complaints','83','view','513217','499480',NULL,NULL,NULL,513217,'2023-03-27 07:02:50'),(20,'complaints','83','update','513217','499480',NULL,NULL,NULL,513217,'2023-03-27 07:02:55'),(21,'complaints','83','close','513217','499480',NULL,NULL,NULL,513217,'2023-03-27 07:03:57'),(22,'complaints','83','view','513217','499480',NULL,NULL,NULL,513217,'2023-03-27 07:05:07'),(35,'complaints','83','view','','499480','681',NULL,NULL,681,'2023-03-27 09:57:55'),(36,'complaints','83','view','','499480','681',NULL,NULL,681,'2023-03-27 10:40:42'),(37,'complaints','83','view','','499480','681',NULL,NULL,681,'2023-03-27 10:40:43'),(38,'complaints','83','view','','499480','681',NULL,NULL,681,'2023-03-27 10:42:17'),(39,'complaints','83','view','','499480','681',NULL,NULL,681,'2023-03-27 10:42:18'),(40,'complaints','83','view','','499480','681',NULL,NULL,681,'2023-03-27 10:43:51'),(41,'complaints','83','view','','499480','681',NULL,NULL,681,'2023-03-27 10:44:07'),(42,'complaints','83','view','','499480','681',NULL,NULL,681,'2023-03-27 10:44:08'),(43,'complaints','83','view','','499480','681',NULL,NULL,681,'2023-03-27 10:56:41'),(44,'complaints','83','view','','499480','681',NULL,NULL,681,'2023-03-27 10:59:30'),(45,'complaints','82','view','','499480','681',NULL,NULL,681,'2023-03-27 11:01:01'),(46,'complaints','82','view','513217','499480','',NULL,NULL,513217,'2023-03-27 11:01:41'),(47,'complaints','82','update','513217','499480','',NULL,NULL,513217,'2023-03-27 11:01:46'),(48,'whistleblower','138','view','513217','499480','',NULL,NULL,513217,'2023-03-27 11:04:22'),(49,'whistleblower','138','view','513217','499480','',NULL,NULL,513217,'2023-03-27 11:04:45'),(50,'whistleblower','138','view','513217','499480','',NULL,NULL,513217,'2023-03-27 11:07:36'),(51,'whistleblower','138','view','513217','499480','',NULL,NULL,513217,'2023-03-27 11:16:47'),(52,'whistleblower','138','view','513217','499480','',NULL,NULL,513217,'2023-03-27 11:17:47'),(53,'whistleblower','138','update','513217','499480','',NULL,NULL,513217,'2023-03-27 11:18:06'),(54,'whistleblower','138','view','','499480','681',NULL,NULL,681,'2023-03-27 11:18:51'),(55,'missingperson','154','view','513217','499480','',NULL,NULL,513217,'2023-03-27 11:20:46'),(56,'missingperson','154','view','513217','499480','',NULL,NULL,513217,'2023-03-27 11:27:47'),(57,'crimestopper','72','view','513217','499480','',NULL,NULL,513217,'2023-03-27 11:30:34'),(58,'missingperson','154','view','513217','499480','',NULL,NULL,513217,'2023-03-27 11:42:08'),(59,'missingperson','154','view','513217','499480','',NULL,NULL,513217,'2023-03-27 11:51:28'),(60,'missingperson','154','view','513217','499480','',NULL,NULL,513217,'2023-03-27 12:05:18'),(61,'missingperson','154','update','513217','499480','',NULL,NULL,513217,'2023-03-27 12:06:33'),(62,'missingperson','154','view','','499480','681',NULL,NULL,681,'2023-03-27 12:07:42'),(63,'crimestopper','72','view','','499480','681',NULL,NULL,681,'2023-03-27 12:19:35'),(64,'crimestopper','72','view','','499480','681',NULL,NULL,681,'2023-03-27 12:25:00'),(65,'crimestopper','72','view','513217','499480','',NULL,NULL,513217,'2023-03-27 12:25:54'),(66,'crimestopper','72','view','513217','499480','',NULL,NULL,513217,'2023-03-27 12:26:10'),(67,'crimestopper','72','view','513217','499480','',NULL,NULL,513217,'2023-03-27 12:26:27'),(68,'crimestopper','72','view','513217','499480','',NULL,NULL,513217,'2023-03-27 12:28:01'),(69,'crimestopper','72','view','513217','499480','',NULL,NULL,513217,'2023-03-27 12:31:47'),(70,'crimestopper','72','update','513217','499480','',NULL,NULL,513217,'2023-03-27 12:35:44'),(71,'missingperson','154','view','513217','499480','',NULL,NULL,513217,'2023-03-28 09:44:53'),(72,'complaints','81','view','513217','499480','',NULL,NULL,513217,'2023-03-28 14:06:43'),(73,'complaints','77','view','513217','499480','',NULL,NULL,513217,'2023-03-28 14:07:09'),(74,'complaints','87','view','513217','499480','',NULL,NULL,513217,'2023-03-28 14:10:43'),(75,'complaints','87','close','513217','499480','',NULL,NULL,513217,'2023-03-28 14:11:03'),(76,'complaints','85','view','','499480','682',NULL,NULL,682,'2023-03-30 10:13:08'),(77,'complaints','81','view','','499480','682',NULL,NULL,682,'2023-03-30 10:44:24'),(78,'whistleblower','145','view','','499480','682',NULL,NULL,682,'2023-03-30 10:46:29'),(79,'whistleblower','145','view','','499480','682',NULL,NULL,682,'2023-03-30 10:46:34'),(80,'crimestopper','72','view','','499480','682',NULL,NULL,682,'2023-03-30 10:46:56'),(81,'missingperson','153','view','','499480','682',NULL,NULL,682,'2023-03-30 12:09:45'),(82,'complaints','86','view','540969','527232','',NULL,NULL,540969,'2023-03-30 13:49:26'),(83,'whistleblower','146','view','540969','527232','',NULL,NULL,540969,'2023-03-30 13:49:50'),(84,'missingperson','147','view','540969','527232','',NULL,NULL,540969,'2023-03-30 13:49:59'),(85,'missingperson','153','view','','499480','682',NULL,NULL,682,'2023-03-30 14:17:53'),(86,'whistleblower','146','view','','527232','682',NULL,NULL,682,'2023-03-30 14:18:46'),(87,'whistleblower','146','view','','527232','682',NULL,NULL,682,'2023-03-30 14:18:48'),(88,'whistleblower','145','view','','499480','682',NULL,NULL,682,'2023-03-30 14:19:06'),(89,'crimestopper','71','view','','499480','682',NULL,NULL,682,'2023-03-30 14:19:12'),(90,'crimestopper','72','view','','499480','682',NULL,NULL,682,'2023-03-31 05:01:34'),(91,'missingperson','153','view','','499480','682',NULL,NULL,682,'2023-04-03 08:41:05'),(92,'missingperson','153','view','','499480','682',NULL,NULL,682,'2023-04-03 12:15:18'),(93,'missingperson','153','view','','499480','682',NULL,NULL,682,'2023-04-03 12:16:29'),(94,'complaints','86','view','540969','527232','',NULL,NULL,540969,'2023-04-03 14:15:38'),(95,'complaints','86','view','540969','527232','',NULL,NULL,540969,'2023-04-03 14:22:17'),(96,'complaints','86','view','540969','527232','',NULL,NULL,540969,'2023-04-03 14:23:18'),(97,'complaints','86','view','540969','527232','',NULL,NULL,540969,'2023-04-03 14:24:14'),(98,'missingperson','147','view','540969','527232','',NULL,NULL,540969,'2023-04-03 14:25:49'),(99,'missingperson','147','view','540969','527232','',NULL,NULL,540969,'2023-04-03 14:28:14'),(100,'missingperson','147','view','540969','527232','',NULL,NULL,540969,'2023-04-03 14:29:19'),(101,'missingperson','147','view','540969','527232','',NULL,NULL,540969,'2023-04-03 14:45:39'),(102,'missingperson','147','view','540969','527232','',NULL,NULL,540969,'2023-04-03 15:08:29'),(103,'complaints','84','view','540969','527232','',NULL,NULL,540969,'2023-04-03 15:09:37'),(104,'complaints','84','view','540969','527232','',NULL,NULL,540969,'2023-04-03 15:10:02'),(105,'complaints','86','view','540969','527232','',NULL,NULL,540969,'2023-04-03 15:10:33'),(106,'complaints','86','view','540969','527232','',NULL,NULL,540969,'2023-04-03 15:15:46'),(107,'complaints','86','view','540969','527232','',NULL,NULL,540969,'2023-04-03 15:16:10'),(108,'complaints','86','view','540969','527232','',NULL,NULL,540969,'2023-04-03 15:19:14'),(109,'complaints','86','view','540969','527232','',NULL,NULL,540969,'2023-04-03 15:20:59'),(110,'complaints','86','view','540969','527232','',NULL,NULL,540969,'2023-04-03 15:21:20'),(111,'complaints','84','view','540969','527232','',NULL,NULL,540969,'2023-04-03 15:22:31'),(112,'complaints','86','view','540969','527232','',NULL,NULL,540969,'2023-04-04 06:49:08'),(113,'openrecord','4','view','540969','527232','',NULL,NULL,540969,'2023-04-04 07:02:09'),(114,'openrecord','4','view','540969','527232','',NULL,NULL,540969,'2023-04-04 07:12:51'),(115,'openrecord','4','view','540969','527232','',NULL,NULL,540969,'2023-04-04 07:12:52'),(116,'openrecord','4','update','540969','527232','',NULL,NULL,540969,'2023-04-04 07:13:06'),(117,'openrecord','4','view','540969','527232','',NULL,NULL,540969,'2023-04-04 07:20:47'),(118,'openrecord','4','view','540969','527232','',NULL,NULL,540969,'2023-04-04 07:31:34'),(119,'openrecord','4','view','540969','527232','',NULL,NULL,540969,'2023-04-04 07:33:55'),(120,'openrecord','4','update','540969','527232','',NULL,NULL,540969,'2023-04-04 07:34:25'),(121,'complaints','86','view','540969','527232','',NULL,NULL,540969,'2023-04-04 07:59:08'),(122,'openrecord','4','view','540969','527232','',NULL,NULL,540969,'2023-04-05 08:16:35'),(123,'missingperson','147','view','540969','527232','',NULL,NULL,540969,'2023-04-05 09:31:39'),(124,'missingperson','147','view','540969','527232','',NULL,NULL,540969,'2023-04-05 09:35:07'),(125,'missingperson','147','view','540969','527232','',NULL,NULL,540969,'2023-04-05 09:42:21'),(126,'missingperson','147','view','540969','527232','',NULL,NULL,540969,'2023-04-05 09:42:31'),(127,'missingperson','147','view','540969','527232','',NULL,NULL,540969,'2023-04-05 09:44:32'),(128,'missingperson','147','view','540969','527232','',NULL,NULL,540969,'2023-04-05 09:49:22'),(129,'missingperson','147','view','540969','527232','',NULL,NULL,540969,'2023-04-05 09:50:00'),(130,'missingperson','147','view','540969','527232','',NULL,NULL,540969,'2023-04-05 09:51:25'),(131,'missingperson','147','view','540969','527232','',NULL,NULL,540969,'2023-04-05 09:53:57'),(132,'missingperson','147','view','540969','527232','',NULL,NULL,540969,'2023-04-05 09:54:07'),(133,'missingperson','147','view','540969','527232','',NULL,NULL,540969,'2023-04-05 09:54:21'),(134,'missingperson','147','view','540969','527232','',NULL,NULL,540969,'2023-04-05 09:56:54'),(135,'missingperson','147','view','540969','527232','',NULL,NULL,540969,'2023-04-05 09:56:58'),(136,'missingperson','147','view','540969','527232','',NULL,NULL,540969,'2023-04-05 09:59:06'),(137,'missingperson','147','view','540969','527232','',NULL,NULL,540969,'2023-04-05 09:59:11'),(138,'missingperson','147','view','540969','527232','',NULL,NULL,540969,'2023-04-05 10:05:58'),(139,'missingperson','147','view','540969','527232','',NULL,NULL,540969,'2023-04-05 10:15:59'),(140,'missingperson','147','view','540969','527232','',NULL,NULL,540969,'2023-04-05 10:20:08'),(141,'missingperson','147','view','540969','527232','',NULL,NULL,540969,'2023-04-05 10:38:12'),(142,'missingperson','147','view','540969','527232','',NULL,NULL,540969,'2023-04-05 10:46:09'),(143,'missingperson','147','view','540969','527232','',NULL,NULL,540969,'2023-04-05 10:46:31'),(144,'missingperson','147','view','540969','527232','',NULL,NULL,540969,'2023-04-05 10:48:05'),(145,'missingperson','147','view','540969','527232','',NULL,NULL,540969,'2023-04-05 10:48:15'),(146,'complaints','86','view','540969','527232','',NULL,NULL,540969,'2023-04-05 10:54:04'),(147,'complaints','66','view','540969','527232','',NULL,NULL,540969,'2023-04-05 10:56:01'),(148,'complaints','66','view','540969','527232','',NULL,NULL,540969,'2023-04-05 10:57:03'),(149,'missingperson','45','view','540969','527232','',NULL,NULL,540969,'2023-04-05 10:57:24'),(150,'missingperson','147','view','540969','527232','',NULL,NULL,540969,'2023-04-05 11:02:05'),(151,'missingperson','147','view','540969','527232','',NULL,NULL,540969,'2023-04-05 11:07:05'),(152,'complaints','66','view','540969','527232','',NULL,NULL,540969,'2023-04-05 11:08:22'),(153,'complaints','66','view','540969','527232','',NULL,NULL,540969,'2023-04-05 11:09:56'),(154,'missingperson','45','view','540969','527232','',NULL,NULL,540969,'2023-04-05 11:10:33'),(155,'crimestopper','53','view','540969','527232','',NULL,NULL,540969,'2023-04-05 11:10:33'),(156,'missingperson','147','view','540969','527232','',NULL,NULL,540969,'2023-04-05 11:11:09'),(157,'crimestopper','53','view','540969','527232','',NULL,NULL,540969,'2023-04-05 11:11:24'),(158,'missingperson','147','view','540969','527232','',NULL,NULL,540969,'2023-04-05 11:14:53'),(159,'missingperson','147','view','540969','527232','',NULL,NULL,540969,'2023-04-05 11:15:03'),(160,'missingperson','147','view','540969','527232','',NULL,NULL,540969,'2023-04-05 11:15:26'),(161,'missingperson','147','view','540969','527232','',NULL,NULL,540969,'2023-04-05 11:16:26'),(162,'missingperson','45','view','540969','527232','',NULL,NULL,540969,'2023-04-05 11:23:26'),(163,'missingperson','147','view','540969','527232','',NULL,NULL,540969,'2023-04-05 11:30:57'),(164,'missingperson','147','view','540969','527232','',NULL,NULL,540969,'2023-04-05 11:35:24'),(165,'missingperson','147','view','540969','527232','',NULL,NULL,540969,'2023-04-05 11:37:40'),(166,'missingperson','147','view','540969','527232','',NULL,NULL,540969,'2023-04-05 11:38:19'),(167,'missingperson','147','view','540969','527232','',NULL,NULL,540969,'2023-04-05 11:39:55'),(168,'missingperson','147','view','540969','527232','',NULL,NULL,540969,'2023-04-05 11:42:40'),(169,'missingperson','147','view','540969','527232','',NULL,NULL,540969,'2023-04-05 11:43:02'),(170,'missingperson','147','view','540969','527232','',NULL,NULL,540969,'2023-04-05 11:43:13'),(171,'missingperson','147','view','540969','527232','',NULL,NULL,540969,'2023-04-05 11:43:46'),(172,'missingperson','147','view','540969','527232','',NULL,NULL,540969,'2023-04-05 11:44:29'),(173,'missingperson','147','view','540969','527232','',NULL,NULL,540969,'2023-04-05 11:44:58'),(174,'missingperson','147','view','540969','527232','',NULL,NULL,540969,'2023-04-05 11:45:18'),(175,'missingperson','147','view','540969','527232','',NULL,NULL,540969,'2023-04-05 11:45:30'),(176,'missingperson','147','view','540969','527232','',NULL,NULL,540969,'2023-04-05 11:46:27'),(177,'missingperson','147','view','540969','527232','',NULL,NULL,540969,'2023-04-05 11:47:01'),(178,'missingperson','147','view','540969','527232','',NULL,NULL,540969,'2023-04-05 11:47:45'),(179,'missingperson','147','view','540969','527232','',NULL,NULL,540969,'2023-04-05 11:48:49'),(180,'missingperson','147','view','540969','527232','',NULL,NULL,540969,'2023-04-05 11:49:03'),(181,'missingperson','147','view','540969','527232','',NULL,NULL,540969,'2023-04-05 11:49:44'),(182,'missingperson','147','view','540969','527232','',NULL,NULL,540969,'2023-04-05 11:49:55'),(183,'missingperson','147','view','540969','527232','',NULL,NULL,540969,'2023-04-05 11:49:56'),(184,'missingperson','147','view','540969','527232','',NULL,NULL,540969,'2023-04-05 11:49:57'),(185,'missingperson','147','view','540969','527232','',NULL,NULL,540969,'2023-04-05 11:51:51'),(186,'missingperson','147','view','540969','527232','',NULL,NULL,540969,'2023-04-05 11:51:54'),(187,'crimestopper','47','view','540969','527232','',NULL,NULL,540969,'2023-04-05 11:54:08'),(188,'whistleblower','146','view','540969','527232','',NULL,NULL,540969,'2023-04-05 11:56:03'),(189,'complaints','86','view','540969','527232','',NULL,NULL,540969,'2023-04-05 11:56:30'),(190,'complaints','86','view','540969','527232','',NULL,NULL,540969,'2023-04-05 12:02:28'),(191,'complaints','86','view','540969','527232','',NULL,NULL,540969,'2023-04-05 12:02:52'),(192,'complaints','86','view','540969','527232','',NULL,NULL,540969,'2023-04-05 12:04:46'),(193,'complaints','86','view','540969','527232','',NULL,NULL,540969,'2023-04-05 12:05:25'),(194,'complaints','86','view','540969','527232','',NULL,NULL,540969,'2023-04-05 12:06:39'),(195,'complaints','86','view','540969','527232','',NULL,NULL,540969,'2023-04-05 12:08:29'),(196,'whistleblower','146','view','540969','527232','',NULL,NULL,540969,'2023-04-05 12:09:12'),(197,'whistleblower','146','view','540969','527232','',NULL,NULL,540969,'2023-04-05 12:11:03'),(198,'crimestopper','47','view','540969','527232','',NULL,NULL,540969,'2023-04-05 12:11:19'),(199,'crimestopper','47','view','540969','527232','',NULL,NULL,540969,'2023-04-05 12:56:06'),(200,'crimestopper','53','view','540969','527232','',NULL,NULL,540969,'2023-04-05 12:56:19'),(201,'complaints','86','view','540969','527232','',NULL,NULL,540969,'2023-04-05 13:16:24'),(202,'complaints','66','view','540969','527232','',NULL,NULL,540969,'2023-04-05 13:16:31'),(203,'missingperson','45','view','540969','527232','',NULL,NULL,540969,'2023-04-05 13:16:59'),(204,'crimestopper','53','view','540969','527232','',NULL,NULL,540969,'2023-04-05 13:17:02'),(205,'complaints','66','view','540969','527232','',NULL,NULL,540969,'2023-04-05 13:37:32'),(206,'missingperson','45','view','540969','527232','',NULL,NULL,540969,'2023-04-05 13:37:44'),(207,'whistleblower','125','view','540969','527232','',NULL,NULL,540969,'2023-04-05 13:38:04'),(208,'complaints','66','view','540969','527232','',NULL,NULL,540969,'2023-04-05 13:38:29'),(209,'whistleblower','125','view','540969','527232','',NULL,NULL,540969,'2023-04-05 13:39:00'),(210,'complaints','66','view','540969','527232','',NULL,NULL,540969,'2023-04-05 13:39:15'),(211,'complaints','66','view','540969','527232','',NULL,NULL,540969,'2023-04-05 13:39:48'),(212,'missingperson','147','view','540969','527232','',NULL,NULL,540969,'2023-04-05 13:41:22'),(213,'missingperson','147','view','540969','527232','',NULL,NULL,540969,'2023-04-05 13:43:00'),(214,'missingperson','147','view','540969','527232','',NULL,NULL,540969,'2023-04-05 13:43:43'),(215,'missingperson','147','view','540969','527232','',NULL,NULL,540969,'2023-04-05 13:43:49'),(216,'complaints','66','view','540969','527232','',NULL,NULL,540969,'2023-04-05 13:44:43'),(217,'missingperson','147','view','540969','527232','',NULL,NULL,540969,'2023-04-05 13:45:01'),(218,'complaints','66','view','540969','527232','',NULL,NULL,540969,'2023-04-05 13:45:05'),(219,'complaints','86','view','540969','527232','',NULL,NULL,540969,'2023-04-05 13:45:37'),(220,'missingperson','131','view','540969','527232','',NULL,NULL,540969,'2023-04-05 13:45:46'),(221,'complaints','66','view','540969','527232','',NULL,NULL,540969,'2023-04-05 13:45:49'),(222,'missingperson','147','view','540969','527232','',NULL,NULL,540969,'2023-04-05 13:46:01'),(223,'missingperson','147','view','540969','527232','',NULL,NULL,540969,'2023-04-05 13:46:28'),(224,'missingperson','147','view','540969','527232','',NULL,NULL,540969,'2023-04-05 13:46:39'),(225,'missingperson','147','view','540969','527232','',NULL,NULL,540969,'2023-04-05 13:47:20'),(226,'missingperson','147','view','540969','527232','',NULL,NULL,540969,'2023-04-05 13:48:28'),(227,'missingperson','147','view','540969','527232','',NULL,NULL,540969,'2023-04-05 13:49:12'),(228,'missingperson','147','view','540969','527232','',NULL,NULL,540969,'2023-04-05 13:49:55'),(229,'complaints','66','view','540969','527232','',NULL,NULL,540969,'2023-04-05 13:50:04'),(230,'missingperson','45','view','540969','527232','',NULL,NULL,540969,'2023-04-05 13:50:33'),(231,'missingperson','45','view','540969','527232','',NULL,NULL,540969,'2023-04-05 13:52:54'),(232,'missingperson','147','view','540969','527232','',NULL,NULL,540969,'2023-04-05 13:53:55'),(233,'missingperson','45','view','540969','527232','',NULL,NULL,540969,'2023-04-05 13:54:16'),(234,'complaints','66','view','540969','527232','',NULL,NULL,540969,'2023-04-05 14:02:47'),(235,'complaints','66','view','540969','527232','',NULL,NULL,540969,'2023-04-05 14:03:02'),(236,'missingperson','45','view','540969','527232','',NULL,NULL,540969,'2023-04-05 14:05:34'),(237,'complaints','81','view','513217','499480','',NULL,NULL,513217,'2023-04-05 14:19:13'),(238,'complaints','81','view','513217','499480','',NULL,NULL,513217,'2023-04-05 14:19:38'),(239,'complaints','81','view','513217','499480','',NULL,NULL,513217,'2023-04-05 14:19:56'),(240,'complaints','79','view','513217','499480','',NULL,NULL,513217,'2023-04-05 14:20:51'),(241,'complaints','79','view','513217','499480','',NULL,NULL,513217,'2023-04-05 14:21:45'),(242,'complaints','81','view','513217','499480','',NULL,NULL,513217,'2023-04-05 14:22:04'),(243,'complaints','80','view','513217','499480','',NULL,NULL,513217,'2023-04-05 14:22:10'),(244,'complaints','81','view','513217','499480','',NULL,NULL,513217,'2023-04-05 14:23:08'),(245,'complaints','80','view','513217','499480','',NULL,NULL,513217,'2023-04-05 14:23:16'),(246,'complaints','81','view','513217','499480','',NULL,NULL,513217,'2023-04-05 14:24:13'),(247,'complaints','81','view','513217','499480','',NULL,NULL,513217,'2023-04-05 14:24:14'),(248,'complaints','81','view','513217','499480','',NULL,NULL,513217,'2023-04-05 14:24:20'),(249,'complaints','80','view','513217','499480','',NULL,NULL,513217,'2023-04-05 14:24:23'),(250,'complaints','79','view','513217','499480','',NULL,NULL,513217,'2023-04-05 14:24:35'),(251,'complaints','80','view','513217','499480','',NULL,NULL,513217,'2023-04-05 14:25:30'),(252,'missingperson','154','view','513217','499480','',NULL,NULL,513217,'2023-04-05 14:26:12'),(253,'complaints','80','view','513217','499480','',NULL,NULL,513217,'2023-04-05 14:26:33'),(254,'complaints','81','view','513217','499480','',NULL,NULL,513217,'2023-04-05 14:27:46'),(255,'complaints','80','view','513217','499480','',NULL,NULL,513217,'2023-04-05 14:29:08'),(256,'complaints','81','view','513217','499480','',NULL,NULL,513217,'2023-04-05 14:47:33'),(257,'complaints','80','view','513217','499480','',NULL,NULL,513217,'2023-04-05 14:47:55'),(258,'complaints','80','view','513217','499480','',NULL,NULL,513217,'2023-04-06 06:17:50'),(259,'missingperson','147','view','540969','527232','',NULL,NULL,540969,'2023-04-06 08:48:19'),(260,'missingperson','147','view','540969','527232','',NULL,NULL,540969,'2023-04-06 08:48:35'),(261,'missingperson','147','view','540969','527232','',NULL,NULL,540969,'2023-04-06 09:05:04'),(262,'missingperson','147','view','540969','527232','',NULL,NULL,540969,'2023-04-06 09:09:48'),(263,'missingperson','147','view','540969','527232','',NULL,NULL,540969,'2023-04-06 09:13:39'),(264,'missingperson','147','view','540969','527232','',NULL,NULL,540969,'2023-04-06 09:18:05'),(265,'missingperson','147','view','540969','527232','',NULL,NULL,540969,'2023-04-06 09:29:00'),(266,'missingperson','147','view','540969','527232','',NULL,NULL,540969,'2023-04-06 09:34:57'),(267,'missingperson','147','view','540969','527232','',NULL,NULL,540969,'2023-04-06 09:42:57'),(268,'missingperson','147','view','540969','527232','',NULL,NULL,540969,'2023-04-06 09:43:36'),(269,'missingperson','147','view','540969','527232','',NULL,NULL,540969,'2023-04-06 09:45:36'),(270,'missingperson','147','view','540969','527232','',NULL,NULL,540969,'2023-04-06 09:51:16'),(271,'missingperson','147','view','540969','527232','',NULL,NULL,540969,'2023-04-06 10:13:14'),(272,'missingperson','147','view','540969','527232','',NULL,NULL,540969,'2023-04-06 10:16:14'),(273,'missingperson','147','view','540969','527232','',NULL,NULL,540969,'2023-04-06 10:19:05'),(274,'missingperson','147','view','540969','527232','',NULL,NULL,540969,'2023-04-06 10:22:15'),(275,'missingperson','147','view','540969','527232','',NULL,NULL,540969,'2023-04-06 10:22:26'),(276,'missingperson','147','view','540969','527232','',NULL,NULL,540969,'2023-04-06 10:24:08'),(277,'missingperson','147','view','540969','527232','',NULL,NULL,540969,'2023-04-06 11:04:23'),(278,'missingperson','147','view','540969','527232','',NULL,NULL,540969,'2023-04-06 11:08:18'),(279,'missingperson','147','view','540969','527232','',NULL,NULL,540969,'2023-04-06 11:08:59'),(280,'missingperson','147','view','540969','527232','',NULL,NULL,540969,'2023-04-06 11:22:55'),(281,'missingperson','147','view','540969','527232','',NULL,NULL,540969,'2023-04-06 11:24:24'),(282,'missingperson','147','view','540969','527232','',NULL,NULL,540969,'2023-04-06 11:25:08'),(283,'missingperson','147','view','540969','527232','',NULL,NULL,540969,'2023-04-06 11:26:58'),(284,'missingperson','147','view','540969','527232','',NULL,NULL,540969,'2023-04-06 11:27:10'),(285,'missingperson','147','view','540969','527232','',NULL,NULL,540969,'2023-04-06 11:27:45'),(286,'missingperson','147','view','540969','527232','',NULL,NULL,540969,'2023-04-06 11:30:28'),(287,'missingperson','147','view','540969','527232','',NULL,NULL,540969,'2023-04-06 11:32:23'),(288,'missingperson','147','view','540969','527232','',NULL,NULL,540969,'2023-04-06 12:00:29'),(289,'missingperson','147','view','540969','527232','',NULL,NULL,540969,'2023-04-07 10:31:29'),(290,'missingperson','147','view','540969','527232','',NULL,NULL,540969,'2023-04-07 10:57:45'),(291,'missingperson','147','view','540969','527232','',NULL,NULL,540969,'2023-04-07 11:05:24'),(292,'missingperson','147','view','540969','527232','',NULL,NULL,540969,'2023-04-07 11:31:06'),(293,'missingperson','147','view','540969','527232','',NULL,NULL,540969,'2023-04-07 11:33:27'),(294,'missingperson','147','view','540969','527232','',NULL,NULL,540969,'2023-04-07 11:36:10'),(295,'missingperson','147','view','540969','527232','',NULL,NULL,540969,'2023-04-07 11:38:49'),(296,'missingperson','147','view','540969','527232','',NULL,NULL,540969,'2023-04-07 11:40:53'),(297,'missingperson','147','view','540969','527232','',NULL,NULL,540969,'2023-04-07 11:42:37'),(298,'missingperson','147','view','540969','527232','',NULL,NULL,540969,'2023-04-07 11:44:27'),(299,'missingperson','147','view','540969','527232','',NULL,NULL,540969,'2023-04-07 11:44:35'),(300,'missingperson','154','view','513217','499480','',NULL,NULL,513217,'2023-04-07 11:44:52'),(301,'missingperson','147','view','540969','527232','',NULL,NULL,540969,'2023-04-07 11:49:31'),(302,'missingperson','147','view','540969','527232','',NULL,NULL,540969,'2023-04-07 11:53:29'),(303,'missingperson','147','view','540969','527232','',NULL,NULL,540969,'2023-04-07 11:58:43'),(304,'missingperson','147','view','540969','527232','',NULL,NULL,540969,'2023-04-07 12:01:11'),(305,'missingperson','147','view','540969','527232','',NULL,NULL,540969,'2023-04-07 12:02:47'),(306,'missingperson','147','view','540969','527232','',NULL,NULL,540969,'2023-04-07 12:04:55'),(307,'missingperson','147','view','540969','527232','',NULL,NULL,540969,'2023-04-07 12:07:57'),(308,'missingperson','147','view','540969','527232','',NULL,NULL,540969,'2023-04-07 12:09:51'),(309,'missingperson','147','view','540969','527232','',NULL,NULL,540969,'2023-04-07 12:10:44'),(310,'missingperson','147','view','540969','527232','',NULL,NULL,540969,'2023-04-07 12:12:07'),(311,'missingperson','147','view','540969','527232','',NULL,NULL,540969,'2023-04-07 12:23:23'),(312,'missingperson','147','view','540969','527232','',NULL,NULL,540969,'2023-04-07 12:24:53'),(313,'missingperson','147','view','540969','527232','',NULL,NULL,540969,'2023-04-07 12:25:12'),(314,'missingperson','147','view','540969','527232','',NULL,NULL,540969,'2023-04-07 12:26:15'),(315,'missingperson','147','view','540969','527232','',NULL,NULL,540969,'2023-04-07 12:28:19'),(316,'missingperson','147','view','540969','527232','',NULL,NULL,540969,'2023-04-07 12:28:38'),(317,'missingperson','147','view','540969','527232','',NULL,NULL,540969,'2023-04-07 12:30:00'),(318,'missingperson','147','view','540969','527232','',NULL,NULL,540969,'2023-04-07 12:30:27'),(319,'missingperson','147','view','540969','527232','',NULL,NULL,540969,'2023-04-07 12:34:14'),(320,'missingperson','147','view','540969','527232','',NULL,NULL,540969,'2023-04-07 13:04:59'),(321,'missingperson','147','view','540969','527232','',NULL,NULL,540969,'2023-04-07 13:30:58'),(322,'missingperson','147','view','540969','527232','',NULL,NULL,540969,'2023-04-07 13:31:47'),(323,'missingperson','147','view','540969','527232','',NULL,NULL,540969,'2023-04-07 13:33:58'),(324,'missingperson','147','view','540969','527232','',NULL,NULL,540969,'2023-04-07 13:35:47'),(325,'missingperson','147','view','540969','527232','',NULL,NULL,540969,'2023-04-07 13:38:42'),(326,'missingperson','147','view','540969','527232','',NULL,NULL,540969,'2023-04-07 13:41:40'),(327,'missingperson','147','view','540969','527232','',NULL,NULL,540969,'2023-04-07 13:53:07'),(328,'missingperson','147','view','540969','527232','',NULL,NULL,540969,'2023-04-07 13:53:38'),(329,'missingperson','147','view','540969','527232','',NULL,NULL,540969,'2023-04-07 14:37:10'),(330,'missingperson','147','view','540969','527232','',NULL,NULL,540969,'2023-04-07 14:38:04'),(331,'missingperson','147','view','540969','527232','',NULL,NULL,540969,'2023-04-07 14:38:42'),(332,'missingperson','147','view','540969','527232','',NULL,NULL,540969,'2023-04-07 14:40:30'),(333,'complaints','81','view','513217','499480','',NULL,NULL,513217,'2023-04-10 06:17:27'),(334,'missingperson','147','view','540969','527232','',NULL,NULL,540969,'2023-04-10 07:36:54'),(335,'missingperson','147','view','540969','527232','',NULL,NULL,540969,'2023-04-10 07:37:11'),(336,'missingperson','147','view','540969','527232','',NULL,NULL,540969,'2023-04-10 07:37:49'),(337,'missingperson','147','view','540969','527232','',NULL,NULL,540969,'2023-04-10 07:53:50'),(338,'missingperson','147','view','540969','527232','',NULL,NULL,540969,'2023-04-10 07:57:52'),(339,'missingperson','147','view','540969','527232','',NULL,NULL,540969,'2023-04-10 08:50:43'),(340,'missingperson','147','view','540969','527232','',NULL,NULL,540969,'2023-04-10 08:52:28'),(341,'missingperson','147','view','540969','527232','',NULL,NULL,540969,'2023-04-10 08:52:54'),(342,'missingperson','147','view','540969','527232','',NULL,NULL,540969,'2023-04-10 08:55:33'),(343,'missingperson','147','view','540969','527232','',NULL,NULL,540969,'2023-04-10 08:59:04'),(344,'missingperson','147','view','540969','527232','',NULL,NULL,540969,'2023-04-10 08:59:16'),(345,'missingperson','147','view','540969','527232','',NULL,NULL,540969,'2023-04-10 09:12:05'),(346,'missingperson','147','view','540969','527232','',NULL,NULL,540969,'2023-04-10 09:27:29'),(347,'missingperson','147','view','540969','527232','',NULL,NULL,540969,'2023-04-10 09:28:12'),(348,'missingperson','147','view','540969','527232','',NULL,NULL,540969,'2023-04-10 09:37:11'),(349,'missingperson','147','view','540969','527232','',NULL,NULL,540969,'2023-04-10 09:38:20'),(350,'complaints','81','view','513217','499480','',NULL,NULL,513217,'2023-04-10 09:48:18'),(351,'missingperson','147','view','540969','527232','',NULL,NULL,540969,'2023-04-10 09:50:01'),(352,'missingperson','147','view','540969','527232','',NULL,NULL,540969,'2023-04-10 09:51:19'),(353,'missingperson','147','view','540969','527232','',NULL,NULL,540969,'2023-04-10 09:52:22'),(354,'missingperson','147','view','540969','527232','',NULL,NULL,540969,'2023-04-10 09:56:45'),(355,'missingperson','147','view','540969','527232','',NULL,NULL,540969,'2023-04-10 10:00:42'),(356,'complaints','81','view','513217','499480','',NULL,NULL,513217,'2023-04-10 10:01:51'),(357,'complaints','79','view','513217','499480','',NULL,NULL,513217,'2023-04-10 10:07:03'),(358,'complaints','80','view','513217','499480','',NULL,NULL,513217,'2023-04-10 10:07:06'),(359,'complaints','79','view','513217','499480','',NULL,NULL,513217,'2023-04-10 10:07:13'),(360,'complaints','80','view','513217','499480','',NULL,NULL,513217,'2023-04-10 10:07:33'),(361,'complaints','80','view','513217','499480','',NULL,NULL,513217,'2023-04-10 10:07:49'),(362,'complaints','80','view','513217','499480','',NULL,NULL,513217,'2023-04-10 10:10:17'),(363,'missingperson','147','view','540969','527232','',NULL,NULL,540969,'2023-04-10 10:10:32'),(364,'complaints','79','view','513217','499480','',NULL,NULL,513217,'2023-04-10 10:10:46'),(365,'complaints','79','view','513217','499480','',NULL,NULL,513217,'2023-04-10 10:10:47'),(366,'missingperson','147','view','540969','527232','',NULL,NULL,540969,'2023-04-10 10:12:11'),(367,'missingperson','147','view','540969','527232','',NULL,NULL,540969,'2023-04-10 10:20:20'),(368,'complaints','79','view','513217','499480','',NULL,NULL,513217,'2023-04-10 10:26:55'),(369,'missingperson','147','view','540969','527232','',NULL,NULL,540969,'2023-04-10 10:31:32'),(370,'missingperson','147','view','540969','527232','',NULL,NULL,540969,'2023-04-10 10:34:40'),(371,'missingperson','147','view','540969','527232','',NULL,NULL,540969,'2023-04-10 10:34:48'),(372,'complaints','81','view','513217','499480','',NULL,NULL,513217,'2023-04-10 10:49:41'),(373,'missingperson','152','view','540969','527232','',NULL,NULL,540969,'2023-04-10 10:50:26'),(374,'complaints','79','view','513217','499480','',NULL,NULL,513217,'2023-04-10 11:00:24'),(375,'complaints','81','view','513217','499480','',NULL,NULL,513217,'2023-04-10 11:01:27'),(376,'complaints','80','view','513217','499480','',NULL,NULL,513217,'2023-04-10 11:01:27'),(377,'complaints','80','view','513217','499480','',NULL,NULL,513217,'2023-04-10 11:01:48'),(378,'complaints','86','view','540969','527232','',NULL,NULL,540969,'2023-04-10 11:03:41'),(379,'complaints','79','view','540969','499480','',NULL,NULL,540969,'2023-04-10 11:03:59'),(380,'complaints','80','view','513217','499480','',NULL,NULL,513217,'2023-04-10 11:04:30'),(381,'complaints','80','view','540969','499480','',NULL,NULL,540969,'2023-04-10 11:04:37'),(382,'complaints','80','view','513217','499480','',NULL,NULL,513217,'2023-04-10 11:13:59'),(383,'missingperson','147','view','540969','527232','',NULL,NULL,540969,'2023-04-10 11:14:29'),(384,'missingperson','147','view','540969','527232','',NULL,NULL,540969,'2023-04-10 11:25:20'),(385,'complaints','86','view','540969','527232','',NULL,NULL,540969,'2023-04-10 12:01:27'),(386,'missingperson','147','view','540969','527232','',NULL,NULL,540969,'2023-04-10 12:07:54'),(387,'complaints','86','view','540969','527232','',NULL,NULL,540969,'2023-04-10 12:08:53'),(388,'complaints','86','view','540969','527232','',NULL,NULL,540969,'2023-04-10 12:11:10'),(389,'complaints','86','view','540969','527232','',NULL,NULL,540969,'2023-04-10 12:12:37'),(390,'complaints','86','view','540969','527232','',NULL,NULL,540969,'2023-04-10 12:20:31'),(391,'complaints','80','view','540969','499480','',NULL,NULL,540969,'2023-04-10 12:22:34'),(392,'complaints','80','view','540969','499480','',NULL,NULL,540969,'2023-04-10 12:23:58'),(393,'complaints','86','view','540969','527232','',NULL,NULL,540969,'2023-04-10 12:23:58'),(394,'complaints','80','view','513217','499480','',NULL,NULL,513217,'2023-04-10 12:28:51'),(395,'missingperson','147','view','540969','527232','',NULL,NULL,540969,'2023-04-10 12:30:59'),(396,'missingperson','147','view','540969','527232','',NULL,NULL,540969,'2023-04-10 12:31:14'),(397,'missingperson','147','view','540969','527232','',NULL,NULL,540969,'2023-04-10 12:31:42'),(398,'complaints','80','view','540969','499480','',NULL,NULL,540969,'2023-04-10 12:32:31'),(399,'missingperson','147','view','540969','527232','',NULL,NULL,540969,'2023-04-10 12:32:47'),(400,'missingperson','147','view','540969','527232','',NULL,NULL,540969,'2023-04-10 12:35:07'),(401,'missingperson','147','view','540969','527232','',NULL,NULL,540969,'2023-04-10 12:38:04'),(402,'missingperson','147','view','540969','527232','',NULL,NULL,540969,'2023-04-10 12:38:44'),(403,'missingperson','147','view','540969','527232','',NULL,NULL,540969,'2023-04-10 12:40:12'),(404,'missingperson','147','view','540969','527232','',NULL,NULL,540969,'2023-04-10 12:41:36'),(405,'missingperson','147','view','540969','527232','',NULL,NULL,540969,'2023-04-10 12:43:30'),(406,'missingperson','147','view','540969','527232','',NULL,NULL,540969,'2023-04-10 12:47:54'),(407,'missingperson','147','view','540969','527232','',NULL,NULL,540969,'2023-04-10 12:59:50'),(408,'missingperson','147','view','540969','527232','',NULL,NULL,540969,'2023-04-10 13:08:44'),(409,'crimestopper','70','view','','499480','682',NULL,NULL,682,'2023-04-10 13:48:50'),(410,'missingperson','151','view','','499480','682',NULL,NULL,682,'2023-04-10 13:50:26'),(411,'missingperson','154','view','513217','499480','',NULL,NULL,513217,'2023-04-10 13:50:57'),(412,'missingperson','135','view','513217','499480','',NULL,NULL,513217,'2023-04-10 13:51:22'),(413,'missingperson','41','view','513217','499480','',NULL,NULL,513217,'2023-04-10 13:51:52'),(414,'complaints','81','view','513217','499480','',NULL,NULL,513217,'2023-04-10 14:46:42'),(415,'complaints','87','view','','499480','642',NULL,NULL,642,'2023-04-10 14:58:22'),(416,'missingperson','147','view','540969','527232','',NULL,NULL,540969,'2023-04-10 15:04:47'),(417,'complaints','88','view','','499480','642',NULL,NULL,642,'2023-04-10 15:12:38'),(418,'complaints','88','view','513217','499480','',NULL,NULL,513217,'2023-04-10 15:13:42'),(419,'complaints','88','view','513217','499480','',NULL,NULL,513217,'2023-04-10 15:15:01'),(420,'missingperson','147','view','540969','527232','',NULL,NULL,540969,'2023-04-10 15:16:43'),(421,'complaints','88','view','513217','499480','',NULL,NULL,513217,'2023-04-10 15:20:10'),(422,'missingperson','147','view','540969','527232','',NULL,NULL,540969,'2023-04-10 15:20:38'),(423,'complaints','90','view','','527232','684',NULL,NULL,684,'2023-04-11 11:00:32'),(424,'missingperson','147','view','540969','527232','',NULL,NULL,540969,'2023-04-12 07:41:34'),(425,'missingperson','147','view','540969','527232','',NULL,NULL,540969,'2023-04-12 07:44:51'),(426,'missingperson','147','view','540969','527232','',NULL,NULL,540969,'2023-04-12 07:46:09'),(427,'missingperson','147','view','540969','527232','',NULL,NULL,540969,'2023-04-12 08:03:30'),(428,'missingperson','147','view','540969','527232','',NULL,NULL,540969,'2023-04-12 08:03:48'),(429,'missingperson','147','view','540969','527232','',NULL,NULL,540969,'2023-04-12 08:17:23'),(430,'missingperson','147','view','540969','527232','',NULL,NULL,540969,'2023-04-12 08:17:55'),(431,'missingperson','147','view','540969','527232','',NULL,NULL,540969,'2023-04-12 08:24:35'),(432,'missingperson','147','view','540969','527232','',NULL,NULL,540969,'2023-04-12 08:25:11'),(433,'missingperson','147','view','540969','527232','',NULL,NULL,540969,'2023-04-12 08:26:37'),(434,'missingperson','147','view','540969','527232','',NULL,NULL,540969,'2023-04-12 08:27:15'),(435,'missingperson','147','view','540969','527232','',NULL,NULL,540969,'2023-04-12 09:51:43'),(436,'missingperson','147','view','540969','527232','',NULL,NULL,540969,'2023-04-12 11:12:20'),(437,'missingperson','147','view','540969','527232','',NULL,NULL,540969,'2023-04-12 11:23:35'),(438,'missingperson','147','view','540969','527232','',NULL,NULL,540969,'2023-04-12 11:44:02'),(439,'missingperson','147','view','540969','527232','',NULL,NULL,540969,'2023-04-12 11:49:02'),(440,'missingperson','147','view','540969','527232','',NULL,NULL,540969,'2023-04-12 11:50:42'),(441,'missingperson','147','view','540969','527232','',NULL,NULL,540969,'2023-04-12 13:07:48'),(442,'missingperson','147','view','540969','527232','',NULL,NULL,540969,'2023-04-12 13:10:42'),(443,'missingperson','147','view','540969','527232','',NULL,NULL,540969,'2023-04-12 13:12:16'),(444,'missingperson','147','view','540969','527232','',NULL,NULL,540969,'2023-04-12 13:13:48'),(445,'missingperson','147','view','540969','527232','',NULL,NULL,540969,'2023-04-12 13:18:32'),(446,'missingperson','147','view','540969','527232','',NULL,NULL,540969,'2023-04-12 13:19:54'),(447,'missingperson','147','view','540969','527232','',NULL,NULL,540969,'2023-04-12 13:20:59'),(448,'missingperson','147','view','540969','527232','',NULL,NULL,540969,'2023-04-12 13:27:15'),(449,'missingperson','147','view','540969','527232','',NULL,NULL,540969,'2023-04-12 13:53:43'),(450,'complaints','90','view','540969','527232','',NULL,NULL,540969,'2023-04-12 14:06:22'),(451,'missingperson','147','view','540969','527232','',NULL,NULL,540969,'2023-04-13 08:50:32'),(452,'missingperson','147','view','540969','527232','',NULL,NULL,540969,'2023-04-13 08:53:57'),(453,'missingperson','145','view','540969','527232','',NULL,NULL,540969,'2023-04-13 09:30:45'),(454,'missingperson','147','view','540969','527232','',NULL,NULL,540969,'2023-04-13 09:34:15'),(455,'missingperson','147','view','540969','527232','',NULL,NULL,540969,'2023-04-13 11:34:53'),(456,'missingperson','147','view','540969','527232','',NULL,NULL,540969,'2023-04-13 11:35:23'),(457,'missingperson','147','view','540969','527232','',NULL,NULL,540969,'2023-04-13 11:40:44'),(458,'missingperson','147','view','540969','527232','',NULL,NULL,540969,'2023-04-13 11:54:02'),(459,'missingperson','147','view','540969','527232','',NULL,NULL,540969,'2023-04-13 11:54:32'),(460,'missingperson','147','view','540969','527232','',NULL,NULL,540969,'2023-04-13 11:56:19'),(461,'missingperson','147','view','540969','527232','',NULL,NULL,540969,'2023-04-13 11:56:31'),(462,'missingperson','147','view','540969','527232','',NULL,NULL,540969,'2023-04-13 11:58:09'),(463,'missingperson','147','view','540969','527232','',NULL,NULL,540969,'2023-04-13 11:58:52'),(464,'missingperson','147','view','540969','527232','',NULL,NULL,540969,'2023-04-13 12:00:41'),(465,'missingperson','147','view','540969','527232','',NULL,NULL,540969,'2023-04-13 12:08:44'),(466,'missingperson','147','view','540969','527232','',NULL,NULL,540969,'2023-04-13 12:08:58'),(467,'missingperson','147','view','540969','527232','',NULL,NULL,540969,'2023-04-13 12:09:17'),(468,'missingperson','147','view','540969','527232','',NULL,NULL,540969,'2023-04-13 12:40:47'),(469,'missingperson','147','view','540969','527232','',NULL,NULL,540969,'2023-04-13 12:42:27'),(470,'missingperson','147','view','540969','527232','',NULL,NULL,540969,'2023-04-13 13:01:31'),(471,'complaints','90','view','540969','527232','',NULL,NULL,540969,'2023-04-14 12:43:59'),(472,'complaints','89','view','540969','527232','',NULL,NULL,540969,'2023-04-14 12:44:21'),(473,'complaints','72','view','540969','527232','',NULL,NULL,540969,'2023-04-14 12:44:32'),(474,'whistleblower','146','view','540969','527232','',NULL,NULL,540969,'2023-04-14 12:45:07'),(475,'openrecord','4','view','540969','527232','',NULL,NULL,540969,'2023-04-14 12:46:11'),(476,'openrecord','4','view','540969','527232','',NULL,NULL,540969,'2023-04-14 12:47:07'),(477,'missingperson','127','view','540969','527232','',NULL,NULL,540969,'2023-04-14 14:18:52'),(478,'missingperson','127','view','540969','527232','',NULL,NULL,540969,'2023-04-14 15:05:33'),(479,'missingperson','127','view','540969','527232','',NULL,NULL,540969,'2023-04-14 15:09:02'),(480,'missingperson','127','view','540969','527232','',NULL,NULL,540969,'2023-04-14 15:13:31'),(481,'missingperson','147','view','540969','527232','',NULL,NULL,540969,'2023-04-17 12:17:10'),(482,'missingperson','147','view','540969','527232','',NULL,NULL,540969,'2023-04-17 12:18:05'),(483,'missingperson','147','view','540969','527232','',NULL,NULL,540969,'2023-04-17 12:18:56'),(484,'missingperson','146','view','540969','527232','',NULL,NULL,540969,'2023-04-17 12:19:17'),(485,'missingperson','132','view','540969','527232','',NULL,NULL,540969,'2023-04-17 12:19:54'),(486,'missingperson','131','view','540969','527232','',NULL,NULL,540969,'2023-04-17 12:20:28'),(487,'missingperson','131','view','540969','527232','',NULL,NULL,540969,'2023-04-17 12:20:54'),(488,'missingperson','130','view','540969','527232','',NULL,NULL,540969,'2023-04-17 12:29:02'),(489,'missingperson','130','view','540969','527232','',NULL,NULL,540969,'2023-04-17 12:29:29'),(490,'missingperson','147','view','540969','527232','',NULL,NULL,540969,'2023-04-17 12:30:00'),(491,'missingperson','147','view','540969','527232','',NULL,NULL,540969,'2023-04-17 12:30:12'),(492,'missingperson','147','view','540969','527232','',NULL,NULL,540969,'2023-04-17 12:51:24'),(493,'missingperson','132','view','540969','527232','',NULL,NULL,540969,'2023-04-17 12:52:36'),(494,'missingperson','131','view','540969','527232','',NULL,NULL,540969,'2023-04-17 12:53:04'),(495,'missingperson','127','view','540969','527232','',NULL,NULL,540969,'2023-04-17 12:53:29'),(496,'missingperson','147','view','540969','527232','',NULL,NULL,540969,'2023-04-17 13:21:08'),(497,'missingperson','147','view','540969','527232','',NULL,NULL,540969,'2023-04-17 13:24:43'),(498,'missingperson','131','view','540969','527232','',NULL,NULL,540969,'2023-04-17 13:25:29'),(499,'missingperson','131','view','540969','527232','',NULL,NULL,540969,'2023-04-17 13:25:44'),(500,'missingperson','132','view','540969','527232','',NULL,NULL,540969,'2023-04-17 13:26:53'),(501,'missingperson','132','view','540969','527232','',NULL,NULL,540969,'2023-04-17 13:26:59'),(502,'missingperson','132','view','540969','527232','',NULL,NULL,540969,'2023-04-17 13:39:18'),(503,'missingperson','132','view','540969','527232','',NULL,NULL,540969,'2023-04-17 13:39:32'),(504,'missingperson','132','view','540969','527232','',NULL,NULL,540969,'2023-04-17 13:40:02'),(505,'missingperson','132','view','540969','527232','',NULL,NULL,540969,'2023-04-17 13:40:37'),(506,'missingperson','132','view','540969','527232','',NULL,NULL,540969,'2023-04-17 13:41:21'),(507,'missingperson','132','view','540969','527232','',NULL,NULL,540969,'2023-04-17 13:42:26'),(508,'missingperson','132','view','540969','527232','',NULL,NULL,540969,'2023-04-17 13:42:49'),(509,'missingperson','147','view','540969','527232','',NULL,NULL,540969,'2023-04-17 13:56:17'),(510,'complaints','91','view','','499480','620',NULL,NULL,620,'2023-04-17 15:12:44'),(511,'complaints','91','view','','499480','620',NULL,NULL,620,'2023-04-17 15:23:33'),(512,'missingperson','155','view','','499480','620',NULL,NULL,620,'2023-04-17 15:34:13'),(513,'missingperson','155','view','','499480','620',NULL,NULL,620,'2023-04-17 15:35:27'),(514,'complaints','92','view','','527232','588',NULL,NULL,588,'2023-04-18 10:09:37'),(515,'complaints','93','view','','527232','684',NULL,NULL,684,'2023-04-18 13:08:19'),(516,'whistleblower','147','view','','527232','439',NULL,NULL,439,'2023-04-18 13:50:31'),(517,'whistleblower','147','view','','527232','439',NULL,NULL,439,'2023-04-18 13:51:05'),(518,'whistleblower','147','view','','527232','439',NULL,NULL,439,'2023-04-18 14:07:22'),(519,'missingperson','156','view','','527232','439',NULL,NULL,439,'2023-04-19 13:01:05'),(520,'missingperson','156','view','','527232','439',NULL,NULL,439,'2023-04-19 13:02:19'),(521,'missingperson','156','view','','527232','439',NULL,NULL,439,'2023-04-19 13:44:09'),(522,'missingperson','156','view','','527232','439',NULL,NULL,439,'2023-04-19 13:45:25'),(523,'missingperson','156','view','540969','527232','',NULL,NULL,540969,'2023-04-20 07:03:04'),(524,'missingperson','156','view','540969','527232','',NULL,NULL,540969,'2023-04-20 07:25:23'),(525,'missingperson','156','view','540969','527232','',NULL,NULL,540969,'2023-04-20 07:25:56'),(526,'missingperson','156','view','540969','527232','',NULL,NULL,540969,'2023-04-20 07:29:27'),(527,'missingperson','156','view','540969','527232','',NULL,NULL,540969,'2023-04-20 07:34:42'),(528,'missingperson','156','view','540969','527232','',NULL,NULL,540969,'2023-04-20 07:45:46'),(529,'missingperson','156','view','540969','527232','',NULL,NULL,540969,'2023-04-20 07:46:43'),(530,'missingperson','132','view','540969','527232','',NULL,NULL,540969,'2023-04-20 07:54:12'),(531,'missingperson','131','view','540969','527232','',NULL,NULL,540969,'2023-04-20 07:55:36'),(532,'missingperson','131','view','540969','527232','',NULL,NULL,540969,'2023-04-20 07:56:26'),(533,'missingperson','130','view','540969','527232','',NULL,NULL,540969,'2023-04-20 07:57:07'),(534,'complaints','95','view','','527232','789',NULL,NULL,789,'2023-04-20 09:34:19'),(535,'complaints','96','view','','527232','789',NULL,NULL,789,'2023-04-20 09:39:41'),(536,'whistleblower','147','view','540969','527232','',NULL,NULL,540969,'2023-04-20 10:23:25'),(537,'whistleblower','147','view','540969','527232','',NULL,NULL,540969,'2023-04-20 10:23:34'),(538,'whistleblower','147','view','540969','527232','',NULL,NULL,540969,'2023-04-20 10:24:37'),(539,'whistleblower','147','view','540969','527232','',NULL,NULL,540969,'2023-04-20 10:27:06'),(540,'whistleblower','147','view','','527232','439',NULL,NULL,439,'2023-04-20 12:14:48'),(541,'whistleblower','147','view','','527232','439',NULL,NULL,439,'2023-04-20 12:14:58'),(542,'missingperson','156','view','540969','527232','',NULL,NULL,540969,'2023-04-20 13:56:54'),(543,'missingperson','156','view','540969','527232','',NULL,NULL,540969,'2023-04-20 13:57:17'),(544,'missingperson','156','view','540969','527232','',NULL,NULL,540969,'2023-04-20 13:58:08'),(545,'missingperson','156','view','540969','527232','',NULL,NULL,540969,'2023-04-20 14:03:46'),(546,'missingperson','147','view','540969','527232','',NULL,NULL,540969,'2023-04-20 14:04:39'),(547,'missingperson','147','view','540969','527232','',NULL,NULL,540969,'2023-04-20 14:05:37'),(548,'missingperson','147','view','540969','527232','',NULL,NULL,540969,'2023-04-20 14:05:55'),(549,'missingperson','147','view','540969','527232','',NULL,NULL,540969,'2023-04-20 14:06:43'),(550,'missingperson','156','view','540969','527232','',NULL,NULL,540969,'2023-04-20 14:28:58'),(551,'missingperson','156','view','540969','527232','',NULL,NULL,540969,'2023-04-20 14:42:58'),(552,'missingperson','156','view','540969','527232','',NULL,NULL,540969,'2023-04-20 14:55:43'),(553,'missingperson','156','view','540969','527232','',NULL,NULL,540969,'2023-04-20 14:57:42'),(554,'missingperson','156','view','540969','527232','',NULL,NULL,540969,'2023-04-21 06:41:54'),(555,'missingperson','156','view','540969','527232','',NULL,NULL,540969,'2023-04-21 06:42:24'),(556,'missingperson','156','view','540969','527232','',NULL,NULL,540969,'2023-04-21 06:51:31'),(557,'missingperson','156','view','540969','527232','',NULL,NULL,540969,'2023-04-21 06:59:47'),(558,'missingperson','156','view','540969','527232','',NULL,NULL,540969,'2023-04-21 07:13:35'),(559,'missingperson','156','view','540969','527232','',NULL,NULL,540969,'2023-04-21 07:13:59'),(560,'missingperson','156','view','540969','527232','',NULL,NULL,540969,'2023-04-21 07:17:36'),(561,'missingperson','156','view','540969','527232','',NULL,NULL,540969,'2023-04-21 07:20:31'),(562,'missingperson','156','view','540969','527232','',NULL,NULL,540969,'2023-04-21 07:27:41'),(563,'missingperson','145','view','540969','527232','',NULL,NULL,540969,'2023-04-21 07:48:09'),(564,'missingperson','145','view','','527232','789',NULL,NULL,789,'2023-04-21 08:04:00'),(565,'missingperson','145','view','','527232','789',NULL,NULL,789,'2023-04-21 08:04:01'),(566,'missingperson','145','view','','527232','789',NULL,NULL,789,'2023-04-21 09:54:34'),(567,'missingperson','157','view','','527232','439',NULL,NULL,439,'2023-04-21 11:03:44'),(568,'missingperson','157','view','','527232','439',NULL,NULL,439,'2023-04-21 11:04:30'),(569,'missingperson','157','view','','527232','439',NULL,NULL,439,'2023-04-21 11:04:49'),(570,'missingperson','157','view','','527232','439',NULL,NULL,439,'2023-04-21 11:05:02'),(571,'missingperson','157','view','','527232','439',NULL,NULL,439,'2023-04-21 11:05:22'),(572,'complaints','95','view','','527232','789',NULL,NULL,789,'2023-04-21 11:15:54'),(573,'missingperson','156','view','540969','527232','',NULL,NULL,540969,'2023-04-21 13:31:30'),(574,'missingperson','156','view','540969','527232','',NULL,NULL,540969,'2023-04-21 13:34:18'),(575,'missingperson','156','view','540969','527232','',NULL,NULL,540969,'2023-04-21 13:36:26'),(576,'missingperson','156','view','540969','527232','',NULL,NULL,540969,'2023-04-21 13:36:36'),(577,'missingperson','156','view','540969','527232','',NULL,NULL,540969,'2023-04-21 13:39:31'),(578,'missingperson','156','update','540969','527232','',NULL,NULL,540969,'2023-04-21 13:39:56'),(579,'missingperson','156','view','540969','527232','',NULL,NULL,540969,'2023-04-21 13:39:58'),(580,'missingperson','147','view','540969','527232','',NULL,NULL,540969,'2023-04-21 15:15:05'),(581,'complaints','97','view','','527232','789',NULL,NULL,789,'2023-04-24 06:49:14'),(582,'complaints','97','view','','527232','789',NULL,NULL,789,'2023-04-24 06:54:42'),(583,'complaints','97','view','','527232','789',NULL,NULL,789,'2023-04-24 07:00:50'),(584,'complaints','97','view','','527232','789',NULL,NULL,789,'2023-04-24 07:02:53'),(585,'complaints','97','view','','527232','789',NULL,NULL,789,'2023-04-24 07:12:17'),(586,'complaints','97','view','','527232','789',NULL,NULL,789,'2023-04-24 07:14:57'),(587,'complaints','97','view','','527232','789',NULL,NULL,789,'2023-04-24 07:16:09'),(588,'complaints','97','view','','527232','789',NULL,NULL,789,'2023-04-24 07:17:15'),(589,'complaints','97','view','','527232','789',NULL,NULL,789,'2023-04-24 07:18:04'),(590,'complaints','97','view','','527232','789',NULL,NULL,789,'2023-04-24 07:18:26'),(591,'complaints','97','view','540969','527232','',NULL,NULL,540969,'2023-04-24 07:20:40'),(592,'missingperson','146','view','540969','527232','',NULL,NULL,540969,'2023-04-24 07:44:17'),(593,'missingperson','147','view','540969','527232','',NULL,NULL,540969,'2023-04-24 07:44:33'),(594,'missingperson','147','view','540969','527232','',NULL,NULL,540969,'2023-04-24 07:45:32'),(595,'missingperson','132','view','540969','527232','',NULL,NULL,540969,'2023-04-24 07:46:06'),(596,'missingperson','131','view','540969','527232','',NULL,NULL,540969,'2023-04-24 07:46:16'),(597,'missingperson','131','view','540969','527232','',NULL,NULL,540969,'2023-04-24 07:47:37'),(598,'missingperson','131','view','540969','527232','',NULL,NULL,540969,'2023-04-24 07:52:38'),(599,'missingperson','129','view','540969','527232','',NULL,NULL,540969,'2023-04-24 07:55:41'),(600,'complaints','97','view','','527232','789',NULL,NULL,789,'2023-04-24 08:08:11'),(601,'complaints','97','view','','527232','789',NULL,NULL,789,'2023-04-24 08:19:48'),(602,'complaints','97','view','540969','527232','',NULL,NULL,540969,'2023-04-24 09:43:33'),(603,'complaints','95','view','540969','527232','',NULL,NULL,540969,'2023-04-24 09:43:41'),(604,'missingperson','158','view','','527232','789',NULL,NULL,789,'2023-04-24 09:48:36'),(605,'missingperson','158','view','','527232','789',NULL,NULL,789,'2023-04-24 09:48:56'),(606,'missingperson','158','view','','527232','789',NULL,NULL,789,'2023-04-24 09:49:28'),(607,'missingperson','158','view','','527232','789',NULL,NULL,789,'2023-04-24 09:50:19'),(608,'missingperson','158','view','','527232','789',NULL,NULL,789,'2023-04-24 09:52:49'),(609,'missingperson','158','view','','527232','789',NULL,NULL,789,'2023-04-24 09:57:04'),(610,'missingperson','158','view','','527232','789',NULL,NULL,789,'2023-04-24 09:58:31'),(611,'missingperson','158','view','','527232','789',NULL,NULL,789,'2023-04-24 09:58:55'),(612,'whistleblower','148','view','','527232','789',NULL,NULL,789,'2023-04-24 10:23:35'),(613,'whistleblower','148','view','','527232','789',NULL,NULL,789,'2023-04-24 10:26:27'),(614,'whistleblower','148','view','','527232','789',NULL,NULL,789,'2023-04-24 10:29:40'),(615,'whistleblower','148','view','','527232','789',NULL,NULL,789,'2023-04-24 10:32:21'),(616,'complaints','97','view','','527232','789',NULL,NULL,789,'2023-04-24 13:18:59'),(617,'complaints','97','view','','527232','789',NULL,NULL,789,'2023-04-24 13:22:26'),(618,'complaints','97','view','','527232','789',NULL,NULL,789,'2023-04-24 13:50:18'),(619,'whistleblower','148','view','540969','527232','',NULL,NULL,540969,'2023-04-24 13:59:57'),(620,'complaints','100','view','','499480','743',NULL,NULL,743,'2023-04-24 14:01:30'),(621,'complaints','100','view','','499480','743',NULL,NULL,743,'2023-04-24 14:02:29'),(622,'complaints','100','view','','499480','682',NULL,NULL,682,'2023-04-24 14:07:34'),(623,'complaints','100','view','','499480','743',NULL,NULL,743,'2023-04-24 14:10:08'),(624,'complaints','100','view','','499480','743',NULL,NULL,743,'2023-04-24 14:20:37'),(625,'complaints','100','view','','499480','743',NULL,NULL,743,'2023-04-24 14:28:25'),(626,'complaints','100','view','','499480','743',NULL,NULL,743,'2023-04-24 14:31:36'),(627,'complaints','100','view','','499480','743',NULL,NULL,743,'2023-04-24 14:34:32'),(628,'crimestopper','73','view','','499480','743',NULL,NULL,743,'2023-04-24 14:46:36'),(629,'complaints','100','view','','499480','743',NULL,NULL,743,'2023-04-24 14:47:50'),(630,'crimestopper','73','view','','499480','743',NULL,NULL,743,'2023-04-24 14:48:22'),(631,'complaints','100','view','513217','499480','',NULL,NULL,513217,'2023-04-24 14:59:01'),(632,'complaints','100','update','513217','499480','',NULL,NULL,513217,'2023-04-24 14:59:07'),(633,'complaints','85','view','','499480','682',NULL,NULL,682,'2023-04-24 15:03:03'),(634,'crimestopper','74','view','','527232','789',NULL,NULL,789,'2023-04-25 10:19:41'),(635,'crimestopper','74','view','','527232','789',NULL,NULL,789,'2023-04-25 10:23:52'),(636,'crimestopper','74','view','','527232','789',NULL,NULL,789,'2023-04-25 10:24:49'),(637,'crimestopper','74','view','','527232','789',NULL,NULL,789,'2023-04-25 10:25:35'),(638,'crimestopper','74','view','','527232','789',NULL,NULL,789,'2023-04-25 10:38:05'),(639,'crimestopper','74','view','','527232','789',NULL,NULL,789,'2023-04-25 10:43:09'),(640,'crimestopper','74','view','','527232','789',NULL,NULL,789,'2023-04-25 10:44:29'),(641,'crimestopper','74','view','','527232','789',NULL,NULL,789,'2023-04-25 10:46:08'),(642,'crimestopper','74','view','','527232','789',NULL,NULL,789,'2023-04-25 10:48:32'),(643,'missingperson','149','view','540969','527232','',NULL,NULL,540969,'2023-04-25 11:21:42'),(644,'missingperson','149','view','540969','527232','',NULL,NULL,540969,'2023-04-25 11:21:47'),(645,'missingperson','149','view','540969','527232','',NULL,NULL,540969,'2023-04-25 11:21:49'),(646,'missingperson','149','view','540969','527232','',NULL,NULL,540969,'2023-04-25 12:03:07'),(647,'missingperson','149','view','513217','527232','',NULL,NULL,513217,'2023-04-25 13:25:43'),(648,'missingperson','149','view','513217','527232','',NULL,NULL,513217,'2023-04-25 13:27:14'),(649,'crimestopper','73','view','513217','499480','',NULL,NULL,513217,'2023-04-25 13:28:36'),(650,'crimestopper','73','view','513217','499480','',NULL,NULL,513217,'2023-04-25 13:28:47'),(651,'missingperson','149','view','513217','527232','',NULL,NULL,513217,'2023-04-25 13:29:53'),(652,'missingperson','149','view','513217','527232','',NULL,NULL,513217,'2023-04-25 13:30:18'),(653,'crimestopper','0','view','513217',NULL,'',NULL,NULL,513217,'2023-04-25 13:30:28'),(654,'missingperson','149','view','513217','527232','',NULL,NULL,513217,'2023-04-25 20:16:23'),(655,'crimestopper','0','view','513217',NULL,'',NULL,NULL,513217,'2023-04-25 20:16:45'),(656,'crimestopper','0','view','513217',NULL,'',NULL,NULL,513217,'2023-04-25 20:17:55'),(657,'crimestopper','70','view','513217','499480','',NULL,NULL,513217,'2023-04-25 20:19:11'),(658,'missingperson','149','view','513217','527232','',NULL,NULL,513217,'2023-04-25 20:22:57'),(659,'missingperson','149','view','','527232','682',NULL,NULL,682,'2023-04-25 20:28:43'),(660,'missingperson','149','view','','527232','682',NULL,NULL,682,'2023-04-25 20:29:39'),(661,'missingperson','149','view','513217','527232','',NULL,NULL,513217,'2023-04-25 20:33:22'),(662,'missingperson','149','update','513217','527232','',NULL,NULL,513217,'2023-04-25 20:33:28'),(663,'missingperson','149','update','513217','527232','',NULL,NULL,513217,'2023-04-25 20:33:53'),(664,'missingperson','149','update','513217','527232','',NULL,NULL,513217,'2023-04-25 20:34:00'),(665,'crimestopper','0','view','513217',NULL,'',NULL,NULL,513217,'2023-04-25 20:35:50'),(666,'crimestopper','70','view','513217','499480','',NULL,NULL,513217,'2023-04-25 20:36:37'),(667,'missingperson','149','view','513217','527232','',NULL,NULL,513217,'2023-04-25 20:38:00'),(668,'missingperson','149','view','513217','527232','',NULL,NULL,513217,'2023-04-25 20:38:41'),(669,'crimestopper','73','view','','499480','682',NULL,NULL,682,'2023-04-25 20:57:14'),(670,'missingperson','153','view','','499480','746',NULL,NULL,682,'2023-04-26 09:10:59'),(671,'missingperson','153','view','','499480','746',NULL,NULL,682,'2023-04-26 09:11:08'),(672,'complaints','99','view','540969','527232','',NULL,NULL,540969,'2023-04-26 11:33:23'),(673,'complaints','97','view','','527232','789',NULL,NULL,789,'2023-04-27 08:48:30'),(674,'complaints','95','view','','527232','789',NULL,NULL,789,'2023-04-27 08:49:07'),(675,'complaints','95','view','','527232','789',NULL,NULL,789,'2023-04-27 09:06:06'),(676,'complaints','95','view','','527232','789',NULL,NULL,789,'2023-04-27 09:12:45'),(677,'complaints','95','view','','527232','789',NULL,NULL,789,'2023-04-27 09:32:12'),(678,'complaints','95','view','','527232','789',NULL,NULL,789,'2023-04-27 09:33:36'),(679,'complaints','95','view','','527232','789',NULL,NULL,789,'2023-04-27 09:33:59'),(680,'complaints','95','view','','527232','789',NULL,NULL,789,'2023-04-27 09:35:54'),(681,'complaints','95','view','','527232','789',NULL,NULL,789,'2023-04-27 09:54:54'),(682,'complaints','95','view','','527232','789',NULL,NULL,789,'2023-04-27 10:08:42'),(683,'complaints','95','view','','527232','789',NULL,NULL,789,'2023-04-27 10:12:07'),(684,'complaints','95','view','','527232','789',NULL,NULL,789,'2023-04-27 10:12:35'),(685,'complaints','95','view','','527232','789',NULL,NULL,789,'2023-04-27 10:26:57'),(686,'complaints','95','view','','527232','789',NULL,NULL,789,'2023-04-27 11:09:39'),(687,'complaints','95','view','','527232','789',NULL,NULL,789,'2023-04-27 11:09:57'),(688,'complaints','95','view','','527232','789',NULL,NULL,789,'2023-04-27 11:21:23'),(689,'complaints','97','view','','527232','789',NULL,NULL,789,'2023-04-27 13:41:18'),(690,'complaints','96','view','','527232','789',NULL,NULL,789,'2023-04-27 13:41:44'),(691,'complaints','101','view','','527232','789',NULL,NULL,789,'2023-04-27 13:43:12'),(692,'missingperson','158','view','','527232','789',NULL,NULL,789,'2023-04-27 13:53:29'),(693,'missingperson','158','view','','527232','789',NULL,NULL,789,'2023-04-27 14:02:04'),(694,'missingperson','158','view','','527232','789',NULL,NULL,789,'2023-04-27 14:02:51'),(695,'missingperson','158','view','','527232','789',NULL,NULL,789,'2023-04-27 14:03:20'),(696,'missingperson','158','view','','527232','789',NULL,NULL,789,'2023-04-27 14:05:25'),(697,'missingperson','158','view','','527232','789',NULL,NULL,789,'2023-04-27 14:06:00'),(698,'missingperson','158','view','','527232','789',NULL,NULL,789,'2023-04-27 14:06:31'),(699,'missingperson','158','view','','527232','789',NULL,NULL,789,'2023-04-27 14:07:05'),(700,'missingperson','158','view','','527232','789',NULL,NULL,789,'2023-04-27 14:07:36'),(701,'missingperson','158','view','','527232','789',NULL,NULL,789,'2023-04-27 14:08:00'),(702,'missingperson','158','view','','527232','789',NULL,NULL,789,'2023-04-27 14:08:14'),(703,'missingperson','158','view','','527232','789',NULL,NULL,789,'2023-04-27 14:13:00'),(704,'missingperson','158','view','','527232','789',NULL,NULL,789,'2023-04-27 14:27:36'),(705,'complaints','101','view','','527232','789',NULL,NULL,789,'2023-04-27 14:30:21'),(706,'complaints','95','view','','527232','789',NULL,NULL,789,'2023-04-27 14:30:34'),(707,'missingperson','158','view','','527232','789',NULL,NULL,789,'2023-04-27 14:34:14'),(708,'complaints','95','view','','527232','789',NULL,NULL,789,'2023-04-27 14:39:14'),(709,'complaints','95','view','','527232','789',NULL,NULL,789,'2023-04-27 15:01:07'),(710,'complaints','101','view','540969','527232','',NULL,NULL,540969,'2023-04-27 15:06:21'),(711,'crimestopper','93','view','','499480','743',NULL,NULL,743,'2023-04-27 20:17:58'),(712,'complaints','91','view','513217','499480','',NULL,NULL,513217,'2023-04-27 20:28:56'),(713,'complaints','91','update','513217','499480','',NULL,NULL,513217,'2023-04-27 20:29:07'),(714,'missingperson','149','view','513217','527232','',NULL,NULL,513217,'2023-04-27 20:51:59'),(715,'whistleblower','148','view','','527232','789',NULL,NULL,789,'2023-04-28 07:47:10'),(716,'whistleblower','148','view','','527232','789',NULL,NULL,789,'2023-04-28 07:47:17'),(717,'whistleblower','149','view','','527232','789',NULL,NULL,789,'2023-04-28 07:49:28'),(718,'whistleblower','149','view','','527232','789',NULL,NULL,789,'2023-04-28 07:50:47'),(719,'crimestopper','92','view','','527232','789',NULL,NULL,789,'2023-04-28 08:02:45'),(720,'crimestopper','92','view','','527232','789',NULL,NULL,789,'2023-04-28 08:47:47'),(721,'whistleblower','149','view','','527232','789',NULL,NULL,789,'2023-04-28 08:59:59'),(722,'whistleblower','149','view','','527232','789',NULL,NULL,789,'2023-04-28 09:02:01'),(723,'crimestopper','92','view','','527232','789',NULL,NULL,789,'2023-04-28 09:07:51'),(724,'whistleblower','149','view','','527232','789',NULL,NULL,789,'2023-04-28 09:18:59'),(725,'whistleblower','149','view','','527232','789',NULL,NULL,789,'2023-04-28 09:26:33'),(726,'whistleblower','149','view','','527232','789',NULL,NULL,789,'2023-04-28 09:28:07'),(727,'whistleblower','150','view','','527232','789',NULL,NULL,789,'2023-04-28 09:46:42'),(728,'whistleblower','150','view','','527232','789',NULL,NULL,789,'2023-04-28 09:54:00'),(729,'whistleblower','150','view','','527232','789',NULL,NULL,789,'2023-04-28 09:57:12'),(730,'whistleblower','150','view','','527232','789',NULL,NULL,789,'2023-04-28 09:57:50'),(731,'whistleblower','150','view','','527232','789',NULL,NULL,789,'2023-04-28 09:58:17'),(732,'whistleblower','150','view','','527232','789',NULL,NULL,789,'2023-04-28 10:08:39'),(733,'whistleblower','150','view','','527232','789',NULL,NULL,789,'2023-04-28 10:25:38'),(734,'whistleblower','150','view','','527232','789',NULL,NULL,789,'2023-04-28 10:27:35'),(735,'whistleblower','150','view','','527232','789',NULL,NULL,789,'2023-04-28 10:36:30'),(736,'whistleblower','150','view','','527232','789',NULL,NULL,789,'2023-04-28 10:39:27'),(737,'whistleblower','150','view','','527232','789',NULL,NULL,789,'2023-04-28 10:39:35'),(738,'whistleblower','150','view','','527232','789',NULL,NULL,789,'2023-04-28 10:40:39'),(739,'missingperson','158','view','','527232','789',NULL,NULL,789,'2023-05-01 07:01:59'),(740,'whistleblower','150','view','','527232','789',NULL,NULL,789,'2023-05-01 07:02:14'),(741,'crimestopper','92','view','','527232','789',NULL,NULL,789,'2023-05-01 07:02:26'),(742,'crimestopper','92','view','','527232','789',NULL,NULL,789,'2023-05-01 07:08:01'),(743,'crimestopper','92','view','','527232','789',NULL,NULL,789,'2023-05-01 08:19:24'),(744,'complaints','101','view','540969','527232','',NULL,NULL,540969,'2023-05-01 09:00:17'),(745,'complaints','101','update','540969','527232','',NULL,NULL,540969,'2023-05-01 09:00:39'),(746,'complaints','101','view','','527232','694',NULL,NULL,694,'2023-05-01 09:23:09'),(747,'complaints','83','view','','499480','681',NULL,NULL,681,'2023-05-01 09:23:49'),(748,'complaints','83','view','','499480','681',NULL,NULL,681,'2023-05-01 09:32:31'),(749,'complaints','83','view','','499480','681',NULL,NULL,681,'2023-05-01 09:32:41'),(750,'crimestopper','95','view','','527232','789',NULL,NULL,789,'2023-05-01 10:25:03'),(751,'complaints','102','view','','527232','446',NULL,NULL,446,'2023-05-01 12:03:48'),(752,'crimestopper','96','view','','527232','446',NULL,NULL,446,'2023-05-01 12:07:57'),(753,'whistleblower','151','view','','527232','446',NULL,NULL,446,'2023-05-01 12:17:16'),(754,'missingperson','159','view','','527232','446',NULL,NULL,446,'2023-05-01 12:18:12'),(755,'missingperson','159','view','','527232','446',NULL,NULL,446,'2023-05-01 12:18:28'),(756,'whistleblower','151','view','','527232','446',NULL,NULL,446,'2023-05-01 12:22:22'),(757,'missingperson','159','view',NULL,'527232','',NULL,NULL,513217,'2023-05-01 13:30:58'),(758,'missingperson','159','view',NULL,'527232','',NULL,NULL,513217,'2023-05-01 13:31:13'),(759,'missingperson','159','view',NULL,'527232','',NULL,NULL,513217,'2023-05-01 13:33:57'),(760,'missingperson','159','view',NULL,'527232','',NULL,NULL,513217,'2023-05-01 13:34:07'),(761,'missingperson','159','view',NULL,'527232','',NULL,NULL,513217,'2023-05-01 13:42:53'),(762,'complaints','102','view','540969','527232','',NULL,NULL,540969,'2023-05-01 14:00:58'),(763,'complaints','83','view','','499480','681',NULL,NULL,681,'2023-05-01 14:02:14'),(764,'crimestopper','98','view','','499480','743',NULL,NULL,743,'2023-05-01 14:16:00'),(765,'crimestopper','98','view','','499480','743',NULL,NULL,743,'2023-05-01 14:16:35'),(766,'crimestopper','98','view','','499480','743',NULL,NULL,743,'2023-05-01 14:24:44'),(767,'complaints','100','view','','499480','743',NULL,NULL,743,'2023-05-01 14:28:11'),(768,'missingperson','149','view','513217','527232','',NULL,NULL,513217,'2023-05-01 14:40:52'),(769,'missingperson','149','view','513217','527232','',NULL,NULL,513217,'2023-05-01 14:46:49'),(770,'missingperson','149','view','513217','527232','',NULL,NULL,513217,'2023-05-01 14:56:49'),(771,'crimestopper','98','view','','499480','743',NULL,NULL,743,'2023-05-01 15:08:39'),(772,'crimestopper','96','view','','527232','446',NULL,NULL,446,'2023-05-02 09:34:04'),(773,'crimestopper','96','view','','527232','446',NULL,NULL,446,'2023-05-02 09:47:09'),(774,'crimestopper','96','view','','527232','446',NULL,NULL,446,'2023-05-02 10:14:16'),(775,'crimestopper','131','view','540969','527232','',NULL,NULL,540969,'2023-05-03 11:37:33'),(776,'crimestopper','131','view','540969','527232','',NULL,NULL,540969,'2023-05-03 11:38:52'),(777,'crimestopper','131','view','540969','527232','',NULL,NULL,540969,'2023-05-03 11:44:14'),(778,'crimestopper','131','view','540969','527232','',NULL,NULL,540969,'2023-05-03 11:44:42'),(779,'crimestopper','131','view','540969','527232','',NULL,NULL,540969,'2023-05-03 11:45:39'),(780,'crimestopper','131','view','540969','527232','',NULL,NULL,540969,'2023-05-03 12:10:58'),(781,'crimestopper','131','view','540969','527232','',NULL,NULL,540969,'2023-05-03 12:16:42'),(782,'missingperson','149','view','540969','527232','',NULL,NULL,540969,'2023-05-03 12:20:11'),(783,'missingperson','160','view','540969','527232','',NULL,NULL,540969,'2023-05-03 12:36:04'),(784,'missingperson','160','view','540969','527232','',NULL,NULL,540969,'2023-05-03 12:46:00'),(785,'missingperson','160','view','540969','527232','',NULL,NULL,540969,'2023-05-03 12:47:03'),(786,'crimestopper','132','view','540969','527232','',NULL,NULL,540969,'2023-05-03 12:52:16'),(787,'missingperson','149','view','540969','527232','',NULL,NULL,540969,'2023-05-03 13:42:44'),(788,'crimestopper','98','view',NULL,'499480','',NULL,NULL,513217,'2023-05-03 14:52:46'),(789,'crimestopper','72','view','','499480','682',NULL,NULL,682,'2023-05-03 14:54:26'),(790,'crimestopper','96','view','','527232','446',NULL,NULL,446,'2023-05-03 14:59:02'),(791,'complaints','102','view','540969','527232','',NULL,NULL,540969,'2023-05-03 15:13:41'),(792,'crimestopper','132','view','540969','527232','',NULL,NULL,540969,'2023-05-03 15:31:45'),(793,'crimestopper','132','view','540969','527232','',NULL,NULL,540969,'2023-05-03 15:31:57'),(794,'crimestopper','96','view','','527232','446',NULL,NULL,446,'2023-05-04 08:02:13'),(795,'crimestopper','136','view','540969','527232','',NULL,NULL,540969,'2023-05-04 09:49:39'),(796,'crimestopper','136','view','540969','527232','',NULL,NULL,540969,'2023-05-04 10:03:50'),(797,'crimestopper','136','view','540969','527232','',NULL,NULL,540969,'2023-05-04 10:54:49'),(798,'crimestopper','136','view','540969','527232','',NULL,NULL,540969,'2023-05-04 11:42:38'),(799,'crimestopper','96','view','','527232','446',NULL,NULL,446,'2023-05-04 13:44:06'),(800,'crimestopper','96','view','','527232','446',NULL,NULL,446,'2023-05-04 18:19:33'),(801,'crimestopper','96','view','','527232','446',NULL,NULL,446,'2023-05-05 07:45:05'),(802,'missingperson','160','view','540969','527232','',NULL,NULL,540969,'2023-05-05 09:38:10'),(803,'crimestopper','98','view',NULL,'499480','',NULL,NULL,513217,'2023-05-05 11:14:19'),(804,'crimestopper','98','update',NULL,'499480','',NULL,NULL,513217,'2023-05-05 11:14:29'),(805,'crimestopper','98','close',NULL,'499480','',NULL,NULL,513217,'2023-05-05 11:16:18'),(806,'crimestopper','98','update',NULL,'499480','',NULL,NULL,513217,'2023-05-05 11:16:21'),(807,'crimestopper','98','close',NULL,'499480','',NULL,NULL,513217,'2023-05-05 11:16:23'),(808,'crimestopper','98','close',NULL,'499480','',NULL,NULL,513217,'2023-05-05 11:16:26'),(809,'crimestopper','98','update',NULL,'499480','',NULL,NULL,513217,'2023-05-05 11:16:27'),(810,'crimestopper','98','close',NULL,'499480','',NULL,NULL,513217,'2023-05-05 11:16:28'),(811,'crimestopper','98','close',NULL,'499480','',NULL,NULL,513217,'2023-05-05 11:16:30'),(812,'crimestopper','98','update',NULL,'499480','',NULL,NULL,513217,'2023-05-05 11:16:37'),(813,'crimestopper','98','close',NULL,'499480','',NULL,NULL,513217,'2023-05-05 11:16:41'),(814,'crimestopper','98','update',NULL,'499480','',NULL,NULL,513217,'2023-05-05 11:16:53'),(815,'crimestopper','98','close',NULL,'499480','',NULL,NULL,513217,'2023-05-05 11:16:57'),(816,'crimestopper','98','update',NULL,'499480','',NULL,NULL,513217,'2023-05-05 11:17:00'),(817,'crimestopper','98','close',NULL,'499480','',NULL,NULL,513217,'2023-05-05 11:17:04'),(818,'crimestopper','96','view','540969','527232','',NULL,NULL,540969,'2023-05-05 11:20:52'),(819,'crimestopper','98','update',NULL,'499480','',NULL,NULL,513217,'2023-05-05 11:23:49'),(820,'crimestopper','98','update',NULL,'499480','',NULL,NULL,513217,'2023-05-05 11:25:28'),(821,'crimestopper','98','update',NULL,'499480','',NULL,NULL,513217,'2023-05-05 11:25:33'),(822,'crimestopper','98','view',NULL,'499480','',NULL,NULL,513217,'2023-05-05 11:27:38'),(823,'crimestopper','98','update',NULL,'499480','',NULL,NULL,513217,'2023-05-05 11:28:09'),(824,'crimestopper','98','update',NULL,'499480','',NULL,NULL,513217,'2023-05-05 11:28:27'),(825,'crimestopper','98','view',NULL,'499480','',NULL,NULL,513217,'2023-05-05 11:29:08'),(826,'crimestopper','98','update',NULL,'499480','',NULL,NULL,513217,'2023-05-05 11:29:35'),(827,'crimestopper','95','view','','527232','789',NULL,NULL,789,'2023-05-05 11:35:10'),(828,'crimestopper','96','view','','527232','789',NULL,NULL,789,'2023-05-05 11:35:39'),(829,'crimestopper','98','view',NULL,'499480','',NULL,NULL,513217,'2023-05-05 11:40:38'),(830,'crimestopper','98','view',NULL,'499480','',NULL,NULL,513217,'2023-05-05 11:41:22'),(831,'crimestopper','98','view',NULL,'499480','',NULL,NULL,513217,'2023-05-05 11:41:44'),(832,'crimestopper','98','update',NULL,'499480','',NULL,NULL,513217,'2023-05-05 11:46:18'),(833,'crimestopper','98','close',NULL,'499480','',NULL,NULL,513217,'2023-05-05 11:46:24'),(834,'crimestopper','98','view',NULL,'499480','',NULL,NULL,513217,'2023-05-05 12:01:37'),(835,'crimestopper','98','update',NULL,'499480','',NULL,NULL,513217,'2023-05-05 12:01:49'),(836,'crimestopper','98','close',NULL,'499480','',NULL,NULL,513217,'2023-05-05 12:01:52'),(837,'crimestopper','98','view',NULL,'499480','',NULL,NULL,513217,'2023-05-05 12:02:55'),(838,'crimestopper','98','update',NULL,'499480','',NULL,NULL,513217,'2023-05-05 12:03:11'),(839,'crimestopper','98','update',NULL,'499480','',NULL,NULL,513217,'2023-05-05 12:03:14'),(840,'crimestopper','98','close',NULL,'499480','',NULL,NULL,513217,'2023-05-05 12:03:18'),(841,'crimestopper','96','view','','527232','789',NULL,NULL,789,'2023-05-05 12:05:42'),(842,'crimestopper','96','view','','527232','789',NULL,NULL,789,'2023-05-05 12:07:47'),(843,'crimestopper','98','view',NULL,'499480','',NULL,NULL,513217,'2023-05-05 12:08:47'),(844,'crimestopper','98','update',NULL,'499480','',NULL,NULL,513217,'2023-05-05 12:08:57'),(845,'crimestopper','98','update',NULL,'499480','',NULL,NULL,513217,'2023-05-05 12:09:00'),(846,'crimestopper','98','close',NULL,'499480','',NULL,NULL,513217,'2023-05-05 12:09:03'),(847,'crimestopper','96','view','','527232','789',NULL,NULL,789,'2023-05-05 12:10:38'),(848,'crimestopper','98','view',NULL,'499480','',NULL,NULL,513217,'2023-05-05 13:19:12'),(849,'crimestopper','98','update',NULL,'499480','',NULL,NULL,513217,'2023-05-05 13:19:41'),(850,'crimestopper','98','close',NULL,'499480','',NULL,NULL,513217,'2023-05-05 13:19:44'),(851,'crimestopper','96','view','','527232','789',NULL,NULL,789,'2023-05-05 13:31:56'),(852,'crimestopper','96','view','','527232','446',NULL,NULL,446,'2023-05-05 15:43:49'),(853,'crimestopper','96','view','','527232','446',NULL,NULL,446,'2023-05-05 15:55:52'),(854,'crimestopper','96','view','','527232','446',NULL,NULL,446,'2023-05-07 04:47:13'),(855,'crimestopper','161','view','540969','527232','',NULL,NULL,540969,'2023-05-08 07:41:54'),(856,'crimestopper','96','view','540969','527232','',NULL,NULL,540969,'2023-05-08 07:42:45'),(857,'crimestopper','96','view','540969','527232','',NULL,NULL,540969,'2023-05-08 07:52:56'),(858,'crimestopper','96','view','540969','527232','',NULL,NULL,540969,'2023-05-08 08:03:32'),(859,'crimestopper','96','view','540969','527232','',NULL,NULL,540969,'2023-05-08 08:21:31'),(860,'crimestopper','96','view','540969','527232','',NULL,NULL,540969,'2023-05-08 08:23:07'),(861,'crimestopper','96','view','540969','527232','',NULL,NULL,540969,'2023-05-08 08:38:58'),(862,'crimestopper','96','view','540969','527232','',NULL,NULL,540969,'2023-05-08 09:01:08'),(863,'crimestopper','96','view','540969','527232','',NULL,NULL,540969,'2023-05-08 09:07:29'),(864,'crimestopper','96','view','540969','527232','',NULL,NULL,540969,'2023-05-08 09:10:59'),(865,'crimestopper','96','view','540969','527232','',NULL,NULL,540969,'2023-05-08 09:12:13'),(866,'crimestopper','96','view','540969','527232','',NULL,NULL,540969,'2023-05-08 09:15:17'),(867,'crimestopper','96','view','540969','527232','',NULL,NULL,540969,'2023-05-08 09:18:51'),(868,'crimestopper','96','view','540969','527232','',NULL,NULL,540969,'2023-05-08 09:21:07'),(869,'crimestopper','96','view','540969','527232','',NULL,NULL,540969,'2023-05-08 09:22:09'),(870,'crimestopper','176','view','','527232','789',NULL,NULL,789,'2023-05-08 10:41:47'),(871,'crimestopper','176','view','','527232','789',NULL,NULL,789,'2023-05-08 10:43:33'),(872,'crimestopper','176','view','','527232','789',NULL,NULL,789,'2023-05-08 10:44:27'),(873,'crimestopper','176','view','','527232','789',NULL,NULL,789,'2023-05-08 10:44:52'),(874,'crimestopper','176','view','','527232','789',NULL,NULL,789,'2023-05-08 10:44:55'),(875,'crimestopper','176','view','','527232','789',NULL,NULL,789,'2023-05-08 10:45:18'),(876,'crimestopper','176','view','','527232','789',NULL,NULL,789,'2023-05-08 10:45:33'),(877,'crimestopper','177','view','540969','527232','',NULL,NULL,540969,'2023-05-08 11:19:25'),(878,'crimestopper','177','view','540969','527232','',NULL,NULL,540969,'2023-05-08 12:02:45'),(879,'crimestopper','178','view','','527232','789',NULL,NULL,789,'2023-05-08 12:15:37'),(880,'crimestopper','179','view','','499480','743',NULL,NULL,743,'2023-05-08 14:16:43'),(881,'crimestopper','179','view','513217','499480','',NULL,NULL,513217,'2023-05-08 14:17:46'),(882,'crimestopper','179','view','513217','499480','',NULL,NULL,513217,'2023-05-08 14:27:29'),(883,'crimestopper','179','view','513217','499480','',NULL,NULL,513217,'2023-05-08 14:27:46'),(884,'crimestopper','179','view','513217','499480','',NULL,NULL,513217,'2023-05-08 14:28:08'),(885,'crimestopper','179','view','513217','499480','',NULL,NULL,513217,'2023-05-08 14:28:19'),(886,'crimestopper','179','view','513217','499480','',NULL,NULL,513217,'2023-05-08 14:28:33'),(887,'crimestopper','179','view','513217','499480','',NULL,NULL,513217,'2023-05-08 14:28:40'),(888,'crimestopper','179','view','513217','499480','',NULL,NULL,513217,'2023-05-08 14:29:20'),(889,'crimestopper','180','view','513217','499480','',NULL,NULL,513217,'2023-05-08 14:30:28'),(890,'crimestopper','179','view','513217','499480','',NULL,NULL,513217,'2023-05-08 14:30:39'),(891,'crimestopper','180','view','513217','499480','',NULL,NULL,513217,'2023-05-08 14:31:11'),(892,'crimestopper','180','view','513217','499480','',NULL,NULL,513217,'2023-05-08 14:31:26'),(893,'crimestopper','180','view','513217','499480','',NULL,NULL,513217,'2023-05-08 14:31:32'),(894,'crimestopper','180','view','513217','499480','',NULL,NULL,513217,'2023-05-08 14:32:23'),(895,'crimestopper','180','view','513217','499480','',NULL,NULL,513217,'2023-05-08 14:33:23'),(896,'crimestopper','180','view','513217','499480','',NULL,NULL,513217,'2023-05-08 14:33:43'),(897,'crimestopper','180','view','513217','499480','',NULL,NULL,513217,'2023-05-08 14:33:56'),(898,'crimestopper','181','view','513217','499480','',NULL,NULL,513217,'2023-05-08 14:41:35'),(899,'crimestopper','181','view','513217','499480','',NULL,NULL,513217,'2023-05-08 14:42:31'),(900,'crimestopper','179','view','513217','499480','',NULL,NULL,513217,'2023-05-08 14:54:25'),(901,'crimestopper','179','view','513217','499480','',NULL,NULL,513217,'2023-05-08 14:56:03'),(902,'crimestopper','179','view','513217','499480','',NULL,NULL,513217,'2023-05-08 14:56:20'),(903,'crimestopper','179','view','513217','499480','',NULL,NULL,513217,'2023-05-08 14:56:26'),(904,'crimestopper','179','view','513217','499480','',NULL,NULL,513217,'2023-05-08 14:56:32'),(905,'crimestopper','179','view','513217','499480','',NULL,NULL,513217,'2023-05-08 14:56:33'),(906,'crimestopper','179','view','513217','499480','',NULL,NULL,513217,'2023-05-08 14:56:43'),(907,'crimestopper','179','view','513217','499480','',NULL,NULL,513217,'2023-05-08 14:58:28'),(908,'crimestopper','179','view','513217','499480','',NULL,NULL,513217,'2023-05-08 14:58:33'),(909,'crimestopper','179','view','513217','499480','',NULL,NULL,513217,'2023-05-08 14:58:56'),(910,'crimestopper','179','view','513217','499480','',NULL,NULL,513217,'2023-05-08 14:59:08'),(911,'crimestopper','179','view','513217','499480','',NULL,NULL,513217,'2023-05-08 15:13:01'),(912,'crimestopper','181','view','513217','499480','',NULL,NULL,513217,'2023-05-09 07:45:46'),(913,'crimestopper','181','view','513217','499480','',NULL,NULL,513217,'2023-05-09 09:09:16'),(914,'crimestopper','181','view','513217','499480','',NULL,NULL,513217,'2023-05-09 09:10:38'),(915,'crimestopper','181','view','513217','499480','',NULL,NULL,513217,'2023-05-09 09:10:50'),(916,'crimestopper','181','view','513217','499480','',NULL,NULL,513217,'2023-05-09 09:11:18'),(917,'crimestopper','181','view','513217','499480','',NULL,NULL,513217,'2023-05-09 09:11:43'),(918,'crimestopper','179','view','513217','499480','',NULL,NULL,513217,'2023-05-09 09:12:15'),(919,'crimestopper','179','view','513217','499480','',NULL,NULL,513217,'2023-05-09 09:15:17'),(920,'crimestopper','179','view','513217','499480','',NULL,NULL,513217,'2023-05-09 09:15:35'),(921,'crimestopper','179','view','513217','499480','',NULL,NULL,513217,'2023-05-09 09:15:45'),(922,'crimestopper','179','view','513217','499480','',NULL,NULL,513217,'2023-05-09 09:16:16'),(923,'crimestopper','179','view','513217','499480','',NULL,NULL,513217,'2023-05-09 09:53:16'),(924,'crimestopper','178','view','540969','527232','',NULL,NULL,540969,'2023-05-09 11:15:47'),(925,'crimestopper','178','view','540969','527232','',NULL,NULL,540969,'2023-05-09 12:02:30'),(926,'crimestopper','178','view','540969','527232','',NULL,NULL,540969,'2023-05-09 13:01:00'),(927,'crimestopper','178','view','540969','527232','',NULL,NULL,540969,'2023-05-09 13:03:56'),(928,'crimestopper','178','view','540969','527232','',NULL,NULL,540969,'2023-05-09 13:07:52'),(929,'crimestopper','179','view','513217','499480','',NULL,NULL,513217,'2023-05-09 14:08:26'),(930,'crimestopper','179','view','513217','499480','',NULL,NULL,513217,'2023-05-11 08:12:46'),(931,'crimestopper','179','view','513217','499480','',NULL,NULL,513217,'2023-05-11 08:12:51'),(932,'crimestopper','181','view','513217','499480','',NULL,NULL,513217,'2023-05-11 08:13:14'),(933,'crimestopper','181','view','513217','499480','',NULL,NULL,513217,'2023-05-11 08:13:21'),(934,'crimestopper','179','view','513217','499480','',NULL,NULL,513217,'2023-05-11 08:13:31'),(935,'crimestopper','179','view','513217','499480','',NULL,NULL,513217,'2023-05-11 08:42:41'),(936,'crimestopper','179','view','513217','499480','',NULL,NULL,513217,'2023-05-11 10:20:59'),(937,'crimestopper','180','view','513217','499480','',NULL,NULL,513217,'2023-05-11 15:11:27'),(938,'crimestopper','179','view','513217','499480','',NULL,NULL,513217,'2023-05-11 15:11:34'),(939,'crimestopper','185','view','540969','527232','',NULL,NULL,540969,'2023-05-12 06:22:32'),(940,'crimestopper','185','view','540969','527232','',NULL,NULL,540969,'2023-05-12 06:22:42'),(941,'crimestopper','55','view','540969','527232','',NULL,NULL,540969,'2023-05-12 06:23:00'),(942,'crimestopper','62','view','540969','527232','',NULL,NULL,540969,'2023-05-12 06:23:33'),(943,'crimestopper','179','view','540969','499480','',NULL,NULL,540969,'2023-05-12 06:25:27'),(944,'crimestopper','179','view','540969','499480','',NULL,NULL,540969,'2023-05-12 06:29:59'),(945,'crimestopper','179','view','540969','499480','',NULL,NULL,540969,'2023-05-12 06:31:43'),(946,'crimestopper','178','view','540969','527232','',NULL,NULL,540969,'2023-05-12 06:35:40'),(947,'crimestopper','178','view','540969','527232','',NULL,NULL,540969,'2023-05-12 06:45:58'),(948,'crimestopper','178','view','540969','527232','',NULL,NULL,540969,'2023-05-12 07:09:44'),(949,'crimestopper','178','view','540969','527232','',NULL,NULL,540969,'2023-05-12 07:10:22'),(950,'crimestopper','178','view','540969','527232','',NULL,NULL,540969,'2023-05-12 07:23:07'),(951,'crimestopper','178','view','540969','527232','',NULL,NULL,540969,'2023-05-12 07:26:32'),(952,'crimestopper','178','view','540969','527232','',NULL,NULL,540969,'2023-05-12 07:40:02'),(953,'crimestopper','178','view','540969','527232','',NULL,NULL,540969,'2023-05-12 07:43:49'),(954,'crimestopper','178','view','540969','527232','',NULL,NULL,540969,'2023-05-12 07:46:57'),(955,'crimestopper','178','view','540969','527232','',NULL,NULL,540969,'2023-05-12 07:49:59'),(956,'crimestopper','178','view','540969','527232','',NULL,NULL,540969,'2023-05-12 07:59:45'),(957,'crimestopper','178','view','540969','527232','',NULL,NULL,540969,'2023-05-12 08:00:51'),(958,'crimestopper','178','view','540969','527232','',NULL,NULL,540969,'2023-05-12 08:02:17'),(959,'crimestopper','178','view','540969','527232','',NULL,NULL,540969,'2023-05-12 08:03:00'),(960,'crimestopper','178','view','540969','527232','',NULL,NULL,540969,'2023-05-12 08:06:27'),(961,'crimestopper','178','view','540969','527232','',NULL,NULL,540969,'2023-05-12 08:24:12'),(962,'crimestopper','178','view','540969','527232','',NULL,NULL,540969,'2023-05-12 08:24:44'),(963,'crimestopper','178','view','540969','527232','',NULL,NULL,540969,'2023-05-12 08:28:49'),(964,'crimestopper','178','view','540969','527232','',NULL,NULL,540969,'2023-05-12 08:41:10'),(965,'crimestopper','178','view','540969','527232','',NULL,NULL,540969,'2023-05-12 08:49:08'),(966,'crimestopper','178','view','540969','527232','',NULL,NULL,540969,'2023-05-12 08:50:43'),(967,'crimestopper','178','view','540969','527232','',NULL,NULL,540969,'2023-05-12 09:21:10'),(968,'crimestopper','178','view','540969','527232','',NULL,NULL,540969,'2023-05-12 09:40:34'),(969,'crimestopper','178','view','540969','527232','',NULL,NULL,540969,'2023-05-12 10:04:16'),(970,'crimestopper','178','view','540969','527232','',NULL,NULL,540969,'2023-05-12 10:05:09'),(971,'crimestopper','178','view','540969','527232','',NULL,NULL,540969,'2023-05-12 10:19:22'),(972,'crimestopper','178','view','540969','527232','',NULL,NULL,540969,'2023-05-12 10:25:38'),(973,'crimestopper','178','view','540969','527232','',NULL,NULL,540969,'2023-05-12 10:26:25'),(974,'crimestopper','178','view','540969','527232','',NULL,NULL,540969,'2023-05-12 10:28:21'),(975,'crimestopper','178','view','540969','527232','',NULL,NULL,540969,'2023-05-12 10:30:39'),(976,'crimestopper','188','view','540969','527232','',NULL,NULL,540969,'2023-05-15 11:20:17'),(977,'crimestopper','178','view','540969','527232','',NULL,NULL,540969,'2023-05-15 11:20:27'),(978,'crimestopper','188','view',NULL,'527232','',NULL,NULL,540969,'2023-05-15 11:26:03'),(979,'crimestopper','178','view',NULL,'527232','',NULL,NULL,540969,'2023-05-15 11:26:13'),(980,'crimestopper','178','view',NULL,'527232','',NULL,NULL,540969,'2023-05-15 11:27:01'),(981,'crimestopper','188','view',NULL,'527232','',NULL,NULL,540969,'2023-05-15 11:27:58'),(982,'crimestopper','178','view',NULL,'527232','',NULL,NULL,540969,'2023-05-15 11:28:11'),(983,'crimestopper','178','view',NULL,'527232','',NULL,NULL,540969,'2023-05-15 11:28:59'),(984,'crimestopper','178','view',NULL,'527232','',NULL,NULL,540969,'2023-05-15 11:31:29'),(985,'crimestopper','178','view','540969','527232','',NULL,NULL,540969,'2023-05-15 11:33:37'),(986,'crimestopper','178','view',NULL,'527232','',NULL,NULL,540969,'2023-05-15 11:34:00'),(987,'crimestopper','178','view',NULL,'527232','',NULL,NULL,540969,'2023-05-15 11:34:55'),(988,'crimestopper','178','view',NULL,'527232','',NULL,NULL,540969,'2023-05-15 11:36:30'),(989,'crimestopper','178','view',NULL,'527232','',NULL,NULL,540969,'2023-05-15 11:39:43'),(990,'crimestopper','178','view',NULL,'527232','',NULL,NULL,540969,'2023-05-15 11:40:05'),(991,'crimestopper','178','view',NULL,'527232','',NULL,NULL,540969,'2023-05-15 11:42:36'),(992,'crimestopper','178','view',NULL,'527232','',NULL,NULL,540969,'2023-05-15 11:43:01'),(993,'crimestopper','189','view','','527232','789',NULL,NULL,789,'2023-05-15 12:30:10'),(994,'crimestopper','189','view','','527232','789',NULL,NULL,789,'2023-05-15 12:32:32'),(995,'crimestopper','182','view','','527232','789',NULL,NULL,789,'2023-05-15 12:32:50'),(996,'crimestopper','182','view','','527232','789',NULL,NULL,789,'2023-05-15 12:34:40'),(997,'crimestopper','182','view','','527232','789',NULL,NULL,789,'2023-05-15 12:35:54'),(998,'crimestopper','182','view','','527232','789',NULL,NULL,789,'2023-05-15 12:38:01'),(999,'crimestopper','182','view','','527232','789',NULL,NULL,789,'2023-05-15 12:39:01'),(1000,'crimestopper','182','view','','527232','789',NULL,NULL,789,'2023-05-15 12:40:20'),(1001,'crimestopper','182','view','','527232','789',NULL,NULL,789,'2023-05-15 12:41:24'),(1002,'crimestopper','182','view','','527232','789',NULL,NULL,789,'2023-05-15 12:42:03'),(1003,'crimestopper','182','view','','527232','789',NULL,NULL,789,'2023-05-15 12:45:39'),(1004,'crimestopper','182','view','','527232','789',NULL,NULL,789,'2023-05-15 12:49:04'),(1005,'crimestopper','182','view','','527232','789',NULL,NULL,789,'2023-05-15 12:50:34'),(1006,'crimestopper','182','view','','527232','789',NULL,NULL,789,'2023-05-15 12:52:03'),(1007,'crimestopper','182','view','','527232','789',NULL,NULL,789,'2023-05-15 12:54:58'),(1008,'crimestopper','189','view','','527232','789',NULL,NULL,789,'2023-05-15 12:56:06'),(1009,'crimestopper','189','view','','527232','789',NULL,NULL,789,'2023-05-15 12:56:39'),(1010,'crimestopper','189','view','','527232','789',NULL,NULL,789,'2023-05-15 12:57:00'),(1011,'crimestopper','178','view','540969','527232','',NULL,NULL,540969,'2023-05-15 15:14:57'),(1012,'crimestopper','181','view','513217','499480','',NULL,NULL,513217,'2023-05-17 14:26:18'),(1013,'crimestopper','181','view','513217','499480','',NULL,NULL,513217,'2023-05-17 14:26:37'),(1014,'crimestopper','98','view','513217','499480','',NULL,NULL,513217,'2023-05-17 14:27:02'),(1015,'crimestopper','191','view','540969','527232','',NULL,NULL,540969,'2023-05-17 14:41:32'),(1016,'crimestopper','192','view','','527232','789',NULL,NULL,789,'2023-05-18 08:52:47'),(1017,'missingperson','149','view','513217','527232','',NULL,NULL,513217,'2023-05-18 12:43:05'),(1018,'missingperson','149','view','513217','527232','',NULL,NULL,513217,'2023-05-18 12:43:56'),(1019,'missingperson','149','view','513217','527232','',NULL,NULL,513217,'2023-05-18 14:15:12'),(1020,'missingperson','149','view','513217','527232','',NULL,NULL,513217,'2023-05-18 14:15:32'),(1021,'missingperson','162','view','','527232','789',NULL,NULL,789,'2023-05-19 13:57:53'),(1022,'missingperson','160','view','540969','527232','',NULL,NULL,540969,'2023-05-19 13:58:46'),(1023,'crimestopper','194','view','','499480','743',NULL,NULL,743,'2023-05-19 13:59:08'),(1024,'crimestopper','194','view','','499480','743',NULL,NULL,743,'2023-05-19 14:01:13'),(1025,'crimestopper','194','view','513217','499480','',NULL,NULL,513217,'2023-05-19 14:04:55'),(1026,'crimestopper','194','view','513217','499480','',NULL,NULL,513217,'2023-05-19 14:05:02'),(1027,'crimestopper','194','view','','499480','743',NULL,NULL,743,'2023-05-19 14:23:15'),(1028,'crimestopper','194','view','','499480','743',NULL,NULL,743,'2023-05-19 14:23:53'),(1029,'crimestopper','194','view','513217','499480','',NULL,NULL,513217,'2023-05-19 14:25:09'),(1030,'crimestopper','194','view','513217','499480','',NULL,NULL,513217,'2023-05-19 14:25:14'),(1031,'crimestopper','194','view','513217','499480','',NULL,NULL,513217,'2023-05-19 14:26:02'),(1032,'crimestopper','194','view','513217','499480','',NULL,NULL,513217,'2023-05-19 14:26:05'),(1033,'crimestopper','194','view','513217','499480','',NULL,NULL,513217,'2023-05-19 14:26:40'),(1034,'crimestopper','194','view','513217','499480','',NULL,NULL,513217,'2023-05-19 14:30:29'),(1035,'crimestopper','194','view','','499480','743',NULL,NULL,743,'2023-05-19 14:32:53'),(1036,'crimestopper','194','view','','499480','743',NULL,NULL,743,'2023-05-19 14:34:37'),(1037,'crimestopper','194','view','','499480','743',NULL,NULL,743,'2023-05-19 14:34:42'),(1038,'crimestopper','194','view','513217','499480','',NULL,NULL,513217,'2023-05-19 14:35:29'),(1039,'crimestopper','194','view','513217','499480','',NULL,NULL,513217,'2023-05-19 14:35:33'),(1040,'crimestopper','194','view','513217','499480','',NULL,NULL,513217,'2023-05-19 14:36:51'),(1041,'missingperson','163','view','','499480','743',NULL,NULL,743,'2023-05-19 14:40:49'),(1042,'missingperson','163','view','','499480','743',NULL,NULL,743,'2023-05-19 14:43:33'),(1043,'missingperson','163','view','','499480','743',NULL,NULL,743,'2023-05-19 14:44:15'),(1044,'missingperson','163','view','','499480','743',NULL,NULL,743,'2023-05-19 14:44:43'),(1045,'missingperson','160','view','513217','527232','',NULL,NULL,513217,'2023-05-19 14:50:17'),(1046,'crimestopper','194','view','','499480','743',NULL,NULL,743,'2023-05-19 14:52:00'),(1047,'crimestopper','194','view','513217','499480','',NULL,NULL,513217,'2023-05-19 14:52:31'),(1048,'crimestopper','194','view','513217','499480','',NULL,NULL,513217,'2023-05-19 14:52:36'),(1049,'crimestopper','194','view','513217','499480','',NULL,NULL,513217,'2023-05-19 14:53:58'),(1050,'crimestopper','194','view','513217','499480','',NULL,NULL,513217,'2023-05-19 14:54:07'),(1051,'crimestopper','194','view','513217','499480','',NULL,NULL,513217,'2023-05-19 14:54:10'),(1052,'crimestopper','201','view','513217','499480','',NULL,NULL,513217,'2023-05-19 15:58:55'),(1053,'crimestopper','201','view','513217','499480','',NULL,NULL,513217,'2023-05-19 15:59:03'),(1054,'crimestopper','201','view','513217','499480','',NULL,NULL,513217,'2023-05-19 15:59:25'),(1055,'missingperson','162','view','540969','527232','',NULL,NULL,540969,'2023-05-22 08:43:20'),(1056,'missingperson','156','view','540969','527232','',NULL,NULL,540969,'2023-05-22 09:00:27'),(1057,'missingperson','156','view','540969','527232','',NULL,NULL,540969,'2023-05-22 09:00:45'),(1058,'crimestopper','193','view','540969','527232','',NULL,NULL,540969,'2023-05-22 09:01:28'),(1059,'crimestopper','193','view','540969','527232','',NULL,NULL,540969,'2023-05-22 09:02:54'),(1060,'missingperson','162','view','540969','527232','',NULL,NULL,540969,'2023-05-22 09:10:19'),(1061,'missingperson','162','view','540969','527232','',NULL,NULL,540969,'2023-05-22 09:17:41'),(1062,'missingperson','162','view','540969','527232','',NULL,NULL,540969,'2023-05-22 09:19:41'),(1063,'crimestopper','200','view','540969','527232','',NULL,NULL,540969,'2023-05-22 09:23:25'),(1064,'missingperson','162','view','540969','527232','',NULL,NULL,540969,'2023-05-22 09:23:42'),(1065,'crimestopper','200','view','540969','527232','',NULL,NULL,540969,'2023-05-22 09:23:43'),(1066,'crimestopper','200','view','540969','527232','',NULL,NULL,540969,'2023-05-22 09:23:51'),(1067,'crimestopper','190','view','540969','527232','',NULL,NULL,540969,'2023-05-22 09:23:58'),(1068,'crimestopper','190','view','540969','527232','',NULL,NULL,540969,'2023-05-22 09:24:32'),(1069,'crimestopper','200','view','540969','527232','',NULL,NULL,540969,'2023-05-22 09:46:01'),(1070,'crimestopper','200','view','540969','527232','',NULL,NULL,540969,'2023-05-22 09:46:51'),(1071,'crimestopper','200','view','540969','527232','',NULL,NULL,540969,'2023-05-22 09:53:13'),(1072,'crimestopper','200','view','540969','527232','',NULL,NULL,540969,'2023-05-22 11:25:05'),(1073,'crimestopper','179','view','540969','499480','',NULL,NULL,540969,'2023-05-22 11:25:32'),(1074,'crimestopper','178','view','540969','527232','',NULL,NULL,540969,'2023-05-22 11:26:00'),(1075,'crimestopper','200','view','540969','527232','',NULL,NULL,540969,'2023-05-22 11:26:25'),(1076,'crimestopper','200','view','540969','527232','',NULL,NULL,540969,'2023-05-22 11:26:33'),(1077,'crimestopper','178','view','540969','527232','',NULL,NULL,540969,'2023-05-22 11:26:46'),(1078,'crimestopper','200','view','540969','527232','',NULL,NULL,540969,'2023-05-22 11:29:10'),(1079,'crimestopper','178','view','540969','527232','',NULL,NULL,540969,'2023-05-22 11:29:14'),(1080,'crimestopper','200','view','540969','527232','',NULL,NULL,540969,'2023-05-22 11:29:59'),(1081,'missingperson','161','view','540969','527232','',NULL,NULL,540969,'2023-05-22 11:30:01'),(1082,'missingperson','162','view',NULL,'527232','',NULL,NULL,540969,'2023-05-22 11:48:20'),(1083,'missingperson','162','view',NULL,'527232','',NULL,NULL,540969,'2023-05-22 11:52:19'),(1084,'missingperson','162','view',NULL,'527232','',NULL,NULL,540969,'2023-05-22 11:56:06'),(1085,'missingperson','162','view',NULL,'527232','',NULL,NULL,540969,'2023-05-22 11:56:46'),(1086,'crimestopper','200','view',NULL,'527232','',NULL,NULL,540969,'2023-05-22 12:25:39'),(1087,'crimestopper','73','view',NULL,'499480','',NULL,NULL,540969,'2023-05-22 12:25:53'),(1088,'crimestopper','172','view',NULL,'527232','',NULL,NULL,540969,'2023-05-22 12:26:06'),(1089,'crimestopper','178','view',NULL,'527232','',NULL,NULL,540969,'2023-05-22 12:26:24'),(1090,'crimestopper','178','view',NULL,'527232','',NULL,NULL,540969,'2023-05-22 12:29:55'),(1091,'crimestopper','200','view','540969','527232','',NULL,NULL,540969,'2023-05-22 12:34:47'),(1092,'crimestopper','178','view','540969','527232','',NULL,NULL,540969,'2023-05-22 12:34:59'),(1093,'crimestopper','178','view','540969','527232','',NULL,NULL,540969,'2023-05-22 12:35:15'),(1094,'crimestopper','178','view','540969','527232','',NULL,NULL,540969,'2023-05-22 12:36:08'),(1095,'crimestopper','200','view','540969','527232','',NULL,NULL,540969,'2023-05-22 12:36:30'),(1096,'crimestopper','200','view','540969','527232','',NULL,NULL,540969,'2023-05-22 12:36:51'),(1097,'crimestopper','200','view','540969','527232','',NULL,NULL,540969,'2023-05-22 12:37:07'),(1098,'missingperson','162','view','540969','527232','',NULL,NULL,540969,'2023-05-22 12:46:01'),(1099,'crimestopper','203','view','541125','527232','',NULL,NULL,541125,'2023-05-22 13:59:12'),(1100,'missingperson','164','view','','499480','743',NULL,NULL,743,'2023-05-22 14:16:11'),(1101,'missingperson','164','view','','499480','743',NULL,NULL,743,'2023-05-22 14:19:23'),(1102,'missingperson','164','view','513217','499480','',NULL,NULL,513217,'2023-05-22 14:19:57'),(1103,'missingperson','164','update','513217','499480','',NULL,NULL,513217,'2023-05-22 14:20:09'),(1104,'missingperson','163','view','513217','499480','',NULL,NULL,513217,'2023-05-22 14:21:18'),(1105,'missingperson','164','view','513217','499480','',NULL,NULL,513217,'2023-05-22 14:21:46'),(1106,'missingperson','162','view','540969','527232','',NULL,NULL,540969,'2023-05-22 14:26:16'),(1107,'missingperson','164','view','540969','499480','',NULL,NULL,540969,'2023-05-22 14:26:38'),(1108,'missingperson','161','view','513217','527232','',NULL,NULL,513217,'2023-05-22 14:27:48'),(1109,'missingperson','164','view','513217','499480','',NULL,NULL,513217,'2023-05-22 14:43:10'),(1110,'crimestopper','204','view','','527232','789',NULL,NULL,789,'2023-05-22 14:44:00'),(1111,'crimestopper','182','view','','527232','789',NULL,NULL,789,'2023-05-22 14:44:21'),(1112,'missingperson','162','view','','527232','789',NULL,NULL,789,'2023-05-22 14:44:35'),(1113,'crimestopper','202','view','513217','499480','',NULL,NULL,513217,'2023-05-23 08:41:47'),(1114,'crimestopper','202','view','513217','499480','',NULL,NULL,513217,'2023-05-23 08:43:15'),(1115,'missingperson','161','view','513217','527232','',NULL,NULL,513217,'2023-05-23 08:46:14'),(1116,'missingperson','165','view','','527232','789',NULL,NULL,789,'2023-05-23 15:29:05'),(1117,'missingperson','165','view','','527232','789',NULL,NULL,789,'2023-05-23 15:30:39'),(1118,'missingperson','165','view','540969','527232','',NULL,NULL,540969,'2023-05-23 15:31:03'),(1119,'missingperson','165','update','540969','527232','',NULL,NULL,540969,'2023-05-23 15:31:07'),(1120,'missingperson','165','close','540969','527232','',NULL,NULL,540969,'2023-05-23 15:31:31'),(1121,'missingperson','161','view','513217','527232','',NULL,NULL,513217,'2023-05-24 10:29:53'),(1122,'missingperson','162','view','540969','527232','',NULL,NULL,540969,'2023-05-25 12:43:51'),(1123,'missingperson','160','view','540969','527232','',NULL,NULL,540969,'2023-05-25 12:56:22'),(1124,'whistleblower','152','view','','527232','789',NULL,NULL,789,'2023-05-30 08:02:26'),(1125,'whistleblower','152','view','','527232','789',NULL,NULL,789,'2023-05-30 08:02:41'),(1126,'whistleblower','152','view','','527232','789',NULL,NULL,789,'2023-05-30 08:02:41'),(1127,'whistleblower','152','view','540969','527232','',NULL,NULL,540969,'2023-05-30 08:06:03'),(1128,'whistleblower','152','update','540969','527232','',NULL,NULL,540969,'2023-05-30 08:07:20'),(1129,'whistleblower','152','view','540969','527232','',NULL,NULL,540969,'2023-05-30 12:33:08'),(1130,'whistleblower','152','close','540969','527232','',NULL,NULL,540969,'2023-05-30 12:34:07'),(1131,'complaints','103','view','','527232','789',NULL,NULL,789,'2023-05-30 12:59:03'),(1132,'complaints','103','view','540969','527232','',NULL,NULL,540969,'2023-05-30 13:01:25'),(1133,'complaints','103','view','540969','527232','',NULL,NULL,540969,'2023-05-30 13:10:31'),(1134,'complaints','103','update','540969','527232','',NULL,NULL,540969,'2023-05-30 13:10:34'),(1135,'complaints','103','close','540969','527232','',NULL,NULL,540969,'2023-05-30 13:31:16'),(1136,'whistleblower','152','view','','527232','789',NULL,NULL,789,'2023-05-31 09:51:14'),(1137,'whistleblower','152','view','','527232','789',NULL,NULL,789,'2023-05-31 09:51:22'),(1138,'missingperson','160','view','540969','527232','',NULL,NULL,540969,'2023-05-31 12:43:22'),(1139,'crimestopper','204','view','540969','527232','',NULL,NULL,540969,'2023-05-31 12:51:36'),(1140,'crimestopper','204','update','540969','527232','',NULL,NULL,540969,'2023-05-31 12:51:55'),(1141,'crimestopper','204','view','540969','527232','',NULL,NULL,540969,'2023-05-31 12:52:06'),(1142,'crimestopper','204','view','540969','527232','',NULL,NULL,540969,'2023-05-31 12:52:22'),(1143,'missingperson','160','view','540969','527232','',NULL,NULL,540969,'2023-05-31 12:53:25'),(1144,'crimestopper','205','view','','527232','789',NULL,NULL,789,'2023-06-02 07:46:29'),(1145,'crimestopper','205','view','','527232','789',NULL,NULL,789,'2023-06-02 07:47:24'),(1146,'crimestopper','205','view','','527232','789',NULL,NULL,789,'2023-06-02 08:00:55'),(1147,'crimestopper','205','view','','527232','789',NULL,NULL,789,'2023-06-02 08:03:51'),(1148,'crimestopper','205','view','','527232','789',NULL,NULL,789,'2023-06-02 08:04:24'),(1149,'crimestopper','205','view','','527232','789',NULL,NULL,789,'2023-06-02 08:06:06'),(1150,'crimestopper','205','view','','527232','789',NULL,NULL,789,'2023-06-02 08:10:20'),(1151,'crimestopper','205','view','','527232','789',NULL,NULL,789,'2023-06-02 08:12:44'),(1152,'crimestopper','205','view','','527232','789',NULL,NULL,789,'2023-06-02 08:13:29'),(1153,'missingperson','165','view','','527232','789',NULL,NULL,789,'2023-06-02 08:15:12'),(1154,'missingperson','165','view','','527232','789',NULL,NULL,789,'2023-06-02 08:42:56'),(1155,'missingperson','165','view','','527232','789',NULL,NULL,789,'2023-06-02 08:46:31'),(1156,'missingperson','165','view','','527232','789',NULL,NULL,789,'2023-06-02 08:47:06'),(1157,'missingperson','165','view','','527232','789',NULL,NULL,789,'2023-06-02 08:47:38'),(1158,'missingperson','165','view','','527232','789',NULL,NULL,789,'2023-06-02 08:49:04'),(1159,'missingperson','165','view','','527232','789',NULL,NULL,789,'2023-06-02 08:50:12'),(1160,'missingperson','165','view','','527232','789',NULL,NULL,789,'2023-06-02 08:50:38'),(1161,'missingperson','160','view','540969','527232','',NULL,NULL,540969,'2023-06-02 09:29:22'),(1162,'missingperson','164','view','','499480','789',NULL,NULL,789,'2023-06-02 10:42:06'),(1163,'missingperson','164','view','','499480','789',NULL,NULL,789,'2023-06-02 10:42:25'),(1164,'crimestopper','209','view','','527232','789',NULL,NULL,789,'2023-06-02 11:54:09'),(1165,'missingperson','166','view','','527232','789',NULL,NULL,789,'2023-06-02 11:57:40'),(1166,'missingperson','166','view','540969','527232','',NULL,NULL,540969,'2023-06-02 12:01:49'),(1167,'missingperson','166','view','540969','527232','',NULL,NULL,540969,'2023-06-02 12:02:45'),(1168,'missingperson','166','update','540969','527232','',NULL,NULL,540969,'2023-06-02 12:02:55'),(1169,'missingperson','166','view','540969','527232','',NULL,NULL,540969,'2023-06-02 12:58:40'),(1170,'missingperson','166','view','540969','527232','',NULL,NULL,540969,'2023-06-02 12:58:49'),(1171,'missingperson','162','view','540969','527232','',NULL,NULL,540969,'2023-06-02 14:18:51'),(1172,'missingperson','162','view','540969','527232','',NULL,NULL,540969,'2023-06-02 14:22:24'),(1173,'missingperson','162','view','540969','527232','',NULL,NULL,540969,'2023-06-02 14:23:58'),(1174,'missingperson','162','view','540969','527232','',NULL,NULL,540969,'2023-06-02 14:25:21'),(1175,'missingperson','162','view','540969','527232','',NULL,NULL,540969,'2023-06-02 14:25:31'),(1176,'missingperson','162','view','540969','527232','',NULL,NULL,540969,'2023-06-02 14:26:21'),(1177,'crimestopper','209','view','','527232','789',NULL,NULL,789,'2023-06-02 14:29:16'),(1178,'missingperson','162','view','','527232','789',NULL,NULL,789,'2023-06-02 14:29:43'),(1179,'missingperson','162','view','','527232','789',NULL,NULL,789,'2023-06-02 14:30:13'),(1180,'missingperson','162','view','540969','527232','',NULL,NULL,540969,'2023-06-02 14:30:15'),(1181,'missingperson','162','view','','527232','789',NULL,NULL,789,'2023-06-02 14:30:44'),(1182,'missingperson','162','view','540969','527232','',NULL,NULL,540969,'2023-06-02 14:30:46'),(1183,'missingperson','162','view','','527232','789',NULL,NULL,789,'2023-06-02 14:31:42'),(1184,'missingperson','162','view','540969','527232','',NULL,NULL,540969,'2023-06-02 14:31:44'),(1185,'missingperson','162','view','','527232','789',NULL,NULL,789,'2023-06-02 14:32:25'),(1186,'missingperson','162','view','540969','527232','',NULL,NULL,540969,'2023-06-02 14:32:27'),(1187,'missingperson','162','view','','527232','789',NULL,NULL,789,'2023-06-02 14:32:56'),(1188,'missingperson','162','view','540969','527232','',NULL,NULL,540969,'2023-06-02 14:32:56'),(1189,'missingperson','162','view','','527232','789',NULL,NULL,789,'2023-06-02 14:33:29'),(1190,'missingperson','162','view','','527232','789',NULL,NULL,789,'2023-06-02 14:37:19'),(1191,'missingperson','162','view','540969','527232','',NULL,NULL,540969,'2023-06-02 14:37:19'),(1192,'missingperson','162','view','','527232','789',NULL,NULL,789,'2023-06-02 14:38:37'),(1193,'missingperson','162','view','540969','527232','',NULL,NULL,540969,'2023-06-02 14:38:38'),(1194,'missingperson','162','view','','527232','789',NULL,NULL,789,'2023-06-02 14:39:53'),(1195,'missingperson','162','view','540969','527232','',NULL,NULL,540969,'2023-06-02 14:39:55'),(1196,'missingperson','162','view','540969','527232','',NULL,NULL,540969,'2023-06-02 14:40:13'),(1197,'missingperson','162','view','540969','527232','',NULL,NULL,540969,'2023-06-02 14:51:39'),(1198,'missingperson','162','view','','527232','789',NULL,NULL,789,'2023-06-02 14:51:40'),(1199,'missingperson','162','view','','527232','789',NULL,NULL,789,'2023-06-02 14:52:20'),(1200,'missingperson','162','view','540969','527232','',NULL,NULL,540969,'2023-06-02 14:52:21'),(1201,'missingperson','162','view','','527232','789',NULL,NULL,789,'2023-06-02 14:52:44'),(1202,'missingperson','162','view','','527232','789',NULL,NULL,789,'2023-06-02 14:53:33'),(1203,'missingperson','162','view','540969','527232','',NULL,NULL,540969,'2023-06-02 14:54:53'),(1204,'missingperson','162','view','','527232','789',NULL,NULL,789,'2023-06-02 14:54:53'),(1205,'missingperson','162','view','','527232','789',NULL,NULL,789,'2023-06-02 14:56:54'),(1206,'missingperson','162','view','540969','527232','',NULL,NULL,540969,'2023-06-02 14:56:55'),(1207,'missingperson','162','view','540969','527232','',NULL,NULL,540969,'2023-06-02 15:15:04'),(1208,'missingperson','162','view','','527232','789',NULL,NULL,789,'2023-06-02 15:15:05'),(1209,'missingperson','162','view','540969','527232','',NULL,NULL,540969,'2023-06-02 15:16:15'),(1210,'missingperson','162','view','','527232','789',NULL,NULL,789,'2023-06-02 15:16:15'),(1211,'missingperson','162','view','540969','527232','',NULL,NULL,540969,'2023-06-02 15:17:30'),(1212,'missingperson','162','view','','527232','789',NULL,NULL,789,'2023-06-02 15:17:30'),(1213,'missingperson','162','view','540969','527232','',NULL,NULL,540969,'2023-06-02 15:18:32'),(1214,'missingperson','162','view','540969','527232','',NULL,NULL,540969,'2023-06-02 15:18:36'),(1215,'missingperson','166','view','540969','527232','',NULL,NULL,540969,'2023-06-05 07:51:59'),(1216,'missingperson','162','view','540969','527232','',NULL,NULL,540969,'2023-06-05 08:14:56'),(1217,'missingperson','162','view','540969','527232','',NULL,NULL,540969,'2023-06-05 08:17:47'),(1218,'missingperson','162','view','540969','527232','',NULL,NULL,540969,'2023-06-05 08:56:16'),(1219,'missingperson','162','view','540969','527232','',NULL,NULL,540969,'2023-06-05 09:06:10'),(1220,'missingperson','162','view','540969','527232','',NULL,NULL,540969,'2023-06-05 09:06:31'),(1221,'missingperson','162','view','540969','527232','',NULL,NULL,540969,'2023-06-05 09:08:48'),(1222,'missingperson','162','view','540969','527232','',NULL,NULL,540969,'2023-06-05 09:11:03'),(1223,'missingperson','162','view','540969','527232','',NULL,NULL,540969,'2023-06-05 09:12:04'),(1224,'missingperson','162','view','540969','527232','',NULL,NULL,540969,'2023-06-05 09:12:57'),(1225,'missingperson','162','view','540969','527232','',NULL,NULL,540969,'2023-06-05 09:14:33'),(1226,'missingperson','162','view','540969','527232','',NULL,NULL,540969,'2023-06-05 09:15:24'),(1227,'missingperson','162','view','540969','527232','',NULL,NULL,540969,'2023-06-05 09:20:07'),(1228,'missingperson','162','view','540969','527232','',NULL,NULL,540969,'2023-06-05 09:23:27'),(1229,'missingperson','162','view','540969','527232','',NULL,NULL,540969,'2023-06-05 09:29:33'),(1230,'missingperson','162','view','540969','527232','',NULL,NULL,540969,'2023-06-05 09:29:50'),(1231,'missingperson','162','view','540969','527232','',NULL,NULL,540969,'2023-06-05 09:31:04'),(1232,'missingperson','162','view','540969','527232','',NULL,NULL,540969,'2023-06-05 09:34:13'),(1233,'missingperson','162','view','540969','527232','',NULL,NULL,540969,'2023-06-05 09:34:34'),(1234,'missingperson','161','view','540969','527232','',NULL,NULL,540969,'2023-06-05 09:34:56'),(1235,'missingperson','161','view','540969','527232','',NULL,NULL,540969,'2023-06-05 09:34:58'),(1236,'missingperson','161','view','540969','527232','',NULL,NULL,540969,'2023-06-05 09:35:24'),(1237,'missingperson','166','view','540969','527232','',NULL,NULL,540969,'2023-06-05 09:37:11'),(1238,'missingperson','166','view','540969','527232','',NULL,NULL,540969,'2023-06-05 09:37:26'),(1239,'missingperson','166','view','540969','527232','',NULL,NULL,540969,'2023-06-05 09:38:10'),(1240,'missingperson','166','view','540969','527232','',NULL,NULL,540969,'2023-06-05 09:38:31'),(1241,'missingperson','165','view','540969','527232','',NULL,NULL,540969,'2023-06-05 09:39:55'),(1242,'missingperson','165','view','540969','527232','',NULL,NULL,540969,'2023-06-05 09:40:43'),(1243,'missingperson','165','view','540969','527232','',NULL,NULL,540969,'2023-06-05 09:58:05'),(1244,'missingperson','167','view','','527232','789',NULL,NULL,789,'2023-06-05 11:31:29'),(1245,'missingperson','167','view','','527232','789',NULL,NULL,789,'2023-06-05 11:32:08'),(1246,'crimestopper','209','view','540969','527232','',NULL,NULL,540969,'2023-06-05 13:01:47'),(1247,'crimestopper','209','update','540969','527232','',NULL,NULL,540969,'2023-06-05 13:02:02'),(1248,'crimestopper','209','view','540969','527232','',NULL,NULL,540969,'2023-06-05 13:09:39'),(1249,'crimestopper','209','update','540969','527232','',NULL,NULL,540969,'2023-06-05 13:10:12'),(1250,'missingperson','167','view','540969','527232','',NULL,NULL,540969,'2023-06-05 13:40:38'),(1251,'missingperson','164','view','','499480','743',NULL,NULL,743,'2023-06-05 14:01:30'),(1252,'missingperson','164','view','513217','499480','',NULL,NULL,513217,'2023-06-05 14:03:52'),(1253,'missingperson','164','view','513217','499480','',NULL,NULL,513217,'2023-06-05 14:07:09'),(1254,'missingperson','162','view','540969','527232','',NULL,NULL,540969,'2023-06-06 08:20:54'),(1255,'missingperson','159','view','540969','527232','',NULL,NULL,540969,'2023-06-06 08:21:17'),(1256,'missingperson','145','view','540969','527232','',NULL,NULL,540969,'2023-06-06 08:21:38'),(1257,'missingperson','134','view','540969','527232','',NULL,NULL,540969,'2023-06-06 08:23:19'),(1258,'missingperson','146','view','540969','527232','',NULL,NULL,540969,'2023-06-06 08:23:32'),(1259,'missingperson','167','view','540969','527232','',NULL,NULL,540969,'2023-06-06 08:24:36'),(1260,'missingperson','146','view','540969','527232','',NULL,NULL,540969,'2023-06-06 08:24:54'),(1261,'missingperson','147','view','540969','527232','',NULL,NULL,540969,'2023-06-06 08:25:17'),(1262,'missingperson','146','view','540969','527232','',NULL,NULL,540969,'2023-06-06 08:25:24'),(1263,'missingperson','145','view','540969','527232','',NULL,NULL,540969,'2023-06-06 08:25:30'),(1264,'missingperson','163','view','513217','499480','',NULL,NULL,513217,'2023-06-06 08:32:32'),(1265,'missingperson','167','view','540969','527232','',NULL,NULL,540969,'2023-06-06 11:15:15'),(1266,'missingperson','167','view','540969','527232','',NULL,NULL,540969,'2023-06-06 11:20:27'),(1267,'missingperson','167','view','540969','527232','',NULL,NULL,540969,'2023-06-06 11:28:26'),(1268,'missingperson','167','view','540969','527232','',NULL,NULL,540969,'2023-06-06 11:29:19'),(1269,'missingperson','167','view','540969','527232','',NULL,NULL,540969,'2023-06-06 11:33:38'),(1270,'missingperson','167','view','540969','527232','',NULL,NULL,540969,'2023-06-06 11:34:20'),(1271,'missingperson','167','view','540969','527232','',NULL,NULL,540969,'2023-06-06 12:33:07'),(1272,'missingperson','167','view','540969','527232','',NULL,NULL,540969,'2023-06-06 12:34:06'),(1273,'missingperson','167','view','540969','527232','',NULL,NULL,540969,'2023-06-06 12:34:30'),(1274,'crimestopper','203','view','540969','527232','',NULL,NULL,540969,'2023-06-06 13:10:02'),(1275,'crimestopper','203','update','540969','527232','',NULL,NULL,540969,'2023-06-06 13:10:08'),(1276,'complaints','88','view','513217','499480','',NULL,NULL,513217,'2023-06-06 13:34:09'),(1277,'missingperson','167','view','540969','527232','',NULL,NULL,540969,'2023-06-07 09:05:11'),(1278,'missingperson','163','view','513217','499480','',NULL,NULL,513217,'2023-06-07 09:06:12'),(1279,'missingperson','163','view','513217','499480','',NULL,NULL,513217,'2023-06-07 09:06:21'),(1280,'missingperson','163','view','513217','499480','',NULL,NULL,513217,'2023-06-07 09:22:27'),(1281,'missingperson','163','view','513217','499480','',NULL,NULL,513217,'2023-06-07 09:24:14'),(1282,'missingperson','163','view','513217','499480','',NULL,NULL,513217,'2023-06-07 09:26:27'),(1283,'missingperson','163','view','513217','499480','',NULL,NULL,513217,'2023-06-07 09:26:59'),(1284,'missingperson','163','view','513217','499480','',NULL,NULL,513217,'2023-06-07 09:31:21'),(1285,'missingperson','166','view','513217','527232','',NULL,NULL,513217,'2023-06-07 09:31:47'),(1286,'missingperson','167','view','540969','527232','',NULL,NULL,540969,'2023-06-07 09:32:20'),(1287,'missingperson','166','view','540969','527232','',NULL,NULL,540969,'2023-06-07 09:32:29'),(1288,'missingperson','166','view','540969','527232','',NULL,NULL,540969,'2023-06-07 09:33:33'),(1289,'missingperson','166','view','540969','527232','',NULL,NULL,540969,'2023-06-07 09:35:38'),(1290,'missingperson','164','view','540969','499480','',NULL,NULL,540969,'2023-06-07 09:35:57'),(1291,'missingperson','121','view','540969','527232','',NULL,NULL,540969,'2023-06-07 09:38:26'),(1292,'missingperson','121','view','540969','527232','',NULL,NULL,540969,'2023-06-07 09:40:04'),(1293,'missingperson','121','view','540969','527232','',NULL,NULL,540969,'2023-06-07 09:43:35'),(1294,'missingperson','164','view','540969','499480','',NULL,NULL,540969,'2023-06-07 09:43:40'),(1295,'missingperson','167','view','540969','527232','',NULL,NULL,540969,'2023-06-07 10:14:22'),(1296,'missingperson','167','view','540969','527232','',NULL,NULL,540969,'2023-06-07 10:49:10'),(1297,'missingperson','167','view','540969','527232','',NULL,NULL,540969,'2023-06-07 10:52:35'),(1298,'missingperson','167','view','540969','527232','',NULL,NULL,540969,'2023-06-07 10:53:13'),(1299,'missingperson','167','view','540969','527232','',NULL,NULL,540969,'2023-06-07 10:53:26'),(1300,'missingperson','162','view','540969','527232','',NULL,NULL,540969,'2023-06-07 10:53:38'),(1301,'missingperson','162','view','540969','527232','',NULL,NULL,540969,'2023-06-07 10:56:16'),(1302,'missingperson','167','view','540969','527232','',NULL,NULL,540969,'2023-06-07 10:56:28'),(1303,'missingperson','161','view','540969','527232','',NULL,NULL,540969,'2023-06-07 10:56:34'),(1304,'missingperson','159','view','540969','527232','',NULL,NULL,540969,'2023-06-07 10:56:41'),(1305,'missingperson','168','view','','527232','789',NULL,NULL,789,'2023-06-07 11:04:27'),(1306,'missingperson','168','view','','527232','789',NULL,NULL,789,'2023-06-07 11:05:37'),(1307,'missingperson','168','view','','527232','789',NULL,NULL,789,'2023-06-07 11:06:12'),(1308,'missingperson','168','view','','527232','789',NULL,NULL,789,'2023-06-07 11:06:56'),(1309,'missingperson','168','view','540969','527232','',NULL,NULL,540969,'2023-06-07 11:07:50'),(1310,'missingperson','168','view','540969','527232','',NULL,NULL,540969,'2023-06-07 11:08:13'),(1311,'missingperson','168','view','540969','527232','',NULL,NULL,540969,'2023-06-07 11:08:49'),(1312,'missingperson','168','view','540969','527232','',NULL,NULL,540969,'2023-06-07 11:09:10'),(1313,'missingperson','168','view','540969','527232','',NULL,NULL,540969,'2023-06-07 11:09:44'),(1314,'missingperson','168','view','540969','527232','',NULL,NULL,540969,'2023-06-07 11:10:00'),(1315,'missingperson','168','view','540969','527232','',NULL,NULL,540969,'2023-06-07 11:10:49'),(1316,'missingperson','169','view','','527232','789',NULL,NULL,789,'2023-06-07 12:14:42'),(1317,'missingperson','169','view','','527232','789',NULL,NULL,789,'2023-06-07 12:15:42'),(1318,'missingperson','121','view','','527232','789',NULL,NULL,789,'2023-06-07 12:16:50'),(1319,'missingperson','58','view','','527232','789',NULL,NULL,789,'2023-06-07 12:17:21'),(1320,'missingperson','170','view','','527232','789',NULL,NULL,789,'2023-06-07 12:19:10'),(1321,'missingperson','170','view','','527232','789',NULL,NULL,789,'2023-06-07 12:19:22'),(1322,'missingperson','170','view','','527232','789',NULL,NULL,789,'2023-06-07 12:19:57'),(1323,'missingperson','170','view','','527232','789',NULL,NULL,789,'2023-06-07 12:21:00'),(1324,'missingperson','170','view','','527232','789',NULL,NULL,789,'2023-06-07 12:36:25'),(1325,'missingperson','171','view','','527232','789',NULL,NULL,789,'2023-06-07 12:37:53'),(1326,'missingperson','171','view','','527232','789',NULL,NULL,789,'2023-06-07 12:38:12'),(1327,'missingperson','171','view','','527232','789',NULL,NULL,789,'2023-06-07 12:38:36'),(1328,'missingperson','171','view','540969','527232','',NULL,NULL,540969,'2023-06-09 10:33:32'),(1329,'crimestopper','210','view','540969','527232','',NULL,NULL,540969,'2023-06-09 10:34:17'),(1330,'crimestopper','209','view','','527232','789',NULL,NULL,789,'2023-06-09 10:35:10'),(1331,'crimestopper','210','view','540969','527232','',NULL,NULL,540969,'2023-06-12 09:11:48'),(1332,'crimestopper','202','view','540969','499480','',NULL,NULL,540969,'2023-06-12 11:51:40'),(1333,'crimestopper','198','view','540969','499480','',NULL,NULL,540969,'2023-06-12 11:52:28'),(1334,'crimestopper','189','view','','527232','789',NULL,NULL,789,'2023-06-12 11:54:18'),(1335,'crimestopper','189','view','','527232','789',NULL,NULL,789,'2023-06-12 11:54:38'),(1336,'crimestopper','209','view','','527232','789',NULL,NULL,789,'2023-06-12 11:54:54'),(1337,'crimestopper','209','view','','527232','789',NULL,NULL,789,'2023-06-12 11:58:27'),(1338,'crimestopper','209','view','','527232','789',NULL,NULL,789,'2023-06-12 11:58:31'),(1339,'crimestopper','209','view','','527232','789',NULL,NULL,789,'2023-06-12 11:58:42'),(1340,'crimestopper','209','view','','527232','789',NULL,NULL,789,'2023-06-12 12:01:33'),(1341,'openrecord','7','view','540969','527232','',NULL,NULL,540969,'2023-06-12 12:02:07'),(1342,'crimestopper','209','view','','527232','789',NULL,NULL,789,'2023-06-12 12:04:16'),(1343,'crimestopper','209','view','','527232','789',NULL,NULL,789,'2023-06-12 12:04:23'),(1344,'crimestopper','209','view','','527232','789',NULL,NULL,789,'2023-06-12 12:04:28'),(1345,'crimestopper','209','view','','527232','789',NULL,NULL,789,'2023-06-12 12:04:36'),(1346,'crimestopper','209','view','','527232','789',NULL,NULL,789,'2023-06-12 12:05:18'),(1347,'crimestopper','210','view','','527232','789',NULL,NULL,789,'2023-06-12 12:06:38'),(1348,'crimestopper','210','view','','527232','789',NULL,NULL,789,'2023-06-12 12:06:46'),(1349,'crimestopper','210','view','','527232','789',NULL,NULL,789,'2023-06-12 12:06:58'),(1350,'crimestopper','209','view','','527232','789',NULL,NULL,789,'2023-06-12 12:07:12'),(1351,'crimestopper','210','view','','527232','789',NULL,NULL,789,'2023-06-12 12:12:22'),(1352,'crimestopper','210','view','','527232','789',NULL,NULL,789,'2023-06-12 12:12:38'),(1353,'crimestopper','210','view','','527232','789',NULL,NULL,789,'2023-06-12 12:12:52'),(1354,'crimestopper','210','view','','527232','789',NULL,NULL,789,'2023-06-12 12:13:53'),(1355,'crimestopper','210','view','','527232','789',NULL,NULL,789,'2023-06-12 12:16:26'),(1356,'crimestopper','210','view','','527232','789',NULL,NULL,789,'2023-06-12 12:44:18'),(1357,'crimestopper','210','view','','527232','789',NULL,NULL,789,'2023-06-12 12:48:16'),(1358,'crimestopper','202','view','540969','499480','',NULL,NULL,540969,'2023-06-12 12:53:25'),(1359,'crimestopper','210','view','','527232','789',NULL,NULL,789,'2023-06-12 12:53:48'),(1360,'crimestopper','202','view','540969','499480','',NULL,NULL,540969,'2023-06-12 12:56:34'),(1361,'crimestopper','208','view','','527232','789',NULL,NULL,789,'2023-06-12 12:56:39'),(1362,'crimestopper','208','view','','527232','789',NULL,NULL,789,'2023-06-12 12:57:58'),(1363,'crimestopper','208','view','','527232','789',NULL,NULL,789,'2023-06-12 12:58:29'),(1364,'crimestopper','208','view','','527232','789',NULL,NULL,789,'2023-06-12 13:03:33'),(1365,'crimestopper','208','view','','527232','789',NULL,NULL,789,'2023-06-12 13:05:41'),(1366,'crimestopper','208','view','','527232','789',NULL,NULL,789,'2023-06-12 13:06:28'),(1367,'crimestopper','208','view','','527232','789',NULL,NULL,789,'2023-06-12 13:11:08'),(1368,'crimestopper','208','view','','527232','789',NULL,NULL,789,'2023-06-12 13:11:10'),(1369,'crimestopper','209','view','','527232','789',NULL,NULL,789,'2023-06-12 13:16:36'),(1370,'crimestopper','209','view','','527232','789',NULL,NULL,789,'2023-06-12 13:18:22'),(1371,'crimestopper','210','view','540969','527232','',NULL,NULL,540969,'2023-06-12 13:26:24'),(1372,'crimestopper','209','view','','527232','789',NULL,NULL,789,'2023-06-12 13:32:49'),(1373,'missingperson','164','view','513217','499480','',NULL,NULL,513217,'2023-06-12 14:19:21'),(1374,'crimestopper','211','view','513217','499480','',NULL,NULL,513217,'2023-06-12 14:19:33'),(1375,'crimestopper','211','view','513217','499480','',NULL,NULL,513217,'2023-06-12 14:20:54'),(1376,'missingperson','164','view','513217','499480','',NULL,NULL,513217,'2023-06-12 14:22:45'),(1377,'missingperson','164','view','513217','499480','',NULL,NULL,513217,'2023-06-12 14:23:01'),(1378,'missingperson','164','view','513217','499480','',NULL,NULL,513217,'2023-06-12 14:26:48'),(1379,'missingperson','164','view','513217','499480','',NULL,NULL,513217,'2023-06-12 14:26:53'),(1380,'missingperson','164','view','513217','499480','',NULL,NULL,513217,'2023-06-12 14:27:33'),(1381,'missingperson','164','view','513217','499480','',NULL,NULL,513217,'2023-06-12 14:29:30'),(1382,'crimestopper','211','view','513217','499480','',NULL,NULL,513217,'2023-06-12 14:30:17'),(1383,'crimestopper','211','view','513217','499480','',NULL,NULL,513217,'2023-06-12 14:33:06'),(1384,'missingperson','171','view','540969','527232','',NULL,NULL,540969,'2023-06-12 14:37:04'),(1385,'missingperson','171','update','540969','527232','',NULL,NULL,540969,'2023-06-12 14:37:12'),(1386,'crimestopper','212','view','540969','527232','',NULL,NULL,540969,'2023-06-12 14:37:58'),(1387,'crimestopper','212','update','540969','527232','',NULL,NULL,540969,'2023-06-12 14:38:03'),(1388,'crimestopper','212','close','540969','527232','',NULL,NULL,540969,'2023-06-12 14:38:07'),(1389,'crimestopper','212','close','540969','527232','',NULL,NULL,540969,'2023-06-12 14:38:24'),(1390,'crimestopper','212','close','540969','527232','',NULL,NULL,540969,'2023-06-12 14:38:51'),(1391,'crimestopper','211','view','','499480','743',NULL,NULL,743,'2023-06-12 14:52:16'),(1392,'crimestopper','194','view','','499480','743',NULL,NULL,743,'2023-06-12 14:52:48'),(1393,'crimestopper','72','view','513217','499480','',NULL,NULL,513217,'2023-06-12 14:53:33'),(1394,'crimestopper','72','update','513217','499480','',NULL,NULL,513217,'2023-06-12 14:53:49'),(1395,'crimestopper','72','close','513217','499480','',NULL,NULL,513217,'2023-06-12 14:54:15'),(1396,'crimestopper','72','view','513217','499480','',NULL,NULL,513217,'2023-06-12 14:55:01'),(1397,'crimestopper','213','view','','499480','743',NULL,NULL,743,'2023-06-12 14:57:48'),(1398,'missingperson','164','view','513217','499480','',NULL,NULL,513217,'2023-06-12 14:58:20'),(1399,'crimestopper','213','view','513217','499480','',NULL,NULL,513217,'2023-06-12 14:58:37'),(1400,'crimestopper','213','update','513217','499480','',NULL,NULL,513217,'2023-06-12 14:58:49'),(1401,'crimestopper','213','close','513217','499480','',NULL,NULL,513217,'2023-06-12 14:59:00'),(1402,'crimestopper','202','view','513217','499480','',NULL,NULL,513217,'2023-06-12 15:03:36'),(1403,'crimestopper','202','update','513217','499480','',NULL,NULL,513217,'2023-06-12 15:03:44'),(1404,'crimestopper','202','close','513217','499480','',NULL,NULL,513217,'2023-06-12 15:03:48'),(1405,'crimestopper','194','view','513217','499480','',NULL,NULL,513217,'2023-06-12 15:04:49'),(1406,'crimestopper','194','update','513217','499480','',NULL,NULL,513217,'2023-06-12 15:04:55'),(1407,'crimestopper','194','close','513217','499480','',NULL,NULL,513217,'2023-06-12 15:05:00'),(1408,'crimestopper','194','view','513217','499480','',NULL,NULL,513217,'2023-06-12 15:05:24'),(1409,'crimestopper','194','view','513217','499480','',NULL,NULL,513217,'2023-06-12 15:07:01'),(1410,'crimestopper','211','view','513217','499480','',NULL,NULL,513217,'2023-06-12 15:21:59'),(1411,'crimestopper','211','view','513217','499480','',NULL,NULL,513217,'2023-06-13 07:05:26'),(1412,'crimestopper','211','view','513217','499480','',NULL,NULL,513217,'2023-06-13 07:05:37'),(1413,'complaints','104','view','540969','527232','',NULL,NULL,540969,'2023-06-13 08:59:14'),(1414,'complaints','104','update','540969','527232','',NULL,NULL,540969,'2023-06-13 08:59:17'),(1415,'complaints','104','view','541088','527232','',NULL,NULL,541088,'2023-06-13 09:01:48'),(1416,'complaints','104','view','541088','527232','',NULL,NULL,541088,'2023-06-13 09:02:24'),(1417,'complaints','104','close','541088','527232','',NULL,NULL,541088,'2023-06-13 09:02:35'),(1418,'crimestopper','210','view','540969','527232','',NULL,NULL,540969,'2023-06-13 09:04:05'),(1419,'crimestopper','210','view','540969','527232','',NULL,NULL,540969,'2023-06-13 09:04:18'),(1420,'crimestopper','211','view','540969','499480','',NULL,NULL,540969,'2023-06-13 09:35:13'),(1421,'crimestopper','211','view','513217','499480','',NULL,NULL,513217,'2023-06-13 10:00:05'),(1422,'crimestopper','211','view','513217','499480','',NULL,NULL,513217,'2023-06-13 10:00:12'),(1423,'crimestopper','211','update','513217','499480','',NULL,NULL,513217,'2023-06-13 10:00:19'),(1424,'crimestopper','211','close','513217','499480','',NULL,NULL,513217,'2023-06-13 10:00:22'),(1425,'crimestopper','211','view','513217','499480','',NULL,NULL,513217,'2023-06-13 10:01:34'),(1426,'crimestopper','201','view','513217','499480','',NULL,NULL,513217,'2023-06-13 10:22:22'),(1427,'crimestopper','201','view','513217','499480','',NULL,NULL,513217,'2023-06-13 10:27:03'),(1428,'crimestopper','201','update','513217','499480','',NULL,NULL,513217,'2023-06-13 10:27:11'),(1429,'crimestopper','199','view','513217','499480','',NULL,NULL,513217,'2023-06-13 10:27:29'),(1430,'crimestopper','199','view','513217','499480','',NULL,NULL,513217,'2023-06-13 10:27:49'),(1431,'crimestopper','199','view','513217','499480','',NULL,NULL,513217,'2023-06-13 10:31:28'),(1432,'crimestopper','210','view','540969','527232','',NULL,NULL,540969,'2023-06-13 10:36:41'),(1433,'crimestopper','210','view','540969','527232','',NULL,NULL,540969,'2023-06-13 10:38:54'),(1434,'crimestopper','200','view','540969','527232','',NULL,NULL,540969,'2023-06-13 10:39:05'),(1435,'crimestopper','200','view','540969','527232','',NULL,NULL,540969,'2023-06-13 10:39:12'),(1436,'crimestopper','214','view','540969','527232','',NULL,NULL,540969,'2023-06-13 10:41:15'),(1437,'crimestopper','214','view','540969','527232','',NULL,NULL,540969,'2023-06-13 10:44:26'),(1438,'crimestopper','215','view','540969','527232','',NULL,NULL,540969,'2023-06-13 11:00:23'),(1439,'crimestopper','215','view','540969','527232','',NULL,NULL,540969,'2023-06-13 11:03:39'),(1440,'crimestopper','214','view','540969','527232','',NULL,NULL,540969,'2023-06-13 11:12:22'),(1441,'crimestopper','214','view','540969','527232','',NULL,NULL,540969,'2023-06-13 11:12:49'),(1442,'crimestopper','215','view','540969','527232','',NULL,NULL,540969,'2023-06-13 11:12:49'),(1443,'crimestopper','214','view','540969','527232','',NULL,NULL,540969,'2023-06-13 11:14:37'),(1444,'crimestopper','214','view','540969','527232','',NULL,NULL,540969,'2023-06-13 11:15:23'),(1445,'missingperson','170','view','540969','527232','',NULL,NULL,540969,'2023-06-13 11:28:10'),(1446,'missingperson','170','view','540969','527232','',NULL,NULL,540969,'2023-06-13 11:28:14'),(1447,'crimestopper','214','update','540969','527232','',NULL,NULL,540969,'2023-06-13 11:28:20'),(1448,'crimestopper','214','update','540969','527232','',NULL,NULL,540969,'2023-06-13 11:28:41'),(1449,'crimestopper','214','close','540969','527232','',NULL,NULL,540969,'2023-06-13 11:29:15'),(1450,'crimestopper','214','update','540969','527232','',NULL,NULL,540969,'2023-06-13 11:29:27'),(1451,'crimestopper','215','view','540969','527232','',NULL,NULL,540969,'2023-06-13 11:29:45'),(1452,'crimestopper','212','view','540969','527232','',NULL,NULL,540969,'2023-06-13 11:30:12'),(1453,'crimestopper','214','view','540969','527232','',NULL,NULL,540969,'2023-06-13 11:30:41'),(1454,'crimestopper','212','view','540969','527232','',NULL,NULL,540969,'2023-06-13 11:31:38'),(1455,'crimestopper','215','view','540969','527232','',NULL,NULL,540969,'2023-06-13 11:31:51'),(1456,'crimestopper','215','view','540969','527232','',NULL,NULL,540969,'2023-06-13 11:32:11'),(1457,'crimestopper','214','view','540969','527232','',NULL,NULL,540969,'2023-06-13 11:32:19'),(1458,'crimestopper','214','update','540969','527232','',NULL,NULL,540969,'2023-06-13 11:32:36'),(1459,'crimestopper','215','view','540969','527232','',NULL,NULL,540969,'2023-06-13 11:34:25'),(1460,'crimestopper','215','update','540969','527232','',NULL,NULL,540969,'2023-06-13 11:34:27'),(1461,'crimestopper','215','close','540969','527232','',NULL,NULL,540969,'2023-06-13 11:34:29'),(1462,'crimestopper','210','view','540969','527232','',NULL,NULL,540969,'2023-06-13 11:35:08'),(1463,'missingperson','170','view','540969','527232','',NULL,NULL,540969,'2023-06-13 11:44:48'),(1464,'crimestopper','210','view','540969','527232','',NULL,NULL,540969,'2023-06-13 11:45:03'),(1465,'missingperson','163','view','513217','499480','',NULL,NULL,513217,'2023-06-13 11:45:25'),(1466,'crimestopper','210','view','','527232','789',NULL,NULL,789,'2023-06-13 12:06:18'),(1467,'crimestopper','214','view','540969','527232','',NULL,NULL,540969,'2023-06-13 14:49:02'),(1468,'crimestopper','214','view','540969','527232','',NULL,NULL,540969,'2023-06-13 15:09:22'),(1469,'crimestopper','214','view','540969','527232','',NULL,NULL,540969,'2023-06-13 15:11:03'),(1470,'crimestopper','214','view','540969','527232','',NULL,NULL,540969,'2023-06-13 15:12:56'),(1471,'crimestopper','210','view','','527232','789',NULL,NULL,789,'2023-06-14 06:55:42'),(1472,'missingperson','170','view','540969','527232','',NULL,NULL,540969,'2023-06-14 09:28:42'),(1473,'crimestopper','210','view','540969','527232','',NULL,NULL,540969,'2023-06-14 09:29:01'),(1474,'crimestopper','210','view','540969','527232','',NULL,NULL,540969,'2023-06-14 09:34:29'),(1475,'crimestopper','210','update','540969','527232','',NULL,NULL,540969,'2023-06-14 09:34:31'),(1476,'crimestopper','210','view','540969','527232','',NULL,NULL,540969,'2023-06-14 10:48:16'),(1477,'crimestopper','210','view','540969','527232','',NULL,NULL,540969,'2023-06-14 10:52:58'),(1478,'crimestopper','208','view','540969','527232','',NULL,NULL,540969,'2023-06-15 09:08:47'),(1479,'crimestopper','208','view','540969','527232','',NULL,NULL,540969,'2023-06-15 09:27:55'),(1480,'crimestopper','208','view','540969','527232','',NULL,NULL,540969,'2023-06-15 09:36:01'),(1481,'crimestopper','200','view','540969','527232','',NULL,NULL,540969,'2023-06-15 09:36:22'),(1482,'crimestopper','200','update','540969','527232','',NULL,NULL,540969,'2023-06-15 09:40:09'),(1483,'crimestopper','200','update','540969','527232','',NULL,NULL,540969,'2023-06-15 09:40:19'),(1484,'crimestopper','200','close','540969','527232','',NULL,NULL,540969,'2023-06-15 09:40:32'),(1485,'crimestopper','200','view','540969','527232','',NULL,NULL,540969,'2023-06-15 09:49:34'),(1486,'crimestopper','200','update','540969','527232','',NULL,NULL,540969,'2023-06-15 09:49:42'),(1487,'crimestopper','200','close','540969','527232','',NULL,NULL,540969,'2023-06-15 09:49:45'),(1488,'crimestopper','200','view','540969','527232','',NULL,NULL,540969,'2023-06-15 09:50:26'),(1489,'crimestopper','200','update','540969','527232','',NULL,NULL,540969,'2023-06-15 10:03:13'),(1490,'crimestopper','200','update','540969','527232','',NULL,NULL,540969,'2023-06-15 10:03:15'),(1491,'crimestopper','200','close','540969','527232','',NULL,NULL,540969,'2023-06-15 10:03:17'),(1492,'crimestopper','200','view','540969','527232','',NULL,NULL,540969,'2023-06-15 10:07:30'),(1493,'crimestopper','190','view','540969','527232','',NULL,NULL,540969,'2023-06-15 10:08:08'),(1494,'crimestopper','192','view','540969','527232','',NULL,NULL,540969,'2023-06-15 10:59:46'),(1495,'crimestopper','192','update','540969','527232','',NULL,NULL,540969,'2023-06-15 11:16:46'),(1496,'crimestopper','192','close','540969','527232','',NULL,NULL,540969,'2023-06-15 11:16:49'),(1497,'crimestopper','192','close','540969','527232','',NULL,NULL,540969,'2023-06-15 11:16:51'),(1498,'crimestopper','192','close','540969','527232','',NULL,NULL,540969,'2023-06-15 11:16:51'),(1499,'crimestopper','208','view','540969','527232','',NULL,NULL,540969,'2023-06-15 11:17:09'),(1500,'crimestopper','208','update','540969','527232','',NULL,NULL,540969,'2023-06-15 11:17:13'),(1501,'crimestopper','208','view','540969','527232','',NULL,NULL,540969,'2023-06-15 11:19:54'),(1502,'crimestopper','208','update','540969','527232','',NULL,NULL,540969,'2023-06-15 11:32:03'),(1503,'crimestopper','188','view','540969','527232','',NULL,NULL,540969,'2023-06-15 11:35:51'),(1504,'crimestopper','188','update','540969','527232','',NULL,NULL,540969,'2023-06-15 11:36:06'),(1505,'crimestopper','188','view','540969','527232','',NULL,NULL,540969,'2023-06-15 13:29:12'),(1506,'crimestopper','210','view','','527232','789',NULL,NULL,789,'2023-06-15 13:32:21'),(1507,'crimestopper','188','update','540969','527232','',NULL,NULL,540969,'2023-06-15 13:33:59'),(1508,'crimestopper','210','view','','527232','789',NULL,NULL,789,'2023-06-15 14:58:48'),(1509,'crimestopper','210','view','','527232','789',NULL,NULL,789,'2023-06-15 15:15:44'),(1510,'crimestopper','207','view','540969','527232','',NULL,NULL,540969,'2023-06-16 09:05:51'),(1511,'crimestopper','207','update','540969','527232','',NULL,NULL,540969,'2023-06-16 09:05:56'),(1512,'crimestopper','191','view','540969','527232','',NULL,NULL,540969,'2023-06-16 09:06:28'),(1513,'crimestopper','191','update','540969','527232','',NULL,NULL,540969,'2023-06-16 09:06:41'),(1514,'missingperson','170','view','540969','527232','',NULL,NULL,540969,'2023-06-16 11:15:38'),(1515,'crimestopper','206','view','540969','527232','',NULL,NULL,540969,'2023-06-16 11:20:03'),(1516,'crimestopper','89','view','540969','527232','',NULL,NULL,540969,'2023-06-16 11:21:28'),(1517,'missingperson','170','view','540969','527232','',NULL,NULL,540969,'2023-06-16 11:22:08'),(1518,'crimestopper','206','view','540969','527232','',NULL,NULL,540969,'2023-06-16 14:15:30'),(1519,'crimestopper','206','view','540969','527232','',NULL,NULL,540969,'2023-06-16 14:21:30'),(1520,'crimestopper','206','view','540969','527232','',NULL,NULL,540969,'2023-06-16 14:22:12'),(1521,'crimestopper','190','view','540969','527232','',NULL,NULL,540969,'2023-06-16 14:22:24'),(1522,'crimestopper','205','view','540969','527232','',NULL,NULL,540969,'2023-06-16 14:22:53'),(1523,'crimestopper','193','view','540969','527232','',NULL,NULL,540969,'2023-06-16 14:23:21'),(1524,'crimestopper','193','update','540969','527232','',NULL,NULL,540969,'2023-06-16 14:24:06'),(1525,'crimestopper','193','close','540969','527232','',NULL,NULL,540969,'2023-06-16 14:24:11'),(1526,'crimestopper','193','close','540969','527232','',NULL,NULL,540969,'2023-06-16 14:24:11'),(1527,'crimestopper','193','close','540969','527232','',NULL,NULL,540969,'2023-06-16 14:24:14'),(1528,'crimestopper','193','close','540969','527232','',NULL,NULL,540969,'2023-06-16 14:24:15'),(1529,'crimestopper','193','close','540969','527232','',NULL,NULL,540969,'2023-06-16 14:24:15'),(1530,'crimestopper','193','view','540969','527232','',NULL,NULL,540969,'2023-06-17 06:27:47'),(1531,'crimestopper','193','update','540969','527232','',NULL,NULL,540969,'2023-06-17 06:28:06'),(1532,'crimestopper','193','update','540969','527232','',NULL,NULL,540969,'2023-06-17 06:33:01'),(1533,'crimestopper','193','close','540969','527232','',NULL,NULL,540969,'2023-06-17 06:44:01'),(1534,'crimestopper','193','close','540969','527232','',NULL,NULL,540969,'2023-06-17 06:44:03'),(1535,'crimestopper','193','close','540969','527232','',NULL,NULL,540969,'2023-06-17 06:44:03'),(1536,'crimestopper','193','close','540969','527232','',NULL,NULL,540969,'2023-06-17 06:44:05'),(1537,'crimestopper','193','close','540969','527232','',NULL,NULL,540969,'2023-06-17 06:50:05'),(1538,'crimestopper','193','close','540969','527232','',NULL,NULL,540969,'2023-06-17 06:50:05'),(1539,'crimestopper','193','close','540969','527232','',NULL,NULL,540969,'2023-06-17 06:50:08'),(1540,'crimestopper','193','close','540969','527232','',NULL,NULL,540969,'2023-06-17 06:50:11'),(1541,'crimestopper','193','close','540969','527232','',NULL,NULL,540969,'2023-06-17 06:50:11'),(1542,'crimestopper','193','view','540969','527232','',NULL,NULL,540969,'2023-06-17 06:51:57'),(1543,'crimestopper','193','update','540969','527232','',NULL,NULL,540969,'2023-06-17 06:52:01'),(1544,'crimestopper','193','close','540969','527232','',NULL,NULL,540969,'2023-06-17 06:52:05'),(1545,'crimestopper','193','close','540969','527232','',NULL,NULL,540969,'2023-06-17 06:52:30'),(1546,'crimestopper','193','close','540969','527232','',NULL,NULL,540969,'2023-06-17 06:52:31'),(1547,'crimestopper','193','view','540969','527232','',NULL,NULL,540969,'2023-06-17 06:52:49'),(1548,'crimestopper','193','update','540969','527232','',NULL,NULL,540969,'2023-06-17 06:54:17'),(1549,'crimestopper','193','view','540969','527232','',NULL,NULL,540969,'2023-06-17 11:44:16'),(1550,'crimestopper','193','update','540969','527232','',NULL,NULL,540969,'2023-06-17 11:44:27'),(1551,'crimestopper','193','close','540969','527232','',NULL,NULL,540969,'2023-06-17 11:44:31'),(1552,'crimestopper','206','view','540969','527232','',NULL,NULL,540969,'2023-06-17 12:46:39'),(1553,'missingperson','170','view','540969','527232','',NULL,NULL,540969,'2023-06-17 12:50:44'),(1554,'missingperson','170','view','540969','527232','',NULL,NULL,540969,'2023-06-17 12:54:39'),(1555,'missingperson','170','view','540969','527232','',NULL,NULL,540969,'2023-06-17 12:56:28'),(1556,'missingperson','170','view','540969','527232','',NULL,NULL,540969,'2023-06-17 13:33:42'),(1557,'crimestopper','190','view','540969','527232','',NULL,NULL,540969,'2023-06-19 06:49:13'),(1558,'crimestopper','185','view','540969','527232','',NULL,NULL,540969,'2023-06-19 06:49:23'),(1559,'crimestopper','190','view','540969','527232','',NULL,NULL,540969,'2023-06-19 06:49:36'),(1560,'crimestopper','190','view','540969','527232','',NULL,NULL,540969,'2023-06-19 06:50:04'),(1561,'crimestopper','190','view','540969','527232','',NULL,NULL,540969,'2023-06-19 06:50:43'),(1562,'crimestopper','190','view','540969','527232','',NULL,NULL,540969,'2023-06-19 06:50:53'),(1563,'crimestopper','190','view','540969','527232','',NULL,NULL,540969,'2023-06-19 06:51:28'),(1564,'crimestopper','190','view','540969','527232','',NULL,NULL,540969,'2023-06-19 06:51:42'),(1565,'crimestopper','183','view','540969','527232','',NULL,NULL,540969,'2023-06-19 06:52:23'),(1566,'crimestopper','183','view','540969','527232','',NULL,NULL,540969,'2023-06-19 06:52:34'),(1567,'crimestopper','209','view','','527232','789',NULL,NULL,789,'2023-06-19 06:56:12'),(1568,'crimestopper','209','view','','527232','789',NULL,NULL,789,'2023-06-19 06:57:21'),(1569,'crimestopper','209','view','','527232','789',NULL,NULL,789,'2023-06-19 07:00:11'),(1570,'crimestopper','210','view','','527232','789',NULL,NULL,789,'2023-06-19 07:02:02'),(1571,'crimestopper','210','view','','527232','789',NULL,NULL,789,'2023-06-19 07:05:28'),(1572,'crimestopper','209','view','','527232','789',NULL,NULL,789,'2023-06-19 07:06:38'),(1573,'crimestopper','209','view','','527232','789',NULL,NULL,789,'2023-06-19 07:07:11'),(1574,'crimestopper','206','view','540969','527232','',NULL,NULL,540969,'2023-06-19 08:50:46'),(1575,'crimestopper','206','update','540969','527232','',NULL,NULL,540969,'2023-06-19 08:50:49'),(1576,'crimestopper','186','view','540969','527232','',NULL,NULL,540969,'2023-06-19 08:52:03'),(1577,'crimestopper','186','update','540969','527232','',NULL,NULL,540969,'2023-06-19 08:52:06'),(1578,'crimestopper','186','close','540969','527232','',NULL,NULL,540969,'2023-06-19 08:52:09'),(1579,'crimestopper','186','view','540969','527232','',NULL,NULL,540969,'2023-06-19 08:52:56'),(1580,'missingperson','170','view','540969','527232','',NULL,NULL,540969,'2023-06-19 08:53:27'),(1581,'crimestopper','189','view','540969','527232','',NULL,NULL,540969,'2023-06-19 08:53:39'),(1582,'crimestopper','189','view','540969','527232','',NULL,NULL,540969,'2023-06-19 08:53:51'),(1583,'crimestopper','190','view','540969','527232','',NULL,NULL,540969,'2023-06-19 08:54:12'),(1584,'crimestopper','216','view','540969','527232','',NULL,NULL,540969,'2023-06-19 08:57:28'),(1585,'crimestopper','216','view','540969','527232','',NULL,NULL,540969,'2023-06-19 09:05:44'),(1586,'crimestopper','216','update','540969','527232','',NULL,NULL,540969,'2023-06-19 09:05:53'),(1587,'crimestopper','216','close','540969','527232','',NULL,NULL,540969,'2023-06-19 09:06:15'),(1588,'crimestopper','216','close','540969','527232','',NULL,NULL,540969,'2023-06-19 09:06:15'),(1589,'crimestopper','216','view','540969','527232','',NULL,NULL,540969,'2023-06-19 09:11:48'),(1590,'crimestopper','216','view','540969','527232','',NULL,NULL,540969,'2023-06-19 09:17:32'),(1591,'crimestopper','216','view','540969','527232','',NULL,NULL,540969,'2023-06-19 09:24:03'),(1592,'crimestopper','216','update','540969','527232','',NULL,NULL,540969,'2023-06-19 09:24:30'),(1593,'crimestopper','216','update','540969','527232','',NULL,NULL,540969,'2023-06-19 09:24:40'),(1594,'crimestopper','216','close','540969','527232','',NULL,NULL,540969,'2023-06-19 09:25:30'),(1595,'crimestopper','216','close','540969','527232','',NULL,NULL,540969,'2023-06-19 09:25:30'),(1596,'crimestopper','216','view','540969','527232','',NULL,NULL,540969,'2023-06-19 09:29:20'),(1597,'crimestopper','216','update','540969','527232','',NULL,NULL,540969,'2023-06-19 09:29:36'),(1598,'crimestopper','216','close','540969','527232','',NULL,NULL,540969,'2023-06-19 09:29:39'),(1599,'crimestopper','216','close','540969','527232','',NULL,NULL,540969,'2023-06-19 09:29:39'),(1600,'crimestopper','216','view','540969','527232','',NULL,NULL,540969,'2023-06-19 09:30:45'),(1601,'crimestopper','216','update','540969','527232','',NULL,NULL,540969,'2023-06-19 09:30:51'),(1602,'crimestopper','216','close','540969','527232','',NULL,NULL,540969,'2023-06-19 09:30:56'),(1603,'crimestopper','216','view','540969','527232','',NULL,NULL,540969,'2023-06-19 09:32:03'),(1604,'crimestopper','216','update','540969','527232','',NULL,NULL,540969,'2023-06-19 09:32:08'),(1605,'crimestopper','216','close','540969','527232','',NULL,NULL,540969,'2023-06-19 09:32:13'),(1606,'crimestopper','216','close','540969','527232','',NULL,NULL,540969,'2023-06-19 09:32:13'),(1607,'crimestopper','216','view','540969','527232','',NULL,NULL,540969,'2023-06-19 09:33:58'),(1608,'crimestopper','216','update','540969','527232','',NULL,NULL,540969,'2023-06-19 09:35:03'),(1609,'crimestopper','216','close','540969','527232','',NULL,NULL,540969,'2023-06-19 09:35:07'),(1610,'crimestopper','216','close','540969','527232','',NULL,NULL,540969,'2023-06-19 09:35:07'),(1611,'crimestopper','216','view','540969','527232','',NULL,NULL,540969,'2023-06-19 09:35:53'),(1612,'crimestopper','216','update','540969','527232','',NULL,NULL,540969,'2023-06-19 09:36:00'),(1613,'crimestopper','216','close','540969','527232','',NULL,NULL,540969,'2023-06-19 09:36:03'),(1614,'crimestopper','216','view','540969','527232','',NULL,NULL,540969,'2023-06-19 09:36:56'),(1615,'crimestopper','216','update','540969','527232','',NULL,NULL,540969,'2023-06-19 09:37:00'),(1616,'crimestopper','216','close','540969','527232','',NULL,NULL,540969,'2023-06-19 09:38:50'),(1617,'crimestopper','216','close','540969','527232','',NULL,NULL,540969,'2023-06-19 09:38:50'),(1618,'crimestopper','216','view','540969','527232','',NULL,NULL,540969,'2023-06-19 09:40:23'),(1619,'crimestopper','216','update','540969','527232','',NULL,NULL,540969,'2023-06-19 09:40:37'),(1620,'crimestopper','216','close','540969','527232','',NULL,NULL,540969,'2023-06-19 09:40:43'),(1621,'crimestopper','216','close','540969','527232','',NULL,NULL,540969,'2023-06-19 09:40:43'),(1622,'crimestopper','216','view','540969','527232','',NULL,NULL,540969,'2023-06-19 09:42:55'),(1623,'crimestopper','216','update','540969','527232','',NULL,NULL,540969,'2023-06-19 09:43:00'),(1624,'crimestopper','216','close','540969','527232','',NULL,NULL,540969,'2023-06-19 09:43:04'),(1625,'crimestopper','216','view','540969','527232','',NULL,NULL,540969,'2023-06-19 09:47:02'),(1626,'crimestopper','216','update','540969','527232','',NULL,NULL,540969,'2023-06-19 09:48:47'),(1627,'crimestopper','216','close','540969','527232','',NULL,NULL,540969,'2023-06-19 09:48:50'),(1628,'crimestopper','216','close','540969','527232','',NULL,NULL,540969,'2023-06-19 09:48:50'),(1629,'crimestopper','216','close','540969','527232','',NULL,NULL,540969,'2023-06-19 09:49:40'),(1630,'crimestopper','216','view','540969','527232','',NULL,NULL,540969,'2023-06-19 09:49:44'),(1631,'crimestopper','216','update','540969','527232','',NULL,NULL,540969,'2023-06-19 09:49:49'),(1632,'crimestopper','216','close','540969','527232','',NULL,NULL,540969,'2023-06-19 09:49:55'),(1633,'crimestopper','216','close','540969','527232','',NULL,NULL,540969,'2023-06-19 09:49:55'),(1634,'crimestopper','216','view','540969','527232','',NULL,NULL,540969,'2023-06-19 09:51:56'),(1635,'crimestopper','216','update','540969','527232','',NULL,NULL,540969,'2023-06-19 09:51:58'),(1636,'crimestopper','216','close','540969','527232','',NULL,NULL,540969,'2023-06-19 09:52:02'),(1637,'crimestopper','216','close','540969','527232','',NULL,NULL,540969,'2023-06-19 09:52:02'),(1638,'crimestopper','216','view','540969','527232','',NULL,NULL,540969,'2023-06-19 09:53:28'),(1639,'crimestopper','216','update','540969','527232','',NULL,NULL,540969,'2023-06-19 09:53:39'),(1640,'crimestopper','216','close','540969','527232','',NULL,NULL,540969,'2023-06-19 09:53:44'),(1641,'crimestopper','216','close','540969','527232','',NULL,NULL,540969,'2023-06-19 09:53:44'),(1642,'crimestopper','216','view','540969','527232','',NULL,NULL,540969,'2023-06-19 09:55:56'),(1643,'crimestopper','216','update','540969','527232','',NULL,NULL,540969,'2023-06-19 09:56:03'),(1644,'crimestopper','216','close','540969','527232','',NULL,NULL,540969,'2023-06-19 09:56:07'),(1645,'crimestopper','216','close','540969','527232','',NULL,NULL,540969,'2023-06-19 09:56:07'),(1646,'crimestopper','205','view','540969','527232','',NULL,NULL,540969,'2023-06-19 10:22:41'),(1647,'crimestopper','190','view','540969','527232','',NULL,NULL,540969,'2023-06-19 10:22:57'),(1648,'crimestopper','183','view','540969','527232','',NULL,NULL,540969,'2023-06-19 10:23:02'),(1649,'crimestopper','187','view','540969','527232','',NULL,NULL,540969,'2023-06-19 10:23:07'),(1650,'crimestopper','182','view','540969','527232','',NULL,NULL,540969,'2023-06-19 10:23:11'),(1651,'crimestopper','190','view','540969','527232','',NULL,NULL,540969,'2023-06-19 10:24:02'),(1652,'missingperson','170','view','540969','527232','',NULL,NULL,540969,'2023-06-19 10:24:20'),(1653,'missingperson','170','view','540969','527232','',NULL,NULL,540969,'2023-06-19 10:24:28'),(1654,'missingperson','170','view','540969','527232','',NULL,NULL,540969,'2023-06-19 10:24:39'),(1655,'missingperson','170','view','540969','527232','',NULL,NULL,540969,'2023-06-19 10:24:57'),(1656,'missingperson','170','view','540969','527232','',NULL,NULL,540969,'2023-06-19 10:25:15'),(1657,'missingperson','170','view','540969','527232','',NULL,NULL,540969,'2023-06-19 10:26:21'),(1658,'missingperson','170','view','540969','527232','',NULL,NULL,540969,'2023-06-19 10:27:24'),(1659,'missingperson','170','view','540969','527232','',NULL,NULL,540969,'2023-06-19 10:28:03'),(1660,'missingperson','170','view','540969','527232','',NULL,NULL,540969,'2023-06-19 10:28:23'),(1661,'crimestopper','216','view','540969','527232','',NULL,NULL,540969,'2023-06-19 10:43:03'),(1662,'crimestopper','216','update','540969','527232','',NULL,NULL,540969,'2023-06-19 10:43:51'),(1663,'crimestopper','216','close','540969','527232','',NULL,NULL,540969,'2023-06-19 10:43:53'),(1664,'crimestopper','216','view','540969','527232','',NULL,NULL,540969,'2023-06-19 11:19:30'),(1665,'crimestopper','216','view','540969','527232','',NULL,NULL,540969,'2023-06-19 11:19:50'),(1666,'crimestopper','216','update','540969','527232','',NULL,NULL,540969,'2023-06-19 11:19:54'),(1667,'crimestopper','216','close','540969','527232','',NULL,NULL,540969,'2023-06-19 11:19:57'),(1668,'crimestopper','216','close','540969','527232','',NULL,NULL,540969,'2023-06-19 11:19:57'),(1669,'crimestopper','216','view','540969','527232','',NULL,NULL,540969,'2023-06-19 11:44:54'),(1670,'crimestopper','216','update','540969','527232','',NULL,NULL,540969,'2023-06-19 11:44:56'),(1671,'crimestopper','216','close','540969','527232','',NULL,NULL,540969,'2023-06-19 11:45:01'),(1672,'crimestopper','216','close','540969','527232','',NULL,NULL,540969,'2023-06-19 11:45:01'),(1673,'crimestopper','216','close','540969','527232','',NULL,NULL,540969,'2023-06-19 11:45:26'),(1674,'crimestopper','216','view','540969','527232','',NULL,NULL,540969,'2023-06-19 11:47:11'),(1675,'crimestopper','205','view','540969','527232','',NULL,NULL,540969,'2023-06-19 12:29:47'),(1676,'crimestopper','205','update','540969','527232','',NULL,NULL,540969,'2023-06-19 12:29:48'),(1677,'crimestopper','205','close','540969','527232','',NULL,NULL,540969,'2023-06-19 12:29:52'),(1678,'crimestopper','205','update','540969','527232','',NULL,NULL,540969,'2023-06-19 12:33:48'),(1679,'crimestopper','205','view','540969','527232','',NULL,NULL,540969,'2023-06-19 12:34:03'),(1680,'crimestopper','205','view','540969','527232','',NULL,NULL,540969,'2023-06-19 12:35:06'),(1681,'crimestopper','189','view','540969','527232','',NULL,NULL,540969,'2023-06-19 12:35:41'),(1682,'crimestopper','189','update','540969','527232','',NULL,NULL,540969,'2023-06-19 12:35:42'),(1683,'crimestopper','217','view','540969','527232','',NULL,NULL,540969,'2023-06-19 12:38:52'),(1684,'crimestopper','219','view','540969','527232','',NULL,NULL,540969,'2023-06-19 13:32:22'),(1685,'crimestopper','219','update','540969','527232','',NULL,NULL,540969,'2023-06-19 13:32:29'),(1686,'crimestopper','219','close','540969','527232','',NULL,NULL,540969,'2023-06-19 13:32:42'),(1687,'crimestopper','219','close','540969','527232','',NULL,NULL,540969,'2023-06-19 13:32:42'),(1688,'crimestopper','219','view','540969','527232','',NULL,NULL,540969,'2023-06-19 13:32:55'),(1689,'crimestopper','219','view','540969','527232','',NULL,NULL,540969,'2023-06-19 13:33:20'),(1690,'crimestopper','220','view','540969','527232','',NULL,NULL,540969,'2023-06-19 13:35:21'),(1691,'crimestopper','220','update','540969','527232','',NULL,NULL,540969,'2023-06-19 13:35:25'),(1692,'crimestopper','220','close','540969','527232','',NULL,NULL,540969,'2023-06-19 13:35:33'),(1693,'crimestopper','220','close','540969','527232','',NULL,NULL,540969,'2023-06-19 13:35:33'),(1694,'crimestopper','182','view','540969','527232','',NULL,NULL,540969,'2023-06-19 13:38:56'),(1695,'crimestopper','182','update','540969','527232','',NULL,NULL,540969,'2023-06-19 13:38:59'),(1696,'crimestopper','218','view','540969','527232','',NULL,NULL,540969,'2023-06-19 13:39:17'),(1697,'crimestopper','218','update','540969','527232','',NULL,NULL,540969,'2023-06-19 13:39:22'),(1698,'crimestopper','220','view','540969','527232','',NULL,NULL,540969,'2023-06-19 13:39:40'),(1699,'crimestopper','220','update','540969','527232','',NULL,NULL,540969,'2023-06-19 13:39:42'),(1700,'crimestopper','220','close','540969','527232','',NULL,NULL,540969,'2023-06-19 13:39:47'),(1701,'crimestopper','220','close','540969','527232','',NULL,NULL,540969,'2023-06-19 13:39:47'),(1702,'missingperson','164','view','513217','499480','',NULL,NULL,513217,'2023-06-19 14:00:00'),(1703,'missingperson','164','view','513217','499480','',NULL,NULL,513217,'2023-06-19 14:00:09'),(1704,'missingperson','164','view','513217','499480','',NULL,NULL,513217,'2023-06-19 14:01:19'),(1705,'missingperson','164','view','513217','499480','',NULL,NULL,513217,'2023-06-19 14:02:54'),(1706,'missingperson','164','view','513217','499480','',NULL,NULL,513217,'2023-06-19 14:05:25'),(1707,'missingperson','164','view','513217','499480','',NULL,NULL,513217,'2023-06-19 14:06:27'),(1708,'missingperson','164','view','513217','499480','',NULL,NULL,513217,'2023-06-19 14:07:49'),(1709,'missingperson','164','view','513217','499480','',NULL,NULL,513217,'2023-06-19 14:08:17'),(1710,'missingperson','164','view','513217','499480','',NULL,NULL,513217,'2023-06-19 14:08:45'),(1711,'crimestopper','211','view','513217','499480','',NULL,NULL,513217,'2023-06-19 14:09:26'),(1712,'crimestopper','211','update','513217','499480','',NULL,NULL,513217,'2023-06-19 14:09:37'),(1713,'crimestopper','211','view','513217','499480','',NULL,NULL,513217,'2023-06-19 14:10:01'),(1714,'crimestopper','211','view','513217','499480','',NULL,NULL,513217,'2023-06-19 14:10:35'),(1715,'missingperson','164','view','513217','499480','',NULL,NULL,513217,'2023-06-19 14:11:01'),(1716,'crimestopper','199','view','513217','499480','',NULL,NULL,513217,'2023-06-19 14:16:21'),(1717,'crimestopper','199','update','513217','499480','',NULL,NULL,513217,'2023-06-19 14:16:43'),(1718,'crimestopper','199','view','513217','499480','',NULL,NULL,513217,'2023-06-19 14:16:56'),(1719,'crimestopper','199','view','513217','499480','',NULL,NULL,513217,'2023-06-19 14:17:25'),(1720,'crimestopper','199','update','513217','499480','',NULL,NULL,513217,'2023-06-19 14:17:32'),(1721,'crimestopper','198','view','513217','499480','',NULL,NULL,513217,'2023-06-19 14:19:01'),(1722,'crimestopper','198','view','513217','499480','',NULL,NULL,513217,'2023-06-19 14:26:17'),(1723,'missingperson','164','view','513217','499480','',NULL,NULL,513217,'2023-06-19 14:28:06'),(1724,'missingperson','164','view','513217','499480','',NULL,NULL,513217,'2023-06-19 14:29:01'),(1725,'missingperson','164','view','513217','499480','',NULL,NULL,513217,'2023-06-19 14:30:08'),(1726,'missingperson','170','view','540969','527232','',NULL,NULL,540969,'2023-06-19 14:33:05'),(1727,'missingperson','170','update','540969','527232','',NULL,NULL,540969,'2023-06-19 14:33:17'),(1728,'missingperson','163','view','513217','499480','',NULL,NULL,513217,'2023-06-19 14:33:56'),(1729,'crimestopper','211','view','513217','499480','',NULL,NULL,513217,'2023-06-19 14:38:06'),(1730,'crimestopper','211','update','513217','499480','',NULL,NULL,513217,'2023-06-19 14:38:14'),(1731,'crimestopper','211','close','513217','499480','',NULL,NULL,513217,'2023-06-19 14:38:43'),(1732,'crimestopper','211','close','513217','499480','',NULL,NULL,513217,'2023-06-19 14:38:43'),(1733,'crimestopper','211','view','513217','499480','',NULL,NULL,513217,'2023-06-19 14:39:00'),(1734,'crimestopper','179','view','513217','499480','',NULL,NULL,513217,'2023-06-19 14:39:15'),(1735,'crimestopper','179','update','513217','499480','',NULL,NULL,513217,'2023-06-19 14:39:23'),(1736,'crimestopper','221','view','513217','499480','',NULL,NULL,513217,'2023-06-19 14:39:42'),(1737,'crimestopper','221','update','513217','499480','',NULL,NULL,513217,'2023-06-19 14:39:53'),(1738,'crimestopper','221','view','513217','499480','',NULL,NULL,513217,'2023-06-19 14:40:51'),(1739,'crimestopper','73','view','513217','499480','',NULL,NULL,513217,'2023-06-19 14:41:01'),(1740,'missingperson','164','view','513217','499480','',NULL,NULL,513217,'2023-06-19 14:42:07'),(1741,'crimestopper','211','view','513217','499480','',NULL,NULL,513217,'2023-06-19 14:42:18'),(1742,'crimestopper','211','view','513217','499480','',NULL,NULL,513217,'2023-06-19 14:42:21'),(1743,'crimestopper','211','update','513217','499480','',NULL,NULL,513217,'2023-06-19 14:42:30'),(1744,'crimestopper','211','view','513217','499480','',NULL,NULL,513217,'2023-06-19 14:42:56'),(1745,'missingperson','164','view','513217','499480','',NULL,NULL,513217,'2023-06-19 14:44:25'),(1746,'crimestopper','211','view','513217','499480','',NULL,NULL,513217,'2023-06-19 14:44:39'),(1747,'crimestopper','213','view','513217','499480','',NULL,NULL,513217,'2023-06-19 14:44:51'),(1748,'crimestopper','211','update','513217','499480','',NULL,NULL,513217,'2023-06-19 14:45:17'),(1749,'crimestopper','211','close','513217','499480','',NULL,NULL,513217,'2023-06-19 14:45:20'),(1750,'crimestopper','211','close','513217','499480','',NULL,NULL,513217,'2023-06-19 14:45:20'),(1751,'missingperson','164','view','513217','499480','',NULL,NULL,513217,'2023-06-19 14:45:35'),(1752,'missingperson','170','view','540969','527232','',NULL,NULL,540969,'2023-06-19 14:46:13'),(1753,'crimestopper','213','view','513217','499480','',NULL,NULL,513217,'2023-06-19 14:46:43'),(1754,'crimestopper','73','view','513217','499480','',NULL,NULL,513217,'2023-06-19 14:50:28'),(1755,'missingperson','169','view','540969','527232','',NULL,NULL,540969,'2023-06-20 06:56:14'),(1756,'missingperson','169','view','540969','527232','',NULL,NULL,540969,'2023-06-20 06:56:23'),(1757,'missingperson','168','view','540969','527232','',NULL,NULL,540969,'2023-06-20 06:56:42'),(1758,'missingperson','179','view','540969',NULL,'',NULL,NULL,540969,'2023-06-20 06:56:55'),(1759,'missingperson','168','view','540969','527232','',NULL,NULL,540969,'2023-06-20 06:57:12'),(1760,'missingperson','167','view','540969','527232','',NULL,NULL,540969,'2023-06-20 06:57:48'),(1761,'missingperson','167','view','540969','527232','',NULL,NULL,540969,'2023-06-20 06:59:22'),(1762,'crimestopper','220','view','540969','527232','',NULL,NULL,540969,'2023-06-20 07:01:02'),(1763,'missingperson','169','view','540969','527232','',NULL,NULL,540969,'2023-06-20 07:02:14'),(1764,'missingperson','220','view','540969',NULL,'',NULL,NULL,540969,'2023-06-20 07:02:27'),(1765,'crimestopper','217','view','540969','527232','',NULL,NULL,540969,'2023-06-20 07:02:45'),(1766,'crimestopper','220','view','540969','527232','',NULL,NULL,540969,'2023-06-20 07:02:51'),(1767,'crimestopper','218','view','540969','527232','',NULL,NULL,540969,'2023-06-20 07:03:30'),(1768,'crimestopper','217','view','540969','527232','',NULL,NULL,540969,'2023-06-20 07:58:29'),(1769,'crimestopper','217','update','540969','527232','',NULL,NULL,540969,'2023-06-20 07:58:34'),(1770,'crimestopper','217','close','540969','527232','',NULL,NULL,540969,'2023-06-20 07:58:37'),(1771,'crimestopper','190','view','540969','527232','',NULL,NULL,540969,'2023-06-20 08:02:48'),(1772,'crimestopper','190','update','540969','527232','',NULL,NULL,540969,'2023-06-20 08:02:55'),(1773,'crimestopper','190','close','540969','527232','',NULL,NULL,540969,'2023-06-20 08:03:12'),(1774,'crimestopper','190','close','540969','527232','',NULL,NULL,540969,'2023-06-20 08:03:12'),(1775,'missingperson','170','view','540969','527232','',NULL,NULL,540969,'2023-06-20 09:35:56'),(1776,'missingperson','170','view','540969','527232','',NULL,NULL,540969,'2023-06-20 09:45:35'),(1777,'missingperson','170','update','540969','527232','',NULL,NULL,540969,'2023-06-20 09:54:06'),(1778,'crimestopper','217','view','540969','527232','',NULL,NULL,540969,'2023-06-20 09:54:38'),(1779,'crimestopper','217','view','540969','527232','',NULL,NULL,540969,'2023-06-20 09:57:29'),(1780,'crimestopper','220','view','540969','527232','',NULL,NULL,540969,'2023-06-20 09:58:08'),(1781,'crimestopper','220','update','540969','527232','',NULL,NULL,540969,'2023-06-20 09:59:32'),(1782,'crimestopper','220','close','540969','527232','',NULL,NULL,540969,'2023-06-20 09:59:36'),(1783,'crimestopper','220','close','540969','527232','',NULL,NULL,540969,'2023-06-20 09:59:36'),(1784,'crimestopper','220','view','540969','527232','',NULL,NULL,540969,'2023-06-20 10:00:55'),(1785,'crimestopper','222','view','540969','527232','',NULL,NULL,540969,'2023-06-20 10:01:17'),(1786,'crimestopper','222','view','540969','527232','',NULL,NULL,540969,'2023-06-20 10:01:47'),(1787,'crimestopper','222','update','540969','527232','',NULL,NULL,540969,'2023-06-20 10:02:14'),(1788,'crimestopper','222','close','540969','527232','',NULL,NULL,540969,'2023-06-20 10:02:20'),(1789,'crimestopper','222','view','540969','527232','',NULL,NULL,540969,'2023-06-20 10:02:58'),(1790,'crimestopper','222','view','540969','527232','',NULL,NULL,540969,'2023-06-20 10:03:05'),(1791,'crimestopper','222','update','540969','527232','',NULL,NULL,540969,'2023-06-20 10:04:39'),(1792,'crimestopper','222','close','540969','527232','',NULL,NULL,540969,'2023-06-20 10:04:46'),(1793,'crimestopper','222','close','540969','527232','',NULL,NULL,540969,'2023-06-20 10:04:46'),(1794,'missingperson','170','view','540969','527232','',NULL,NULL,540969,'2023-06-20 10:31:23'),(1795,'crimestopper','222','update','540969','527232','',NULL,NULL,540969,'2023-06-20 10:44:30'),(1796,'missingperson','170','view','540969','527232','',NULL,NULL,540969,'2023-06-20 10:51:11'),(1797,'missingperson','170','update','540969','527232','',NULL,NULL,540969,'2023-06-20 10:51:14'),(1798,'missingperson','170','close','540969','527232','',NULL,NULL,540969,'2023-06-20 10:51:18'),(1799,'crimestopper','219','view','540969','527232','',NULL,NULL,540969,'2023-06-20 11:00:30'),(1800,'crimestopper','219','view','540969','527232','',NULL,NULL,540969,'2023-06-20 11:00:34'),(1801,'crimestopper','219','update','540969','527232','',NULL,NULL,540969,'2023-06-20 11:00:56'),(1802,'crimestopper','178','view','540969','527232','',NULL,NULL,540969,'2023-06-20 11:03:09'),(1803,'crimestopper','222','view','540969','527232','',NULL,NULL,540969,'2023-06-20 11:03:24'),(1804,'crimestopper','222','view','540969','527232','',NULL,NULL,540969,'2023-06-20 11:07:03'),(1805,'crimestopper','222','update','540969','527232','',NULL,NULL,540969,'2023-06-20 11:27:57'),(1806,'crimestopper','178','view','540969','527232','',NULL,NULL,540969,'2023-06-20 11:28:40'),(1807,'crimestopper','222','view','540969','527232','',NULL,NULL,540969,'2023-06-20 11:29:29'),(1808,'missingperson','170','view','540969','527232','',NULL,NULL,540969,'2023-06-20 11:31:03'),(1809,'crimestopper','222','update','540969','527232','',NULL,NULL,540969,'2023-06-20 11:32:01'),(1810,'crimestopper','178','view','540969','527232','',NULL,NULL,540969,'2023-06-20 13:08:59'),(1811,'crimestopper','222','view','540969','527232','',NULL,NULL,540969,'2023-06-20 13:09:10'),(1812,'crimestopper','222','view','','527232','801',NULL,NULL,801,'2023-06-20 13:58:09'),(1813,'missingperson','169','view','540969','527232','',NULL,NULL,540969,'2023-06-20 13:59:35'),(1814,'crimestopper','175','view','540969','527232','',NULL,NULL,540969,'2023-06-20 14:00:21'),(1815,'crimestopper','178','view','540969','527232','',NULL,NULL,540969,'2023-06-20 14:25:34'),(1816,'crimestopper','175','view','540969','527232','',NULL,NULL,540969,'2023-06-20 14:25:42'),(1817,'crimestopper','175','view','540969','527232','',NULL,NULL,540969,'2023-06-20 14:28:43'),(1818,'crimestopper','222','view','540969','527232','',NULL,NULL,540969,'2023-06-21 09:03:44'),(1819,'crimestopper','222','view','540969','527232','',NULL,NULL,540969,'2023-06-22 10:36:31'),(1820,'crimestopper','178','view','540969','527232','',NULL,NULL,540969,'2023-06-22 10:36:34'),(1821,'crimestopper','222','view','540969','527232','',NULL,NULL,540969,'2023-06-22 10:36:50'),(1822,'crimestopper','222','view','540969','527232','',NULL,NULL,540969,'2023-06-22 10:37:46'),(1823,'crimestopper','222','update','540969','527232','',NULL,NULL,540969,'2023-06-22 10:41:08'),(1824,'crimestopper','222','close','540969','527232','',NULL,NULL,540969,'2023-06-22 10:41:45'),(1825,'crimestopper','222','close','540969','527232','',NULL,NULL,540969,'2023-06-22 10:41:45'),(1826,'missingperson','170','view','540969','527232','',NULL,NULL,540969,'2023-06-22 10:43:10'),(1827,'missingperson','170','update','540969','527232','',NULL,NULL,540969,'2023-06-22 10:43:12'),(1828,'missingperson','170','update','540969','527232','',NULL,NULL,540969,'2023-06-22 10:44:02'),(1829,'missingperson','170','update','540969','527232','',NULL,NULL,540969,'2023-06-22 10:45:00'),(1830,'crimestopper','175','view','540969','527232','',NULL,NULL,540969,'2023-06-22 11:19:41'),(1831,'crimestopper','175','update','540969','527232','',NULL,NULL,540969,'2023-06-22 11:19:45'),(1832,'crimestopper','175','close','540969','527232','',NULL,NULL,540969,'2023-06-22 11:27:49'),(1833,'missingperson','172','view','','527232','789',NULL,NULL,789,'2023-06-23 07:01:48'),(1834,'missingperson','172','view','','527232','789',NULL,NULL,789,'2023-06-23 07:02:06'),(1835,'missingperson','172','view','540969','527232','',NULL,NULL,540969,'2023-06-23 07:06:34'),(1836,'missingperson','172','view','540969','527232','',NULL,NULL,540969,'2023-06-23 07:08:15'),(1837,'missingperson','172','view','540969','527232','',NULL,NULL,540969,'2023-06-23 07:11:11'),(1838,'missingperson','172','view','540969','527232','',NULL,NULL,540969,'2023-06-23 07:15:46'),(1839,'missingperson','170','view','540969','527232','',NULL,NULL,540969,'2023-06-23 07:21:09'),(1840,'crimestopper','178','view','540969','527232','',NULL,NULL,540969,'2023-06-23 07:21:23'),(1841,'crimestopper','222','view','540969','527232','',NULL,NULL,540969,'2023-06-23 07:21:31'),(1842,'crimestopper','222','view','540969','527232','',NULL,NULL,540969,'2023-06-23 07:21:34'),(1843,'crimestopper','222','view','540969','527232','',NULL,NULL,540969,'2023-06-23 07:21:37'),(1844,'missingperson','173','view','','527232','789',NULL,NULL,789,'2023-06-23 07:23:29'),(1845,'missingperson','173','view','','527232','789',NULL,NULL,789,'2023-06-23 07:24:12'),(1846,'missingperson','173','view','540969','527232','',NULL,NULL,540969,'2023-06-23 07:25:46'),(1847,'missingperson','172','update','540969','527232','',NULL,NULL,540969,'2023-06-23 07:39:46'),(1848,'crimestopper','224','view','540969','527232','',NULL,NULL,540969,'2023-06-23 07:47:37'),(1849,'crimestopper','224','update','540969','527232','',NULL,NULL,540969,'2023-06-23 07:47:49'),(1850,'crimestopper','224','close','540969','527232','',NULL,NULL,540969,'2023-06-23 07:47:55'),(1851,'crimestopper','224','close','540969','527232','',NULL,NULL,540969,'2023-06-23 07:47:55'),(1852,'crimestopper','224','update','540969','527232','',NULL,NULL,540969,'2023-06-23 07:59:20'),(1853,'crimestopper','224','close','540969','527232','',NULL,NULL,540969,'2023-06-23 09:14:11'),(1854,'crimestopper','224','close','540969','527232','',NULL,NULL,540969,'2023-06-23 09:14:11'),(1855,'crimestopper','224','view','540969','527232','',NULL,NULL,540969,'2023-06-23 09:14:44'),(1856,'crimestopper','224','update','540969','527232','',NULL,NULL,540969,'2023-06-23 09:14:57'),(1857,'crimestopper','224','close','540969','527232','',NULL,NULL,540969,'2023-06-23 09:15:01'),(1858,'crimestopper','224','close','540969','527232','',NULL,NULL,540969,'2023-06-23 09:33:07'),(1859,'crimestopper','224','update','540969','527232','',NULL,NULL,540969,'2023-06-23 09:33:08'),(1860,'crimestopper','224','view','540969','527232','',NULL,NULL,540969,'2023-06-23 10:10:09'),(1861,'crimestopper','224','update','540969','527232','',NULL,NULL,540969,'2023-06-23 10:10:17'),(1862,'crimestopper','224','close','540969','527232','',NULL,NULL,540969,'2023-06-23 10:10:22'),(1863,'crimestopper','224','close','540969','527232','',NULL,NULL,540969,'2023-06-23 10:10:22'),(1864,'crimestopper','224','view','540969','527232','',NULL,NULL,540969,'2023-06-23 10:12:45'),(1865,'crimestopper','224','update','540969','527232','',NULL,NULL,540969,'2023-06-23 10:12:52'),(1866,'crimestopper','224','close','540969','527232','',NULL,NULL,540969,'2023-06-23 10:12:58'),(1867,'crimestopper','224','close','540969','527232','',NULL,NULL,540969,'2023-06-23 10:12:59'),(1868,'crimestopper','224','update','540969','527232','',NULL,NULL,540969,'2023-06-23 10:16:00'),(1869,'crimestopper','224','close','540969','527232','',NULL,NULL,540969,'2023-06-23 10:16:04'),(1870,'crimestopper','223','view','540969','527232','',NULL,NULL,540969,'2023-06-23 10:38:33'),(1871,'crimestopper','223','update','540969','527232','',NULL,NULL,540969,'2023-06-23 10:38:37'),(1872,'crimestopper','223','close','540969','527232','',NULL,NULL,540969,'2023-06-23 10:38:45'),(1873,'crimestopper','223','close','540969','527232','',NULL,NULL,540969,'2023-06-23 10:38:46'),(1874,'crimestopper','225','view','540969','527232','',NULL,NULL,540969,'2023-06-23 10:40:22'),(1875,'crimestopper','225','update','540969','527232','',NULL,NULL,540969,'2023-06-23 10:40:30'),(1876,'crimestopper','225','close','540969','527232','',NULL,NULL,540969,'2023-06-23 10:40:34'),(1877,'crimestopper','225','close','540969','527232','',NULL,NULL,540969,'2023-06-23 10:40:34'),(1878,'crimestopper','178','view','540969','527232','',NULL,NULL,540969,'2023-06-23 10:45:07'),(1879,'crimestopper','178','update','540969','527232','',NULL,NULL,540969,'2023-06-23 10:45:15'),(1880,'crimestopper','178','close','540969','527232','',NULL,NULL,540969,'2023-06-23 10:45:25'),(1881,'crimestopper','225','view','540969','527232','',NULL,NULL,540969,'2023-06-23 10:46:12'),(1882,'crimestopper','224','view','540969','527232','',NULL,NULL,540969,'2023-06-23 10:46:18'),(1883,'crimestopper','224','update','540969','527232','',NULL,NULL,540969,'2023-06-23 10:46:30'),(1884,'crimestopper','225','view','540969','527232','',NULL,NULL,540969,'2023-06-23 10:46:41'),(1885,'crimestopper','225','update','540969','527232','',NULL,NULL,540969,'2023-06-23 10:46:42'),(1886,'crimestopper','172','view','','527232','446',NULL,NULL,446,'2023-06-26 06:39:15'),(1887,'crimestopper','172','view','540969','527232','',NULL,NULL,540969,'2023-06-26 06:41:28'),(1888,'crimestopper','172','update','540969','527232','',NULL,NULL,540969,'2023-06-26 06:41:31'),(1889,'crimestopper','172','close','540969','527232','',NULL,NULL,540969,'2023-06-26 06:42:06'),(1890,'crimestopper','172','close','540969','527232','',NULL,NULL,540969,'2023-06-26 06:42:07'),(1891,'crimestopper','172','update','540969','527232','',NULL,NULL,540969,'2023-06-26 06:43:50'),(1892,'crimestopper','226','view','540969','527232','',NULL,NULL,540969,'2023-06-26 06:48:11'),(1893,'crimestopper','226','update','540969','527232','',NULL,NULL,540969,'2023-06-26 06:49:01'),(1894,'crimestopper','172','view','540969','527232','',NULL,NULL,540969,'2023-06-26 06:53:47'),(1895,'crimestopper','172','view','540969','527232','',NULL,NULL,540969,'2023-06-26 07:08:27'),(1896,'crimestopper','226','view','540969','527232','',NULL,NULL,540969,'2023-06-26 07:08:31'),(1897,'crimestopper','171','view','540969','527232','',NULL,NULL,540969,'2023-06-26 07:09:44'),(1898,'crimestopper','171','view','540969','527232','',NULL,NULL,540969,'2023-06-26 07:10:35'),(1899,'crimestopper','226','view','540969','527232','',NULL,NULL,540969,'2023-06-26 07:13:11'),(1900,'crimestopper','171','view','540969','527232','',NULL,NULL,540969,'2023-06-26 07:14:27'),(1901,'crimestopper','185','view','540969',NULL,'',NULL,NULL,540969,'2023-06-26 07:15:45'),(1902,'crimestopper','185','view','540969',NULL,'',NULL,NULL,540969,'2023-06-26 07:17:04'),(1903,'crimestopper','226','view','540969','527232','',NULL,NULL,540969,'2023-06-26 07:18:21'),(1904,'crimestopper','171','view','540969','527232','',NULL,NULL,540969,'2023-06-26 07:20:35'),(1905,'crimestopper','171','update','540969','527232','',NULL,NULL,540969,'2023-06-26 07:21:13'),(1906,'crimestopper','226','view','540969','527232','',NULL,NULL,540969,'2023-06-26 07:21:52'),(1907,'crimestopper','171','close','540969','527232','',NULL,NULL,540969,'2023-06-26 07:23:31'),(1908,'crimestopper','171','close','540969','527232','',NULL,NULL,540969,'2023-06-26 07:23:31'),(1909,'crimestopper','226','view','540969','527232','',NULL,NULL,540969,'2023-06-26 07:28:01'),(1910,'crimestopper','226','update','540969','527232','',NULL,NULL,540969,'2023-06-26 07:29:32'),(1911,'crimestopper','173','view','540969','527232','',NULL,NULL,540969,'2023-06-26 07:29:53'),(1912,'crimestopper','173','update','540969','527232','',NULL,NULL,540969,'2023-06-26 07:29:59'),(1913,'crimestopper','226','view','540969','527232','',NULL,NULL,540969,'2023-06-26 07:39:39'),(1914,'crimestopper','226','view','540969','527232','',NULL,NULL,540969,'2023-06-26 08:07:44'),(1915,'crimestopper','226','view','540969','527232','',NULL,NULL,540969,'2023-06-26 08:22:09'),(1916,'crimestopper','173','close','540969','527232','',NULL,NULL,540969,'2023-06-26 08:23:21'),(1917,'crimestopper','173','close','540969','527232','',NULL,NULL,540969,'2023-06-26 08:23:21'),(1918,'crimestopper','226','view','540969','527232','',NULL,NULL,540969,'2023-06-26 08:41:28'),(1919,'crimestopper','226','view','540969','527232','',NULL,NULL,540969,'2023-06-26 08:44:15'),(1920,'crimestopper','226','view','540969','527232','',NULL,NULL,540969,'2023-06-26 08:56:11'),(1921,'crimestopper','226','view','540969','527232','',NULL,NULL,540969,'2023-06-26 09:00:42'),(1922,'crimestopper','226','view','540969','527232','',NULL,NULL,540969,'2023-06-26 09:02:48'),(1923,'crimestopper','226','view','540969','527232','',NULL,NULL,540969,'2023-06-26 09:04:19'),(1924,'crimestopper','226','view','540969','527232','',NULL,NULL,540969,'2023-06-26 09:06:25'),(1925,'crimestopper','226','view','540969','527232','',NULL,NULL,540969,'2023-06-26 09:08:06'),(1926,'crimestopper','226','view','540969','527232','',NULL,NULL,540969,'2023-06-26 09:11:36'),(1927,'crimestopper','226','view','540969','527232','',NULL,NULL,540969,'2023-06-26 09:22:46'),(1928,'crimestopper','226','view','540969','527232','',NULL,NULL,540969,'2023-06-26 09:31:58'),(1929,'crimestopper','226','view','540969','527232','',NULL,NULL,540969,'2023-06-26 09:34:12'),(1930,'crimestopper','226','update','540969','527232','',NULL,NULL,540969,'2023-06-26 09:46:59'),(1931,'crimestopper','226','close','540969','527232','',NULL,NULL,540969,'2023-06-26 09:47:04'),(1932,'crimestopper','226','close','540969','527232','',NULL,NULL,540969,'2023-06-26 09:47:04'),(1933,'crimestopper','226','view','540969','527232','',NULL,NULL,540969,'2023-06-26 09:53:58'),(1934,'crimestopper','226','view','540969','527232','',NULL,NULL,540969,'2023-06-26 09:56:26'),(1935,'crimestopper','173','view','540969','527232','',NULL,NULL,540969,'2023-06-26 09:58:19'),(1936,'crimestopper','173','update','540969','527232','',NULL,NULL,540969,'2023-06-26 09:58:26'),(1937,'crimestopper','226','update','540969','527232','',NULL,NULL,540969,'2023-06-26 10:01:28'),(1938,'crimestopper','226','close','540969','527232','',NULL,NULL,540969,'2023-06-26 10:01:39'),(1939,'crimestopper','226','view','540969','527232','',NULL,NULL,540969,'2023-06-26 10:08:41'),(1940,'crimestopper','226','update','540969','527232','',NULL,NULL,540969,'2023-06-26 10:10:02'),(1941,'crimestopper','226','close','540969','527232','',NULL,NULL,540969,'2023-06-26 10:10:07'),(1942,'crimestopper','226','close','540969','527232','',NULL,NULL,540969,'2023-06-26 10:10:07'),(1943,'crimestopper','226','update','540969','527232','',NULL,NULL,540969,'2023-06-26 10:29:59'),(1944,'crimestopper','226','update','540969','527232','',NULL,NULL,540969,'2023-06-26 10:33:05'),(1945,'crimestopper','226','close','540969','527232','',NULL,NULL,540969,'2023-06-26 10:34:08'),(1946,'crimestopper','226','close','540969','527232','',NULL,NULL,540969,'2023-06-26 10:34:08'),(1947,'crimestopper','226','view','540969','527232','',NULL,NULL,540969,'2023-06-26 10:37:11'),(1948,'crimestopper','226','view','540969','527232','',NULL,NULL,540969,'2023-06-26 10:42:48'),(1949,'crimestopper','226','view','540969','527232','',NULL,NULL,540969,'2023-06-26 10:55:42'),(1950,'crimestopper','226','update','540969','527232','',NULL,NULL,540969,'2023-06-26 11:07:30'),(1951,'crimestopper','226','close','540969','527232','',NULL,NULL,540969,'2023-06-26 11:07:37'),(1952,'crimestopper','226','close','540969','527232','',NULL,NULL,540969,'2023-06-26 11:07:37'),(1953,'crimestopper','226','close','540969','527232','',NULL,NULL,540969,'2023-06-26 11:07:38'),(1954,'crimestopper','226','view','540969','527232','',NULL,NULL,540969,'2023-06-26 11:08:47'),(1955,'crimestopper','226','update','540969','527232','',NULL,NULL,540969,'2023-06-26 11:09:03'),(1956,'crimestopper','227','view','540969','527232','',NULL,NULL,540969,'2023-06-26 11:13:02'),(1957,'crimestopper','227','view','540969','527232','',NULL,NULL,540969,'2023-06-26 11:13:08'),(1958,'crimestopper','227','update','540969','527232','',NULL,NULL,540969,'2023-06-26 11:13:15'),(1959,'crimestopper','227','close','540969','527232','',NULL,NULL,540969,'2023-06-26 11:13:20'),(1960,'crimestopper','227','close','540969','527232','',NULL,NULL,540969,'2023-06-26 11:13:30'),(1961,'crimestopper','227','view','540969','527232','',NULL,NULL,540969,'2023-06-26 11:14:20'),(1962,'crimestopper','227','update','540969','527232','',NULL,NULL,540969,'2023-06-26 11:17:18'),(1963,'crimestopper','227','close','540969','527232','',NULL,NULL,540969,'2023-06-26 11:17:25'),(1964,'crimestopper','227','close','540969','527232','',NULL,NULL,540969,'2023-06-26 11:17:25'),(1965,'crimestopper','226','view','540969','527232','',NULL,NULL,540969,'2023-06-26 11:29:10'),(1966,'crimestopper','226','update','540969','527232','',NULL,NULL,540969,'2023-06-26 11:29:21'),(1967,'crimestopper','227','view','540969','527232','',NULL,NULL,540969,'2023-06-26 11:29:48'),(1968,'crimestopper','227','update','540969','527232','',NULL,NULL,540969,'2023-06-26 11:29:51'),(1969,'crimestopper','227','close','540969','527232','',NULL,NULL,540969,'2023-06-26 11:29:55'),(1970,'crimestopper','227','close','540969','527232','',NULL,NULL,540969,'2023-06-26 11:29:55'),(1971,'crimestopper','227','view','540969','527232','',NULL,NULL,540969,'2023-06-26 11:30:19'),(1972,'crimestopper','227','update','540969','527232','',NULL,NULL,540969,'2023-06-26 11:30:32'),(1973,'crimestopper','227','close','540969','527232','',NULL,NULL,540969,'2023-06-26 11:30:37'),(1974,'crimestopper','227','close','540969','527232','',NULL,NULL,540969,'2023-06-26 11:30:37'),(1975,'crimestopper','227','view','540969','527232','',NULL,NULL,540969,'2023-06-26 11:30:52'),(1976,'crimestopper','228','view','540969','527232','',NULL,NULL,540969,'2023-06-26 11:33:39'),(1977,'crimestopper','228','view','540969','527232','',NULL,NULL,540969,'2023-06-26 11:34:17'),(1978,'crimestopper','228','update','540969','527232','',NULL,NULL,540969,'2023-06-26 11:34:24'),(1979,'crimestopper','228','close','540969','527232','',NULL,NULL,540969,'2023-06-26 11:34:28'),(1980,'crimestopper','228','close','540969','527232','',NULL,NULL,540969,'2023-06-26 11:34:28'),(1981,'crimestopper','228','view','','527232',NULL,NULL,NULL,802,'2023-06-26 11:40:15'),(1982,'crimestopper','227','view','','527232',NULL,NULL,NULL,802,'2023-06-26 11:40:28'),(1983,'crimestopper','226','update','540969','527232','',NULL,NULL,540969,'2023-06-26 11:41:51'),(1984,'crimestopper','228','view','540969','527232','',NULL,NULL,540969,'2023-06-26 11:53:29'),(1985,'crimestopper','226','view','540969','527232','',NULL,NULL,540969,'2023-06-26 11:54:49'),(1986,'crimestopper','229','view','540969','527232','',NULL,NULL,540969,'2023-06-26 11:57:53'),(1987,'crimestopper','229','view','540969','527232','',NULL,NULL,540969,'2023-06-26 11:58:25'),(1988,'crimestopper','227','view','540969','527232','',NULL,NULL,540969,'2023-06-26 12:04:28'),(1989,'crimestopper','229','view','540969','527232','',NULL,NULL,540969,'2023-06-26 12:05:11'),(1990,'crimestopper','228','view','540969','527232','',NULL,NULL,540969,'2023-06-26 12:10:25'),(1991,'crimestopper','226','view','540969','527232','',NULL,NULL,540969,'2023-06-26 12:10:58'),(1992,'crimestopper','226','view','540969','527232','',NULL,NULL,540969,'2023-06-26 12:12:57'),(1993,'crimestopper','226','view','540969','527232','',NULL,NULL,540969,'2023-06-26 12:15:36'),(1994,'crimestopper','226','view','540969','527232','',NULL,NULL,540969,'2023-06-26 12:16:54'),(1995,'crimestopper','226','view','540969','527232','',NULL,NULL,540969,'2023-06-26 12:18:53'),(1996,'crimestopper','226','view','540969','527232','',NULL,NULL,540969,'2023-06-26 12:20:06'),(1997,'crimestopper','226','view','540969','527232','',NULL,NULL,540969,'2023-06-26 12:21:37'),(1998,'crimestopper','226','view','540969','527232','',NULL,NULL,540969,'2023-06-26 12:24:38'),(1999,'crimestopper','226','view','540969','527232','',NULL,NULL,540969,'2023-06-26 12:25:45'),(2000,'crimestopper','226','view','540969','527232','',NULL,NULL,540969,'2023-06-26 12:43:03'),(2001,'crimestopper','226','update','540969','527232','',NULL,NULL,540969,'2023-06-26 12:53:19'),(2002,'crimestopper','226','view','540969','527232','',NULL,NULL,540969,'2023-06-26 12:55:34'),(2003,'crimestopper','226','update','540969','527232','',NULL,NULL,540969,'2023-06-26 13:19:44'),(2004,'crimestopper','226','view','540969','527232','',NULL,NULL,540969,'2023-06-26 13:24:26'),(2005,'crimestopper','226','update','540969','527232','',NULL,NULL,540969,'2023-06-26 13:24:38'),(2006,'crimestopper','226','update','540969','527232','',NULL,NULL,540969,'2023-06-26 13:25:10'),(2007,'crimestopper','226','update','540969','527232','',NULL,NULL,540969,'2023-06-26 13:26:41'),(2008,'crimestopper','226','view','540969','527232','',NULL,NULL,540969,'2023-06-26 13:28:28'),(2009,'crimestopper','226','update','540969','527232','',NULL,NULL,540969,'2023-06-26 13:28:45'),(2010,'crimestopper','226','close','540969','527232','',NULL,NULL,540969,'2023-06-26 13:30:19'),(2011,'crimestopper','226','close','540969','527232','',NULL,NULL,540969,'2023-06-26 13:30:19'),(2012,'crimestopper','226','update','540969','527232','',NULL,NULL,540969,'2023-06-26 13:37:05'),(2013,'crimestopper','226','close','540969','527232','',NULL,NULL,540969,'2023-06-26 13:37:07'),(2014,'missingperson','174','view','','527232','446',NULL,NULL,446,'2023-06-26 13:39:37'),(2015,'crimestopper','229','view','540969','527232','',NULL,NULL,540969,'2023-06-26 13:40:38'),(2016,'crimestopper','229','view','','527232','446',NULL,NULL,446,'2023-06-26 13:41:27'),(2017,'missingperson','174','view','540969','527232','',NULL,NULL,540969,'2023-06-26 13:41:45'),(2018,'missingperson','174','view','540969','527232','',NULL,NULL,540969,'2023-06-26 13:42:06'),(2019,'missingperson','174','view','540969','527232','',NULL,NULL,540969,'2023-06-26 13:43:06'),(2020,'crimestopper','230','view','540969','527232','',NULL,NULL,540969,'2023-06-26 13:46:15'),(2021,'crimestopper','230','update','540969','527232','',NULL,NULL,540969,'2023-06-26 13:46:17'),(2022,'crimestopper','230','view','540969','527232','',NULL,NULL,540969,'2023-06-26 13:50:30'),(2023,'missingperson','175','view','','499480','743',NULL,NULL,743,'2023-06-26 14:01:23'),(2024,'crimestopper','230','view','540969','527232','',NULL,NULL,540969,'2023-06-26 14:01:33'),(2025,'missingperson','175','view','513217','499480','',NULL,NULL,513217,'2023-06-26 14:04:14'),(2026,'missingperson','175','view','513217','499480','',NULL,NULL,513217,'2023-06-26 14:08:15'),(2027,'missingperson','175','view','','499480','743',NULL,NULL,743,'2023-06-26 14:18:54'),(2028,'missingperson','175','view','','499480','743',NULL,NULL,743,'2023-06-26 14:19:41'),(2029,'missingperson','175','view','','499480','743',NULL,NULL,743,'2023-06-26 14:20:13'),(2030,'missingperson','175','view','513217','499480','',NULL,NULL,513217,'2023-06-26 14:21:01'),(2031,'missingperson','175','view','513217','499480','',NULL,NULL,513217,'2023-06-26 14:22:29'),(2032,'missingperson','175','update','513217','499480','',NULL,NULL,513217,'2023-06-26 14:22:46'),(2033,'missingperson','175','view','513217','499480','',NULL,NULL,513217,'2023-06-26 14:22:47'),(2034,'missingperson','175','update','513217','499480','',NULL,NULL,513217,'2023-06-26 14:23:02'),(2035,'missingperson','163','view','513217','499480','',NULL,NULL,513217,'2023-06-26 14:24:10'),(2036,'missingperson','175','view','513217','499480','',NULL,NULL,513217,'2023-06-26 14:24:45'),(2037,'crimestopper','232','view','','499480','743',NULL,NULL,743,'2023-06-26 14:30:10'),(2038,'missingperson','175','view','','499480','743',NULL,NULL,743,'2023-06-26 14:30:38'),(2039,'missingperson','175','view','513217','499480','',NULL,NULL,513217,'2023-06-26 14:31:09'),(2040,'crimestopper','232','view','513217','499480','',NULL,NULL,513217,'2023-06-26 14:31:49'),(2041,'crimestopper','232','view','513217','499480','',NULL,NULL,513217,'2023-06-26 14:31:58'),(2042,'crimestopper','232','view','513217','499480','',NULL,NULL,513217,'2023-06-26 14:32:02'),(2043,'crimestopper','232','view','513217','499480','',NULL,NULL,513217,'2023-06-26 14:32:24'),(2044,'missingperson','175','view','513217','499480','',NULL,NULL,513217,'2023-06-26 14:32:40'),(2045,'crimestopper','232','view','','499480','743',NULL,NULL,743,'2023-06-26 14:33:40'),(2046,'crimestopper','232','view','','499480','743',NULL,NULL,743,'2023-06-26 14:33:50'),(2047,'crimestopper','229','view','540969','527232','',NULL,NULL,540969,'2023-06-26 14:35:48'),(2048,'missingperson','176','view','','527232','803',NULL,NULL,803,'2023-06-27 06:57:23'),(2049,'crimestopper','169','view','540969','527232','',NULL,NULL,540969,'2023-06-27 07:49:16'),(2050,'crimestopper','96','view','540969','527232','',NULL,NULL,540969,'2023-06-27 07:49:23'),(2051,'crimestopper','233','view','','527232','803',NULL,NULL,803,'2023-06-27 10:09:46'),(2052,'crimestopper','233','view','540969','527232','',NULL,NULL,540969,'2023-06-27 10:12:40'),(2053,'crimestopper','233','view','540969','527232','',NULL,NULL,540969,'2023-06-27 10:13:39'),(2054,'missingperson','176','view','','527232','803',NULL,NULL,803,'2023-06-27 10:22:50'),(2055,'missingperson','177','view','','527232','803',NULL,NULL,803,'2023-06-27 10:25:10'),(2056,'crimestopper','233','view','540969','527232','',NULL,NULL,540969,'2023-06-27 10:37:31'),(2057,'crimestopper','233','update','540969','527232','',NULL,NULL,540969,'2023-06-27 10:37:50'),(2058,'crimestopper','233','close','540969','527232','',NULL,NULL,540969,'2023-06-27 10:37:55'),(2059,'crimestopper','233','close','540969','527232','',NULL,NULL,540969,'2023-06-27 10:37:55'),(2060,'crimestopper','233','update','540969','527232','',NULL,NULL,540969,'2023-06-27 10:39:21'),(2061,'crimestopper','233','close','540969','527232','',NULL,NULL,540969,'2023-06-27 10:39:24'),(2062,'crimestopper','233','close','540969','527232','',NULL,NULL,540969,'2023-06-27 10:39:24'),(2063,'crimestopper','233','view','540969','527232','',NULL,NULL,540969,'2023-06-27 10:40:56'),(2064,'crimestopper','233','view','540969','527232','',NULL,NULL,540969,'2023-06-27 10:41:30'),(2065,'crimestopper','233','view','540969','527232','',NULL,NULL,540969,'2023-06-27 11:18:29'),(2066,'crimestopper','233','update','540969','527232','',NULL,NULL,540969,'2023-06-27 11:18:47'),(2067,'crimestopper','233','update','540969','527232','',NULL,NULL,540969,'2023-06-27 11:25:16'),(2068,'crimestopper','233','close','540969','527232','',NULL,NULL,540969,'2023-06-27 11:25:19'),(2069,'crimestopper','233','close','540969','527232','',NULL,NULL,540969,'2023-06-27 11:25:19'),(2070,'crimestopper','233','update','540969','527232','',NULL,NULL,540969,'2023-06-27 11:33:29'),(2071,'missingperson','178','view','','527232','803',NULL,NULL,803,'2023-06-27 11:49:54'),(2072,'missingperson','178','view','','527232','803',NULL,NULL,803,'2023-06-27 11:50:19'),(2073,'missingperson','178','view','','527232','803',NULL,NULL,803,'2023-06-27 11:51:50'),(2074,'crimestopper','235','view','540969','527232','',NULL,NULL,540969,'2023-06-27 12:03:27'),(2075,'crimestopper','235','view','540969','527232','',NULL,NULL,540969,'2023-06-27 12:04:57'),(2076,'missingperson','173','view','','527232','789',NULL,NULL,789,'2023-06-27 12:12:29'),(2077,'missingperson','169','view','','527232','789',NULL,NULL,789,'2023-06-27 12:13:05'),(2078,'missingperson','169','view','','527232','789',NULL,NULL,789,'2023-06-27 12:15:50'),(2079,'missingperson','173','view','','527232','789',NULL,NULL,789,'2023-06-27 12:16:15'),(2080,'missingperson','170','view','','527232','789',NULL,NULL,789,'2023-06-27 12:20:23'),(2081,'missingperson','173','view','','527232','789',NULL,NULL,789,'2023-06-27 12:20:55'),(2082,'missingperson','173','view','','527232','789',NULL,NULL,789,'2023-06-27 12:21:21'),(2083,'missingperson','173','view','','527232','789',NULL,NULL,789,'2023-06-27 12:21:39'),(2084,'crimestopper','235','view','540969','527232','',NULL,NULL,540969,'2023-06-27 13:10:11'),(2085,'missingperson','179','view','','527232','803',NULL,NULL,803,'2023-06-27 13:28:00'),(2086,'missingperson','180','view','','527232','803',NULL,NULL,803,'2023-06-27 13:30:12'),(2087,'missingperson','180','view','','527232','803',NULL,NULL,803,'2023-06-27 13:31:54'),(2088,'missingperson','180','view','','527232','803',NULL,NULL,803,'2023-06-27 13:34:43'),(2089,'missingperson','180','view','','527232','803',NULL,NULL,803,'2023-06-27 13:39:20'),(2090,'missingperson','180','view','','527232','803',NULL,NULL,803,'2023-06-27 13:39:54'),(2091,'missingperson','180','view','','527232','803',NULL,NULL,803,'2023-06-27 13:41:59'),(2092,'missingperson','180','view','','527232','803',NULL,NULL,803,'2023-06-27 13:43:24'),(2093,'missingperson','180','view','540969','527232','',NULL,NULL,540969,'2023-06-27 13:44:17'),(2094,'crimestopper','237','view','540969','527232','',NULL,NULL,540969,'2023-06-27 13:47:48'),(2095,'crimestopper','237','update','540969','527232','',NULL,NULL,540969,'2023-06-27 13:50:11'),(2096,'missingperson','180','view','540969','527232','',NULL,NULL,540969,'2023-06-27 13:54:18'),(2097,'missingperson','180','update','540969','527232','',NULL,NULL,540969,'2023-06-27 13:54:40'),(2098,'crimestopper','238','view','540969','527232','',NULL,NULL,540969,'2023-06-27 13:59:29'),(2099,'crimestopper','236','view','540969','527232','',NULL,NULL,540969,'2023-06-27 14:00:33'),(2100,'crimestopper','236','view','540969','527232','',NULL,NULL,540969,'2023-06-27 14:15:14'),(2101,'crimestopper','238','view','540969','527232','',NULL,NULL,540969,'2023-06-27 14:25:15'),(2102,'crimestopper','235','view','540969','527232','',NULL,NULL,540969,'2023-06-27 14:28:47'),(2103,'missingperson','178','view','540969',NULL,'',NULL,NULL,540969,'2023-06-27 14:29:10'),(2104,'missingperson','178','view','540969',NULL,'',NULL,NULL,540969,'2023-06-27 14:29:18'),(2105,'missingperson','178','view','540969',NULL,'',NULL,NULL,540969,'2023-06-27 14:29:31'),(2106,'missingperson','178','view','540969',NULL,'',NULL,NULL,540969,'2023-06-27 14:29:33'),(2107,'crimestopper','238','view','540969','527232','',NULL,NULL,540969,'2023-06-27 14:29:40'),(2108,'crimestopper','238','view','540969','527232','',NULL,NULL,540969,'2023-06-27 14:29:43'),(2109,'missingperson','174','view','540969','527232','',NULL,NULL,540969,'2023-06-27 14:30:09'),(2110,'crimestopper','230','view','540969','527232','',NULL,NULL,540969,'2023-06-27 14:30:28'),(2111,'missingperson','179','view','540969','527232','',NULL,NULL,540969,'2023-06-27 14:31:18'),(2112,'missingperson','169','view','540969','527232','',NULL,NULL,540969,'2023-06-27 14:31:27'),(2113,'missingperson','167','view','540969','527232','',NULL,NULL,540969,'2023-06-27 14:31:35'),(2114,'missingperson','163','view','513217','499480','',NULL,NULL,513217,'2023-06-27 14:31:52'),(2115,'crimestopper','240','view','540969','527232','',NULL,NULL,540969,'2023-06-28 09:58:28'),(2116,'crimestopper','230','view','513217','527232','',NULL,NULL,513217,'2023-06-28 10:12:16'),(2117,'missingperson','181','view','','527232','803',NULL,NULL,803,'2023-06-28 11:21:21'),(2118,'missingperson','182','view','','527232','803',NULL,NULL,803,'2023-06-28 12:33:42'),(2119,'missingperson','182','view','','527232','803',NULL,NULL,803,'2023-06-28 12:34:15'),(2120,'crimestopper','243','view','540969','527232','',NULL,NULL,540969,'2023-06-28 13:26:49'),(2121,'crimestopper','243','view','540969','527232','',NULL,NULL,540969,'2023-06-28 14:14:24'),(2122,'crimestopper','243','view','540969','527232','',NULL,NULL,540969,'2023-06-28 14:15:52'),(2123,'crimestopper','243','update','540969','527232','',NULL,NULL,540969,'2023-06-28 14:17:00'),(2124,'missingperson','182','view','540969','527232','',NULL,NULL,540969,'2023-06-28 14:19:06'),(2125,'missingperson','182','update','540969','527232','',NULL,NULL,540969,'2023-06-28 14:19:09'),(2126,'crimestopper','236','view','540969','527232','',NULL,NULL,540969,'2023-06-28 14:19:58'),(2127,'missingperson','179','view','540969','527232','',NULL,NULL,540969,'2023-06-28 14:21:23'),(2128,'missingperson','179','update','540969','527232','',NULL,NULL,540969,'2023-06-28 14:21:32'),(2129,'crimestopper','242','view','540969','527232','',NULL,NULL,540969,'2023-06-28 14:22:40'),(2130,'missingperson','174','view','540969','527232','',NULL,NULL,540969,'2023-06-28 14:23:54'),(2131,'missingperson','182','view','540969','527232','',NULL,NULL,540969,'2023-06-29 07:20:16'),(2132,'crimestopper','242','view','540969','527232','',NULL,NULL,540969,'2023-06-29 07:20:43'),(2133,'crimestopper','242','view','540969','527232','',NULL,NULL,540969,'2023-06-29 07:37:43'),(2134,'crimestopper','242','view','540969','527232','',NULL,NULL,540969,'2023-06-29 07:39:53'),(2135,'crimestopper','242','update','540969','527232','',NULL,NULL,540969,'2023-06-29 07:41:01'),(2136,'crimestopper','242','close','540969','527232','',NULL,NULL,540969,'2023-06-29 07:41:07'),(2137,'crimestopper','242','close','540969','527232','',NULL,NULL,540969,'2023-06-29 07:41:07'),(2138,'crimestopper','242','view','540969','527232','',NULL,NULL,540969,'2023-06-29 07:48:20'),(2139,'crimestopper','242','view','540969','527232','',NULL,NULL,540969,'2023-06-29 07:52:51'),(2140,'missingperson','182','view','540969','527232','',NULL,NULL,540969,'2023-06-29 08:09:03'),(2141,'missingperson','182','view','540969','527232','',NULL,NULL,540969,'2023-06-29 08:17:33'),(2142,'crimestopper','242','view','540969','527232','',NULL,NULL,540969,'2023-06-29 08:17:34'),(2143,'missingperson','182','view','540969','527232','',NULL,NULL,540969,'2023-06-29 08:53:26'),(2144,'missingperson','182','update','540969','527232','',NULL,NULL,540969,'2023-06-29 08:56:09'),(2145,'missingperson','182','view','540969','527232','',NULL,NULL,540969,'2023-06-29 08:56:12'),(2146,'missingperson','182','view','540969','527232','',NULL,NULL,540969,'2023-06-29 08:56:41'),(2147,'missingperson','182','view','540969','527232','',NULL,NULL,540969,'2023-06-29 09:02:49'),(2148,'missingperson','182','view','540969','527232','',NULL,NULL,540969,'2023-06-29 09:05:10'),(2149,'crimestopper','243','view','540969','527232','',NULL,NULL,540969,'2023-06-29 09:10:29'),(2150,'crimestopper','243','update','540969','527232','',NULL,NULL,540969,'2023-06-29 09:10:39'),(2151,'missingperson','182','view','540969','527232','',NULL,NULL,540969,'2023-06-29 09:17:05'),(2152,'crimestopper','243','view','540969','527232','',NULL,NULL,540969,'2023-06-29 09:22:46'),(2153,'crimestopper','243','view','540969','527232','',NULL,NULL,540969,'2023-06-29 09:23:46'),(2154,'crimestopper','243','view','540969','527232','',NULL,NULL,540969,'2023-06-29 09:24:36'),(2155,'missingperson','182','view','540969','527232','',NULL,NULL,540969,'2023-06-29 10:04:42'),(2156,'crimestopper','242','view','540969','527232','',NULL,NULL,540969,'2023-06-29 10:11:41'),(2157,'missingperson','182','view','540969','527232','',NULL,NULL,540969,'2023-06-29 10:13:10'),(2158,'missingperson','182','view','540969','527232','',NULL,NULL,540969,'2023-06-29 10:20:42'),(2159,'missingperson','182','view','540969','527232','',NULL,NULL,540969,'2023-06-29 10:29:26'),(2160,'missingperson','182','view','540969','527232','',NULL,NULL,540969,'2023-06-29 10:31:41'),(2161,'missingperson','182','view','540969','527232','',NULL,NULL,540969,'2023-06-29 10:32:29'),(2162,'missingperson','182','update','540969','527232','',NULL,NULL,540969,'2023-06-29 10:32:42'),(2163,'missingperson','182','view','540969','527232','',NULL,NULL,540969,'2023-06-29 10:33:48'),(2164,'crimestopper','243','view','540969','527232','',NULL,NULL,540969,'2023-06-29 10:35:45'),(2165,'crimestopper','243','view','540969','527232','',NULL,NULL,540969,'2023-06-29 10:36:24'),(2166,'crimestopper','242','view','540969','527232','',NULL,NULL,540969,'2023-06-29 10:37:15'),(2167,'crimestopper','242','view','540969','527232','',NULL,NULL,540969,'2023-06-29 10:37:48'),(2168,'crimestopper','242','view','540969','527232','',NULL,NULL,540969,'2023-06-29 10:38:03'),(2169,'crimestopper','242','view','540969','527232','',NULL,NULL,540969,'2023-06-29 10:39:18'),(2170,'crimestopper','242','view','540969','527232','',NULL,NULL,540969,'2023-06-29 10:39:45'),(2171,'crimestopper','243','update','540969','527232','',NULL,NULL,540969,'2023-06-29 10:40:47'),(2172,'crimestopper','243','view','540969','527232','',NULL,NULL,540969,'2023-06-29 10:42:01'),(2173,'crimestopper','243','close','540969','527232','',NULL,NULL,540969,'2023-06-29 10:43:53'),(2174,'missingperson','182','view','540969','527232','',NULL,NULL,540969,'2023-06-29 10:49:48'),(2175,'missingperson','182','view','540969','527232','',NULL,NULL,540969,'2023-06-29 10:55:47'),(2176,'missingperson','182','view','540969','527232','',NULL,NULL,540969,'2023-06-29 11:03:01'),(2177,'missingperson','182','view','540969','527232','',NULL,NULL,540969,'2023-06-29 11:03:37'),(2178,'missingperson','182','view','540969','527232','',NULL,NULL,540969,'2023-06-29 11:06:28'),(2179,'missingperson','182','view','540969','527232','',NULL,NULL,540969,'2023-06-29 11:07:55'),(2180,'missingperson','182','view','540969','527232','',NULL,NULL,540969,'2023-06-29 11:08:52'),(2181,'missingperson','182','view','540969','527232','',NULL,NULL,540969,'2023-06-29 11:13:37'),(2182,'missingperson','182','view','540969','527232','',NULL,NULL,540969,'2023-06-29 11:14:17'),(2183,'missingperson','182','view','540969','527232','',NULL,NULL,540969,'2023-06-29 11:18:21'),(2184,'missingperson','182','view','540969','527232','',NULL,NULL,540969,'2023-06-29 11:19:49'),(2185,'missingperson','182','update','540969','527232','',NULL,NULL,540969,'2023-06-29 11:20:27'),(2186,'missingperson','182','close','540969','527232','',NULL,NULL,540969,'2023-06-29 11:20:31'),(2187,'missingperson','182','update','540969','527232','',NULL,NULL,540969,'2023-06-29 11:25:11'),(2188,'missingperson','182','view','540969','527232','',NULL,NULL,540969,'2023-06-29 11:25:31'),(2189,'missingperson','182','update','540969','527232','',NULL,NULL,540969,'2023-06-29 11:33:46'),(2190,'missingperson','182','close','540969','527232','',NULL,NULL,540969,'2023-06-29 11:35:24'),(2191,'missingperson','182','view','540969','527232','',NULL,NULL,540969,'2023-06-29 11:35:57'),(2192,'missingperson','182','close','540969','527232','',NULL,NULL,540969,'2023-06-29 11:36:13'),(2193,'missingperson','182','close','540969','527232','',NULL,NULL,540969,'2023-06-29 11:38:42'),(2194,'missingperson','182','view','540969','527232','',NULL,NULL,540969,'2023-06-29 11:40:06'),(2195,'missingperson','182','close','540969','527232','',NULL,NULL,540969,'2023-06-29 11:41:38'),(2196,'crimestopper','243','update','540969','527232','',NULL,NULL,540969,'2023-06-29 11:48:11'),(2197,'crimestopper','243','view','540969','527232','',NULL,NULL,540969,'2023-06-29 11:48:46'),(2198,'crimestopper','243','close','540969','527232','',NULL,NULL,540969,'2023-06-29 11:48:53'),(2199,'crimestopper','243','close','540969','527232','',NULL,NULL,540969,'2023-06-29 11:48:53'),(2200,'missingperson','182','view','540969','527232','',NULL,NULL,540969,'2023-06-29 11:50:48'),(2201,'missingperson','182','view','540969','527232','',NULL,NULL,540969,'2023-06-29 11:51:28'),(2202,'missingperson','182','update','540969','527232','',NULL,NULL,540969,'2023-06-29 11:51:40'),(2203,'missingperson','182','view','540969','527232','',NULL,NULL,540969,'2023-06-29 11:52:30'),(2204,'missingperson','182','close','540969','527232','',NULL,NULL,540969,'2023-06-29 11:54:13'),(2205,'missingperson','182','view','540969','527232','',NULL,NULL,540969,'2023-06-29 12:01:52'),(2206,'missingperson','182','view','540969','527232','',NULL,NULL,540969,'2023-06-29 12:02:29'),(2207,'missingperson','182','view','540969','527232','',NULL,NULL,540969,'2023-06-29 12:05:28'),(2208,'missingperson','182','view','540969','527232','',NULL,NULL,540969,'2023-06-29 12:07:52'),(2209,'missingperson','182','update','540969','527232','',NULL,NULL,540969,'2023-06-29 12:08:09'),(2210,'missingperson','182','close','540969','527232','',NULL,NULL,540969,'2023-06-29 12:08:13'),(2211,'missingperson','182','close','540969','527232','',NULL,NULL,540969,'2023-06-29 12:08:28'),(2212,'missingperson','182','view','540969','527232','',NULL,NULL,540969,'2023-06-29 12:08:32'),(2213,'missingperson','182','close','540969','527232','',NULL,NULL,540969,'2023-06-29 12:08:41'),(2214,'crimestopper','243','view','540969','527232','',NULL,NULL,540969,'2023-06-29 12:13:33'),(2215,'crimestopper','243','view','540969','527232','',NULL,NULL,540969,'2023-06-29 12:13:43'),(2216,'crimestopper','242','view','540969','527232','',NULL,NULL,540969,'2023-06-29 12:14:12'),(2217,'crimestopper','243','close','540969','527232','',NULL,NULL,540969,'2023-06-29 12:17:26'),(2218,'crimestopper','243','close','540969','527232','',NULL,NULL,540969,'2023-06-29 12:17:27'),(2219,'crimestopper','243','close','540969','527232','',NULL,NULL,540969,'2023-06-29 12:17:27'),(2220,'crimestopper','243','view','540969','527232','',NULL,NULL,540969,'2023-06-29 12:19:42'),(2221,'crimestopper','242','view','540969','527232','',NULL,NULL,540969,'2023-06-29 13:21:56'),(2222,'crimestopper','243','view','540969','527232','',NULL,NULL,540969,'2023-06-29 13:21:56'),(2223,'missingperson','183','view','','527232','803',NULL,NULL,803,'2023-06-29 13:29:25'),(2224,'missingperson','183','view','','527232','803',NULL,NULL,803,'2023-06-29 13:30:35'),(2225,'missingperson','183','view','','527232','803',NULL,NULL,803,'2023-06-29 13:30:59'),(2226,'missingperson','183','view','','527232','803',NULL,NULL,803,'2023-06-29 13:31:44'),(2227,'missingperson','183','view','','527232','803',NULL,NULL,803,'2023-06-29 13:36:15'),(2228,'missingperson','183','view','','527232','803',NULL,NULL,803,'2023-06-29 13:37:00'),(2229,'missingperson','183','view','','527232','803',NULL,NULL,803,'2023-06-29 13:38:21'),(2230,'missingperson','184','view','','527232','803',NULL,NULL,803,'2023-06-29 13:42:51'),(2231,'crimestopper','244','view','540969','527232','',NULL,NULL,540969,'2023-06-29 13:57:28'),(2232,'crimestopper','244','update','540969','527232','',NULL,NULL,540969,'2023-06-29 13:57:45'),(2233,'crimestopper','245','view','540969','527232','',NULL,NULL,540969,'2023-06-29 13:58:31'),(2234,'crimestopper','245','update','540969','527232','',NULL,NULL,540969,'2023-06-29 13:58:35'),(2235,'crimestopper','244','update','540969','527232','',NULL,NULL,540969,'2023-06-29 13:58:51'),(2236,'crimestopper','245','view','540969','527232','',NULL,NULL,540969,'2023-06-29 13:59:20'),(2237,'crimestopper','244','view','540969','527232','',NULL,NULL,540969,'2023-06-29 13:59:24'),(2238,'crimestopper','245','update','540969','527232','',NULL,NULL,540969,'2023-06-29 13:59:28'),(2239,'crimestopper','245','close','540969','527232','',NULL,NULL,540969,'2023-06-29 13:59:31'),(2240,'crimestopper','244','update','540969','527232','',NULL,NULL,540969,'2023-06-29 13:59:36'),(2241,'missingperson','183','view','540969','527232','',NULL,NULL,540969,'2023-06-29 14:00:30'),(2242,'missingperson','183','update','540969','527232','',NULL,NULL,540969,'2023-06-29 14:00:37'),(2243,'missingperson','183','close','540969','527232','',NULL,NULL,540969,'2023-06-29 14:00:41'),(2244,'missingperson','183','update','540969','527232','',NULL,NULL,540969,'2023-06-29 14:01:28'),(2245,'missingperson','183','close','540969','527232','',NULL,NULL,540969,'2023-06-29 14:01:30'),(2246,'crimestopper','244','update','540969','527232','',NULL,NULL,540969,'2023-06-29 14:03:29'),(2247,'crimestopper','245','update','540969','527232','',NULL,NULL,540969,'2023-06-29 14:09:22'),(2248,'crimestopper','245','close','540969','527232','',NULL,NULL,540969,'2023-06-29 14:09:25'),(2249,'crimestopper','245','close','540969','527232','',NULL,NULL,540969,'2023-06-29 14:09:25'),(2250,'missingperson','183','view','540969','527232','',NULL,NULL,540969,'2023-06-29 14:31:00'),(2251,'crimestopper','244','view','540969','527232','',NULL,NULL,540969,'2023-06-29 14:31:31'),(2252,'crimestopper','244','view','540969','527232','',NULL,NULL,540969,'2023-06-29 14:47:09'),(2253,'crimestopper','244','view','540969','527232','',NULL,NULL,540969,'2023-06-29 14:52:26'),(2254,'crimestopper','244','view','540969','527232','',NULL,NULL,540969,'2023-06-29 14:55:44'),(2255,'crimestopper','245','update','540969','527232','',NULL,NULL,540969,'2023-06-29 15:02:14'),(2256,'crimestopper','245','close','540969','527232','',NULL,NULL,540969,'2023-06-29 15:03:42'),(2257,'crimestopper','245','close','540969','527232','',NULL,NULL,540969,'2023-06-29 15:03:42'),(2258,'crimestopper','245','view','540969','527232','',NULL,NULL,540969,'2023-06-29 15:03:58'),(2259,'crimestopper','245','update','540969','527232','',NULL,NULL,540969,'2023-06-29 15:04:04'),(2260,'crimestopper','245','close','540969','527232','',NULL,NULL,540969,'2023-06-29 15:04:08'),(2261,'crimestopper','245','view','540969','527232','',NULL,NULL,540969,'2023-06-29 15:05:00'),(2262,'crimestopper','245','view','540969','527232','',NULL,NULL,540969,'2023-06-29 15:05:19'),(2263,'missingperson','183','view','540969','527232','',NULL,NULL,540969,'2023-06-29 15:05:54'),(2264,'missingperson','183','update','540969','527232','',NULL,NULL,540969,'2023-06-29 15:06:47'),(2265,'missingperson','183','close','540969','527232','',NULL,NULL,540969,'2023-06-29 15:07:14'),(2266,'crimestopper','246','view','540969','527232','',NULL,NULL,540969,'2023-06-29 15:15:05'),(2267,'crimestopper','246','update','540969','527232','',NULL,NULL,540969,'2023-06-29 15:15:09'),(2268,'missingperson','185','view','','527232','803',NULL,NULL,803,'2023-06-29 15:17:51'),(2269,'missingperson','185','view','','527232','803',NULL,NULL,803,'2023-06-29 15:18:21'),(2270,'missingperson','185','view','540969','527232','',NULL,NULL,540969,'2023-06-29 15:19:45'),(2271,'missingperson','185','update','540969','527232','',NULL,NULL,540969,'2023-06-29 15:19:53'),(2272,'crimestopper','247','view','540969','527232','',NULL,NULL,540969,'2023-06-29 15:22:30'),(2273,'crimestopper','247','update','540969','527232','',NULL,NULL,540969,'2023-06-29 15:22:37'),(2274,'missingperson','185','view','540969','527232','',NULL,NULL,540969,'2023-06-29 15:23:07'),(2275,'missingperson','185','view','540969','527232','',NULL,NULL,540969,'2023-06-29 15:23:47'),(2276,'crimestopper','248','view','540969','527232','',NULL,NULL,540969,'2023-06-30 06:08:54'),(2277,'crimestopper','246','view','540969','527232','',NULL,NULL,540969,'2023-06-30 06:11:45'),(2278,'crimestopper','246','view','540969','527232','',NULL,NULL,540969,'2023-06-30 06:11:57'),(2279,'crimestopper','248','view','540969','527232','',NULL,NULL,540969,'2023-06-30 06:14:34'),(2280,'crimestopper','248','view','540969','527232','',NULL,NULL,540969,'2023-06-30 06:14:50'),(2281,'crimestopper','249','view','540969','527232','',NULL,NULL,540969,'2023-06-30 06:15:37'),(2282,'crimestopper','239','view','540969','527232','',NULL,NULL,540969,'2023-06-30 06:20:46'),(2283,'crimestopper','244','view','540969','527232','',NULL,NULL,540969,'2023-06-30 06:21:27'),(2284,'crimestopper','244','view','540969','527232','',NULL,NULL,540969,'2023-06-30 06:22:57'),(2285,'crimestopper','250','view','540969','527232','',NULL,NULL,540969,'2023-06-30 06:54:37'),(2286,'crimestopper','250','view','540969','527232','',NULL,NULL,540969,'2023-06-30 06:54:42'),(2287,'crimestopper','250','view','540969','527232','',NULL,NULL,540969,'2023-06-30 07:05:08'),(2288,'crimestopper','250','view','540969','527232','',NULL,NULL,540969,'2023-06-30 07:05:22'),(2289,'crimestopper','251','view','540969','527232','',NULL,NULL,540969,'2023-06-30 07:14:04'),(2290,'missingperson','184','view','540969','527232','',NULL,NULL,540969,'2023-06-30 08:54:28'),(2291,'missingperson','184','view','540969','527232','',NULL,NULL,540969,'2023-06-30 08:54:40'),(2292,'missingperson','184','view','','527232','540969',NULL,NULL,740,'2023-06-30 08:56:20'),(2293,'missingperson','184','view','','527232','789',NULL,NULL,789,'2023-06-30 08:57:19'),(2294,'missingperson','184','view','','527232','540969',NULL,NULL,740,'2023-06-30 08:57:52'),(2295,'missingperson','184','view','','527232','540969',NULL,NULL,740,'2023-06-30 08:58:16'),(2296,'missingperson','184','view','','527232','803',NULL,NULL,803,'2023-06-30 09:03:19'),(2297,'missingperson','184','view','','527232','801',NULL,NULL,801,'2023-06-30 09:04:02'),(2298,'missingperson','184','view','540969','527232','',NULL,NULL,540969,'2023-06-30 09:04:51'),(2299,'missingperson','184','view','540969','527232','',NULL,NULL,540969,'2023-06-30 09:05:18'),(2300,'crimestopper','253','view','540969','527232','',NULL,NULL,540969,'2023-06-30 09:19:50'),(2301,'crimestopper','252','view','540969','527232','',NULL,NULL,540969,'2023-06-30 09:20:34'),(2302,'crimestopper','252','view','540969','527232','',NULL,NULL,540969,'2023-06-30 09:20:39'),(2303,'crimestopper','254','view','','527232',NULL,NULL,NULL,804,'2023-06-30 09:22:27'),(2304,'crimestopper','256','view','540969','527232','',NULL,NULL,540969,'2023-06-30 09:27:40'),(2305,'crimestopper','254','view','','527232',NULL,NULL,NULL,804,'2023-06-30 09:34:47'),(2306,'crimestopper','254','view','','527232',NULL,NULL,NULL,804,'2023-06-30 09:35:24'),(2307,'crimestopper','256','view','540969','527232','',NULL,NULL,540969,'2023-06-30 09:35:27'),(2308,'crimestopper','254','view','540969','527232','',NULL,NULL,540969,'2023-06-30 09:35:37'),(2309,'crimestopper','254','update','540969','527232','',NULL,NULL,540969,'2023-06-30 09:38:14'),(2310,'crimestopper','254','close','540969','527232','',NULL,NULL,540969,'2023-06-30 09:38:18'),(2311,'crimestopper','254','view','540969','527232','',NULL,NULL,540969,'2023-06-30 09:38:54'),(2312,'crimestopper','258','view','540969','527232','',NULL,NULL,540969,'2023-06-30 09:44:38'),(2313,'crimestopper','255','view','540969','527232','',NULL,NULL,540969,'2023-06-30 09:46:13'),(2314,'crimestopper','253','view','540969','527232','',NULL,NULL,540969,'2023-06-30 09:46:20'),(2315,'crimestopper','258','update','540969','527232','',NULL,NULL,540969,'2023-06-30 09:52:58'),(2316,'crimestopper','258','close','540969','527232','',NULL,NULL,540969,'2023-06-30 09:53:03'),(2317,'crimestopper','257','view','540969','527232','',NULL,NULL,540969,'2023-06-30 09:57:22'),(2318,'crimestopper','257','update','540969','527232','',NULL,NULL,540969,'2023-06-30 09:57:41'),(2319,'crimestopper','257','close','540969','527232','',NULL,NULL,540969,'2023-06-30 09:57:44'),(2320,'crimestopper','257','update','540969','527232','',NULL,NULL,540969,'2023-06-30 10:09:40'),(2321,'crimestopper','257','close','540969','527232','',NULL,NULL,540969,'2023-06-30 10:10:49'),(2322,'crimestopper','257','close','540969','527232','',NULL,NULL,540969,'2023-06-30 10:10:50'),(2323,'crimestopper','257','view','540969','527232','',NULL,NULL,540969,'2023-06-30 10:19:29'),(2324,'crimestopper','257','view','540969','527232','',NULL,NULL,540969,'2023-06-30 10:19:48'),(2325,'crimestopper','257','view','540969','527232','',NULL,NULL,540969,'2023-06-30 10:20:45'),(2326,'crimestopper','257','update','540969','527232','',NULL,NULL,540969,'2023-06-30 10:21:37'),(2327,'crimestopper','257','close','540969','527232','',NULL,NULL,540969,'2023-06-30 10:21:45'),(2328,'crimestopper','258','view','540969','527232','',NULL,NULL,540969,'2023-06-30 10:22:08'),(2329,'crimestopper','258','update','540969','527232','',NULL,NULL,540969,'2023-06-30 10:22:22'),(2330,'crimestopper','258','close','540969','527232','',NULL,NULL,540969,'2023-06-30 10:22:24'),(2331,'crimestopper','258','view','540969','527232','',NULL,NULL,540969,'2023-06-30 10:23:12'),(2332,'crimestopper','258','view','540969','527232','',NULL,NULL,540969,'2023-06-30 10:23:51'),(2333,'crimestopper','258','view','540969','527232','',NULL,NULL,540969,'2023-06-30 10:24:03'),(2334,'crimestopper','257','view','540969','527232','',NULL,NULL,540969,'2023-06-30 10:24:51'),(2335,'crimestopper','257','view','540969','527232','',NULL,NULL,540969,'2023-06-30 10:32:55'),(2336,'crimestopper','257','view','540969','527232','',NULL,NULL,540969,'2023-06-30 10:34:24'),(2337,'crimestopper','257','update','540969','527232','',NULL,NULL,540969,'2023-06-30 10:35:11'),(2338,'crimestopper','257','close','540969','527232','',NULL,NULL,540969,'2023-06-30 10:35:27'),(2339,'crimestopper','251','view','540969','527232','',NULL,NULL,540969,'2023-06-30 10:42:42'),(2340,'crimestopper','257','view','540969','527232','',NULL,NULL,540969,'2023-06-30 10:44:32'),(2341,'crimestopper','258','view','540969','527232','',NULL,NULL,540969,'2023-06-30 11:15:59'),(2342,'crimestopper','254','view','540969','527232','',NULL,NULL,540969,'2023-06-30 11:16:13'),(2343,'crimestopper','254','close','540969','527232','',NULL,NULL,540969,'2023-06-30 11:17:04'),(2344,'crimestopper','254','close','540969','527232','',NULL,NULL,540969,'2023-06-30 11:17:05'),(2345,'crimestopper','254','close','540969','527232','',NULL,NULL,540969,'2023-06-30 11:17:07'),(2346,'crimestopper','256','view','540969','527232','',NULL,NULL,540969,'2023-06-30 11:18:41'),(2347,'crimestopper','254','view','540969','527232','',NULL,NULL,540969,'2023-06-30 11:18:50'),(2348,'crimestopper','254','view','540969','527232','',NULL,NULL,540969,'2023-06-30 11:19:01'),(2349,'crimestopper','254','view','540969','527232','',NULL,NULL,540969,'2023-06-30 11:19:08'),(2350,'crimestopper','255','view','540969','527232','',NULL,NULL,540969,'2023-06-30 11:19:54'),(2351,'crimestopper','252','view','540969','527232','',NULL,NULL,540969,'2023-06-30 11:20:05'),(2352,'crimestopper','252','update','540969','527232','',NULL,NULL,540969,'2023-06-30 11:20:27'),(2353,'crimestopper','252','close','540969','527232','',NULL,NULL,540969,'2023-06-30 11:20:29'),(2354,'crimestopper','252','view','540969','527232','',NULL,NULL,540969,'2023-06-30 11:22:31'),(2355,'crimestopper','252','update','540969','527232','',NULL,NULL,540969,'2023-06-30 11:22:45'),(2356,'crimestopper','252','close','540969','527232','',NULL,NULL,540969,'2023-06-30 11:22:48'),(2357,'crimestopper','252','view','540969','527232','',NULL,NULL,540969,'2023-06-30 11:28:14'),(2358,'crimestopper','238','view','540969','527232','',NULL,NULL,540969,'2023-06-30 11:29:11'),(2359,'crimestopper','238','update','540969','527232','',NULL,NULL,540969,'2023-06-30 11:29:16'),(2360,'crimestopper','238','close','540969','527232','',NULL,NULL,540969,'2023-06-30 11:29:21'),(2361,'crimestopper','255','view','540969','527232','',NULL,NULL,540969,'2023-06-30 11:30:28'),(2362,'crimestopper','255','update','540969','527232','',NULL,NULL,540969,'2023-06-30 11:30:32'),(2363,'crimestopper','257','view','540969','527232','',NULL,NULL,540969,'2023-06-30 11:43:30'),(2364,'missingperson','184','view','540969','527232','',NULL,NULL,540969,'2023-06-30 11:50:32'),(2365,'crimestopper','255','close','540969','527232','',NULL,NULL,540969,'2023-06-30 11:50:35'),(2366,'crimestopper','255','view','540969','527232','',NULL,NULL,540969,'2023-06-30 11:51:29'),(2367,'missingperson','184','view','','527232','540969',NULL,NULL,740,'2023-06-30 11:53:19'),(2368,'crimestopper','257','view','540969','527232','',NULL,NULL,540969,'2023-06-30 11:55:42'),(2369,'crimestopper','257','view','540969','527232','',NULL,NULL,540969,'2023-06-30 12:09:11'),(2370,'missingperson','185','view','','527232','803',NULL,NULL,803,'2023-06-30 12:10:54'),(2371,'crimestopper','256','view','540969','527232','',NULL,NULL,540969,'2023-06-30 12:17:47'),(2372,'missingperson','185','view','','527232','803',NULL,NULL,803,'2023-06-30 12:18:08'),(2373,'crimestopper','198','view','513217','499480','',NULL,NULL,513217,'2023-06-30 12:21:07'),(2374,'missingperson','163','view','513217','499480','',NULL,NULL,513217,'2023-06-30 12:21:17'),(2375,'missingperson','184','view','540969','527232','',NULL,NULL,540969,'2023-06-30 12:22:25'),(2376,'missingperson','184','view','540969','527232','',NULL,NULL,540969,'2023-06-30 12:24:41'),(2377,'crimestopper','256','view','540969','527232','',NULL,NULL,540969,'2023-06-30 12:26:37'),(2378,'missingperson','186','view','','527232','803',NULL,NULL,803,'2023-07-03 06:48:38'),(2379,'crimestopper','260','view','540969','527232','',NULL,NULL,540969,'2023-07-03 06:59:48'),(2380,'crimestopper','256','view','540969','527232','',NULL,NULL,540969,'2023-07-03 07:00:06'),(2381,'crimestopper','256','view','540969','527232','',NULL,NULL,540969,'2023-07-03 07:00:35'),(2382,'crimestopper','256','view','540969','527232','',NULL,NULL,540969,'2023-07-03 07:12:19'),(2383,'missingperson','186','view','540969','527232','',NULL,NULL,540969,'2023-07-03 07:23:04'),(2384,'missingperson','186','update','540969','527232','',NULL,NULL,540969,'2023-07-03 07:23:19'),(2385,'missingperson','186','close','540969','527232','',NULL,NULL,540969,'2023-07-03 07:23:26'),(2386,'missingperson','186','view','540969','527232','',NULL,NULL,540969,'2023-07-03 07:23:38'),(2387,'crimestopper','261','view','540969','527232','',NULL,NULL,540969,'2023-07-03 07:23:58'),(2388,'crimestopper','261','update','540969','527232','',NULL,NULL,540969,'2023-07-03 07:24:11'),(2389,'crimestopper','261','close','540969','527232','',NULL,NULL,540969,'2023-07-03 07:24:17'),(2390,'crimestopper','261','view','540969','527232','',NULL,NULL,540969,'2023-07-03 07:24:50'),(2391,'crimestopper','262','view','540969','527232','',NULL,NULL,540969,'2023-07-03 07:25:10'),(2392,'missingperson','186','view','540969','527232','',NULL,NULL,540969,'2023-07-03 07:25:30'),(2393,'missingperson','186','view','540969','527232','',NULL,NULL,540969,'2023-07-03 07:26:10'),(2394,'missingperson','186','view','540969','527232','',NULL,NULL,540969,'2023-07-03 07:26:24'),(2395,'missingperson','186','update','540969','527232','',NULL,NULL,540969,'2023-07-03 07:26:28'),(2396,'missingperson','186','close','540969','527232','',NULL,NULL,540969,'2023-07-03 07:26:41'),(2397,'crimestopper','256','view','540969','527232','',NULL,NULL,540969,'2023-07-03 07:33:41'),(2398,'crimestopper','263','view','540969','527232','',NULL,NULL,540969,'2023-07-03 07:42:00'),(2399,'crimestopper','263','view','540969','527232','',NULL,NULL,540969,'2023-07-03 07:56:21'),(2400,'crimestopper','263','update','540969','527232','',NULL,NULL,540969,'2023-07-03 07:56:34'),(2401,'crimestopper','263','close','540969','527232','',NULL,NULL,540969,'2023-07-03 07:56:37'),(2402,'crimestopper','263','close','540969','527232','',NULL,NULL,540969,'2023-07-03 07:56:39'),(2403,'crimestopper','264','view','540969','527232','',NULL,NULL,540969,'2023-07-03 07:57:13'),(2404,'crimestopper','264','update','540969','527232','',NULL,NULL,540969,'2023-07-03 07:57:19'),(2405,'crimestopper','264','update','540969','527232','',NULL,NULL,540969,'2023-07-03 07:57:34'),(2406,'crimestopper','264','close','540969','527232','',NULL,NULL,540969,'2023-07-03 07:57:37'),(2407,'crimestopper','264','view','540969','527232','',NULL,NULL,540969,'2023-07-03 07:57:49'),(2408,'crimestopper','263','view','540969','527232','',NULL,NULL,540969,'2023-07-03 07:58:21'),(2409,'crimestopper','263','view','540969','527232','',NULL,NULL,540969,'2023-07-03 07:58:42'),(2410,'crimestopper','263','update','540969','527232','',NULL,NULL,540969,'2023-07-03 07:58:50'),(2411,'crimestopper','263','close','540969','527232','',NULL,NULL,540969,'2023-07-03 07:59:02'),(2412,'crimestopper','263','view','540969','527232','',NULL,NULL,540969,'2023-07-03 07:59:20'),(2413,'missingperson','184','view','540969','527232','',NULL,NULL,540969,'2023-07-03 09:46:56'),(2414,'missingperson','184','update','540969','527232','',NULL,NULL,540969,'2023-07-03 09:47:17'),(2415,'missingperson','184','update','540969','527232','',NULL,NULL,540969,'2023-07-03 09:47:36'),(2416,'missingperson','184','update','540969','527232','',NULL,NULL,540969,'2023-07-03 09:47:47'),(2417,'missingperson','184','close','540969','527232','',NULL,NULL,540969,'2023-07-03 09:47:50'),(2418,'missingperson','169','view','540969','527232','',NULL,NULL,540969,'2023-07-03 09:48:23'),(2419,'missingperson','169','update','540969','527232','',NULL,NULL,540969,'2023-07-03 09:48:31'),(2420,'crimestopper','265','view','','527232','789',NULL,NULL,789,'2023-07-03 09:56:30'),(2421,'missingperson','173','view','540969','527232','',NULL,NULL,540969,'2023-07-03 10:01:15'),(2422,'crimestopper','265','view','','527232','789',NULL,NULL,789,'2023-07-03 10:01:35'),(2423,'missingperson','173','view','540969','527232','',NULL,NULL,540969,'2023-07-03 10:01:38'),(2424,'missingperson','173','view','540969','527232','',NULL,NULL,540969,'2023-07-03 10:02:03'),(2425,'missingperson','182','view','540969','527232','',NULL,NULL,540969,'2023-07-03 10:14:39'),(2426,'missingperson','182','view','540969','527232','',NULL,NULL,540969,'2023-07-03 10:15:06'),(2427,'missingperson','182','close','540969','527232','',NULL,NULL,540969,'2023-07-03 10:15:44'),(2428,'missingperson','182','close','540969','527232','',NULL,NULL,540969,'2023-07-03 10:17:12'),(2429,'missingperson','182','view','540969','527232','',NULL,NULL,540969,'2023-07-03 10:18:04'),(2430,'crimestopper','260','view','540969','527232','',NULL,NULL,540969,'2023-07-03 10:24:59'),(2431,'crimestopper','260','update','540969','527232','',NULL,NULL,540969,'2023-07-03 10:25:01'),(2432,'crimestopper','267','view','540969','527232','',NULL,NULL,540969,'2023-07-03 10:40:59'),(2433,'crimestopper','267','update','540969','527232','',NULL,NULL,540969,'2023-07-03 10:41:07'),(2434,'crimestopper','267','update','540969','527232','',NULL,NULL,540969,'2023-07-03 10:41:22'),(2435,'crimestopper','267','close','540969','527232','',NULL,NULL,540969,'2023-07-03 10:41:25'),(2436,'crimestopper','266','view','540969','527232','',NULL,NULL,540969,'2023-07-03 10:41:56'),(2437,'crimestopper','266','update','540969','527232','',NULL,NULL,540969,'2023-07-03 10:42:07'),(2438,'crimestopper','266','close','540969','527232','',NULL,NULL,540969,'2023-07-03 10:42:21'),(2439,'crimestopper','256','view','540969','527232','',NULL,NULL,540969,'2023-07-03 10:43:50'),(2440,'crimestopper','260','view','540969','527232','',NULL,NULL,540969,'2023-07-03 11:25:03'),(2441,'crimestopper','253','view','540969','527232','',NULL,NULL,540969,'2023-07-03 11:25:06'),(2442,'complaints','105','view','540969','527232','',NULL,NULL,540969,'2023-07-03 15:46:15'),(2443,'complaints','105','update','540969','527232','',NULL,NULL,540969,'2023-07-03 15:47:01'),(2444,'complaints','102','view','540969','527232','',NULL,NULL,540969,'2023-07-03 15:48:32'),(2445,'complaints','102','update','540969','527232','',NULL,NULL,540969,'2023-07-03 15:48:36'),(2446,'complaints','102','close','540969','527232','',NULL,NULL,540969,'2023-07-03 15:48:42'),(2447,'complaints','99','view','540969','527232','',NULL,NULL,540969,'2023-07-03 15:49:28'),(2448,'complaints','99','update','540969','527232','',NULL,NULL,540969,'2023-07-03 15:49:43'),(2449,'complaints','105','view','541089','527232','',NULL,NULL,541089,'2023-07-03 15:51:32'),(2450,'complaints','67','view','541089','527232','',NULL,NULL,541089,'2023-07-03 15:51:53'),(2451,'complaints','98','view','540969','527232','',NULL,NULL,540969,'2023-07-03 15:53:58'),(2452,'complaints','98','update','540969','527232','',NULL,NULL,540969,'2023-07-03 15:54:02'),(2453,'complaints','103','view','540969','527232','',NULL,NULL,540969,'2023-07-03 15:56:58'),(2454,'openrecord','7','view','540969','527232','',NULL,NULL,540969,'2023-07-03 16:06:21'),(2455,'openrecord','7','update','540969','','',NULL,NULL,540969,'2023-07-03 16:06:53'),(2456,'openrecord','7','view','540969','527232','',NULL,NULL,540969,'2023-07-03 16:06:53'),(2457,'openrecord','6','view','540969','527232','',NULL,NULL,540969,'2023-07-03 16:07:03'),(2458,'missingperson','187','view','','527232','789',NULL,NULL,789,'2023-07-05 07:55:56'),(2459,'missingperson','188','view','','527232','789',NULL,NULL,789,'2023-07-05 08:13:11'),(2460,'crimestopper','268','view','540969','527232','',NULL,NULL,540969,'2023-07-05 08:50:35'),(2461,'crimestopper','268','view','540969','527232','',NULL,NULL,540969,'2023-07-05 09:07:45'),(2462,'crimestopper','268','view','540969','527232','',NULL,NULL,540969,'2023-07-05 09:08:24'),(2463,'crimestopper','268','update','540969','527232','',NULL,NULL,540969,'2023-07-05 09:12:40'),(2464,'crimestopper','268','close','540969','527232','',NULL,NULL,540969,'2023-07-05 09:12:44'),(2465,'crimestopper','268','view','540969','527232','',NULL,NULL,540969,'2023-07-05 09:15:03'),(2466,'crimestopper','268','update','540969','527232','',NULL,NULL,540969,'2023-07-05 09:15:17'),(2467,'crimestopper','268','close','540969','527232','',NULL,NULL,540969,'2023-07-05 09:15:23'),(2468,'crimestopper','268','update','540969','527232','',NULL,NULL,540969,'2023-07-05 09:16:56'),(2469,'crimestopper','268','close','540969','527232','',NULL,NULL,540969,'2023-07-05 09:16:59'),(2470,'crimestopper','268','view','540969','527232','',NULL,NULL,540969,'2023-07-05 09:17:23'),(2471,'crimestopper','268','view','540969','527232','',NULL,NULL,540969,'2023-07-05 09:17:29'),(2472,'crimestopper','268','view','540969','527232','',NULL,NULL,540969,'2023-07-05 09:17:35'),(2473,'missingperson','188','view','540969','527232','',NULL,NULL,540969,'2023-07-05 09:18:29'),(2474,'missingperson','188','update','540969','527232','',NULL,NULL,540969,'2023-07-05 09:18:59'),(2475,'missingperson','188','close','540969','527232','',NULL,NULL,540969,'2023-07-05 09:19:18'),(2476,'missingperson','188','update','540969','527232','',NULL,NULL,540969,'2023-07-05 09:20:12'),(2477,'missingperson','188','update','540969','527232','',NULL,NULL,540969,'2023-07-05 09:20:27'),(2478,'missingperson','188','close','540969','527232','',NULL,NULL,540969,'2023-07-05 09:20:50'),(2479,'missingperson','188','view','540969','527232','',NULL,NULL,540969,'2023-07-05 09:48:06'),(2480,'crimestopper','269','view','','527232','803',NULL,NULL,803,'2023-07-05 11:36:23'),(2481,'crimestopper','253','view','540969','527232','',NULL,NULL,540969,'2023-07-05 11:36:50'),(2482,'crimestopper','253','update','540969','527232','',NULL,NULL,540969,'2023-07-05 11:37:43'),(2483,'crimestopper','253','close','540969','527232','',NULL,NULL,540969,'2023-07-05 11:37:47'),(2484,'crimestopper','256','view','540969','527232','',NULL,NULL,540969,'2023-07-05 11:49:24'),(2485,'crimestopper','256','update','540969','527232','',NULL,NULL,540969,'2023-07-05 11:49:31'),(2486,'crimestopper','256','close','540969','527232','',NULL,NULL,540969,'2023-07-05 11:49:39'),(2487,'crimestopper','253','view','540969','527232','',NULL,NULL,540969,'2023-07-05 11:53:22'),(2488,'crimestopper','253','update','540969','527232','',NULL,NULL,540969,'2023-07-05 11:53:35'),(2489,'crimestopper','253','close','540969','527232','',NULL,NULL,540969,'2023-07-05 11:53:39'),(2490,'crimestopper','251','view','540969','527232','',NULL,NULL,540969,'2023-07-05 12:07:08'),(2491,'crimestopper','251','view','540969','527232','',NULL,NULL,540969,'2023-07-05 12:08:23'),(2492,'crimestopper','251','view','540969','527232','',NULL,NULL,540969,'2023-07-05 12:09:39'),(2493,'crimestopper','251','view','540969','527232','',NULL,NULL,540969,'2023-07-05 12:10:02'),(2494,'crimestopper','251','view','540969','527232','',NULL,NULL,540969,'2023-07-05 12:10:04'),(2495,'crimestopper','251','view','540969','527232','',NULL,NULL,540969,'2023-07-05 12:10:06'),(2496,'crimestopper','251','view','540969','527232','',NULL,NULL,540969,'2023-07-05 12:10:09'),(2497,'crimestopper','251','view','540969','527232','',NULL,NULL,540969,'2023-07-05 12:10:13'),(2498,'crimestopper','251','view','540969','527232','',NULL,NULL,540969,'2023-07-05 12:10:15'),(2499,'crimestopper','251','view','540969','527232','',NULL,NULL,540969,'2023-07-05 12:10:18'),(2500,'crimestopper','251','view','540969','527232','',NULL,NULL,540969,'2023-07-05 12:10:21'),(2501,'crimestopper','251','view','540969','527232','',NULL,NULL,540969,'2023-07-05 12:10:29'),(2502,'crimestopper','251','view','540969','527232','',NULL,NULL,540969,'2023-07-05 12:12:09'),(2503,'crimestopper','251','view','540969','527232','',NULL,NULL,540969,'2023-07-05 12:12:12'),(2504,'crimestopper','251','view','540969','527232','',NULL,NULL,540969,'2023-07-05 12:12:14'),(2505,'crimestopper','251','view','540969','527232','',NULL,NULL,540969,'2023-07-05 12:12:18'),(2506,'crimestopper','251','view','540969','527232','',NULL,NULL,540969,'2023-07-05 12:12:19'),(2507,'crimestopper','251','view','540969','527232','',NULL,NULL,540969,'2023-07-05 12:12:28'),(2508,'crimestopper','251','view','540969','527232','',NULL,NULL,540969,'2023-07-05 12:12:28'),(2509,'crimestopper','251','view','540969','527232','',NULL,NULL,540969,'2023-07-05 12:12:29'),(2510,'crimestopper','251','view','540969','527232','',NULL,NULL,540969,'2023-07-05 12:12:32'),(2511,'crimestopper','251','update','540969','527232','',NULL,NULL,540969,'2023-07-05 12:12:51'),(2512,'crimestopper','251','view','540969','527232','',NULL,NULL,540969,'2023-07-05 12:43:15'),(2513,'crimestopper','248','view','540969','527232','',NULL,NULL,540969,'2023-07-05 12:44:02'),(2514,'crimestopper','251','view','540969','527232','',NULL,NULL,540969,'2023-07-05 12:44:16'),(2515,'crimestopper','251','update','540969','527232','',NULL,NULL,540969,'2023-07-05 12:44:24'),(2516,'crimestopper','248','view','540969','527232','',NULL,NULL,540969,'2023-07-05 12:44:34'),(2517,'crimestopper','248','update','540969','527232','',NULL,NULL,540969,'2023-07-05 12:44:39'),(2518,'crimestopper','248','close','540969','527232','',NULL,NULL,540969,'2023-07-05 12:45:12'),(2519,'crimestopper','248','view','540969','527232','',NULL,NULL,540969,'2023-07-05 12:47:23'),(2520,'crimestopper','251','view','540969','527232','',NULL,NULL,540969,'2023-07-05 12:48:46'),(2521,'crimestopper','248','view','540969','527232','',NULL,NULL,540969,'2023-07-05 12:49:57'),(2522,'crimestopper','235','view','540969','527232','',NULL,NULL,540969,'2023-07-05 12:52:17'),(2523,'crimestopper','235','update','540969','527232','',NULL,NULL,540969,'2023-07-05 12:52:23'),(2524,'crimestopper','235','close','540969','527232','',NULL,NULL,540969,'2023-07-05 12:52:28'),(2525,'crimestopper','235','view','540969','527232','',NULL,NULL,540969,'2023-07-05 12:54:08'),(2526,'crimestopper','235','update','540969','527232','',NULL,NULL,540969,'2023-07-05 12:54:14'),(2527,'crimestopper','235','close','540969','527232','',NULL,NULL,540969,'2023-07-05 12:54:18'),(2528,'crimestopper','235','view','540969','527232','',NULL,NULL,540969,'2023-07-05 12:57:57'),(2529,'crimestopper','229','view','540969','527232','',NULL,NULL,540969,'2023-07-05 13:00:03'),(2530,'crimestopper','229','update','540969','527232','',NULL,NULL,540969,'2023-07-05 13:00:09'),(2531,'crimestopper','229','close','540969','527232','',NULL,NULL,540969,'2023-07-05 13:00:13'),(2532,'crimestopper','229','close','540969','527232','',NULL,NULL,540969,'2023-07-05 13:00:15'),(2533,'missingperson','189','view','','527232','805',NULL,NULL,805,'2023-07-05 13:00:18'),(2534,'crimestopper','269','view','540969','527232','',NULL,NULL,540969,'2023-07-05 13:00:46'),(2535,'crimestopper','271','view','540969','527232','',NULL,NULL,540969,'2023-07-05 13:08:01'),(2536,'crimestopper','271','update','540969','527232','',NULL,NULL,540969,'2023-07-05 13:08:29'),(2537,'crimestopper','271','close','540969','527232','',NULL,NULL,540969,'2023-07-05 13:08:37'),(2538,'crimestopper','269','view','540969','527232','',NULL,NULL,540969,'2023-07-05 13:10:43'),(2539,'crimestopper','270','view','540969','527232','',NULL,NULL,540969,'2023-07-05 13:11:00'),(2540,'crimestopper','270','update','540969','527232','',NULL,NULL,540969,'2023-07-05 13:11:13'),(2541,'crimestopper','270','update','540969','527232','',NULL,NULL,540969,'2023-07-05 13:11:29'),(2542,'crimestopper','270','close','540969','527232','',NULL,NULL,540969,'2023-07-05 13:11:36'),(2543,'crimestopper','270','view','540969','527232','',NULL,NULL,540969,'2023-07-05 13:12:06'),(2544,'crimestopper','269','view','540969','527232','',NULL,NULL,540969,'2023-07-05 13:12:17'),(2545,'crimestopper','269','view','540969','527232','',NULL,NULL,540969,'2023-07-05 13:17:36'),(2546,'crimestopper','269','view','540969','527232','',NULL,NULL,540969,'2023-07-05 13:20:48'),(2547,'crimestopper','239','view','540969','527232','',NULL,NULL,540969,'2023-07-05 13:29:05'),(2548,'crimestopper','239','update','540969','527232','',NULL,NULL,540969,'2023-07-05 13:29:11'),(2549,'crimestopper','239','close','540969','527232','',NULL,NULL,540969,'2023-07-05 13:29:15'),(2550,'crimestopper','239','view','540969','527232','',NULL,NULL,540969,'2023-07-05 13:33:37'),(2551,'crimestopper','239','view','540969','527232','',NULL,NULL,540969,'2023-07-05 13:35:24'),(2552,'missingperson','190','view','','499480','743',NULL,NULL,743,'2023-07-05 14:05:18'),(2553,'missingperson','190','view','','499480','743',NULL,NULL,743,'2023-07-05 14:07:09'),(2554,'missingperson','186','view','','527232','803',NULL,NULL,803,'2023-07-05 14:07:51'),(2555,'missingperson','190','view','','499480','743',NULL,NULL,743,'2023-07-05 14:07:53'),(2556,'missingperson','190','view','','499480','743',NULL,NULL,743,'2023-07-05 14:08:15'),(2557,'missingperson','190','view','','499480','743',NULL,NULL,743,'2023-07-05 14:13:20'),(2558,'missingperson','190','view','','499480','743',NULL,NULL,743,'2023-07-05 14:15:02'),(2559,'missingperson','190','view','513217','499480','',NULL,NULL,513217,'2023-07-05 14:18:30'),(2560,'missingperson','190','view','513217','499480','',NULL,NULL,513217,'2023-07-05 14:18:49'),(2561,'missingperson','190','update','513217','499480','',NULL,NULL,513217,'2023-07-05 14:18:56'),(2562,'missingperson','190','view','513217','499480','',NULL,NULL,513217,'2023-07-05 14:19:52'),(2563,'missingperson','189','view','540969','527232','',NULL,NULL,540969,'2023-07-05 14:39:04'),(2564,'missingperson','189','view','540969','527232','',NULL,NULL,540969,'2023-07-05 14:40:26'),(2565,'missingperson','189','view','540969','527232','',NULL,NULL,540969,'2023-07-05 14:41:19'),(2566,'missingperson','189','update','540969','527232','',NULL,NULL,540969,'2023-07-05 14:41:41'),(2567,'missingperson','189','update','540969','527232','',NULL,NULL,540969,'2023-07-05 14:41:45'),(2568,'missingperson','174','view','540969','527232','',NULL,NULL,540969,'2023-07-05 14:42:10'),(2569,'missingperson','174','view','540969','527232','',NULL,NULL,540969,'2023-07-05 15:07:07'),(2570,'missingperson','167','view','540969','527232','',NULL,NULL,540969,'2023-07-05 15:07:16'),(2571,'missingperson','191','view','','490214','789',NULL,NULL,789,'2023-07-06 07:22:01'),(2572,'crimestopper','273','view','540969','527232','',NULL,NULL,540969,'2023-07-06 08:50:42'),(2573,'missingperson','192','view','','490214','806',NULL,NULL,806,'2023-07-06 09:01:10'),(2574,'crimestopper','275','view','503951','490214','',NULL,NULL,503951,'2023-07-06 09:26:33'),(2575,'crimestopper','275','update','503951','490214','',NULL,NULL,503951,'2023-07-06 09:26:52'),(2576,'crimestopper','275','view','503951','490214','',NULL,NULL,503951,'2023-07-06 09:27:30'),(2577,'missingperson','192','view','503951','490214','',NULL,NULL,503951,'2023-07-06 09:28:39'),(2578,'missingperson','192','view','503951','490214','',NULL,NULL,503951,'2023-07-06 09:28:57'),(2579,'missingperson','192','view','503951','490214','',NULL,NULL,503951,'2023-07-06 09:29:16'),(2580,'missingperson','192','view','503951','490214','',NULL,NULL,503951,'2023-07-06 09:29:41'),(2581,'missingperson','192','update','503951','490214','',NULL,NULL,503951,'2023-07-06 09:30:00'),(2582,'missingperson','192','close','503951','490214','',NULL,NULL,503951,'2023-07-06 09:30:17'),(2583,'missingperson','192','view','503951','490214','',NULL,NULL,503951,'2023-07-06 09:31:10'),(2584,'missingperson','192','view','503951','490214','',NULL,NULL,503951,'2023-07-06 09:31:47'),(2585,'missingperson','192','view','503951','490214','',NULL,NULL,503951,'2023-07-06 09:32:18'),(2586,'crimestopper','274','view','503951','490214','',NULL,NULL,503951,'2023-07-06 09:32:44'),(2587,'crimestopper','275','view','503951','490214','',NULL,NULL,503951,'2023-07-06 09:32:48'),(2588,'missingperson','192','update','503951','490214','',NULL,NULL,503951,'2023-07-06 09:33:36'),(2589,'missingperson','192','close','503951','490214','',NULL,NULL,503951,'2023-07-06 09:33:59'),(2590,'crimestopper','276','view','503951','490214','',NULL,NULL,503951,'2023-07-06 09:44:50'),(2591,'crimestopper','276','view','503951','490214','',NULL,NULL,503951,'2023-07-06 09:45:00'),(2592,'crimestopper','276','update','503951','490214','',NULL,NULL,503951,'2023-07-06 09:48:35'),(2593,'crimestopper','276','close','503951','490214','',NULL,NULL,503951,'2023-07-06 09:48:39'),(2594,'crimestopper','278','view','503951','490214','',NULL,NULL,503951,'2023-07-06 09:52:03'),(2595,'crimestopper','278','update','503951','490214','',NULL,NULL,503951,'2023-07-06 09:52:09'),(2596,'crimestopper','278','update','503951','490214','',NULL,NULL,503951,'2023-07-06 09:52:15'),(2597,'crimestopper','278','close','503951','490214','',NULL,NULL,503951,'2023-07-06 09:52:26'),(2598,'crimestopper','276','view','503951','490214','',NULL,NULL,503951,'2023-07-06 09:52:54'),(2599,'crimestopper','276','update','503951','490214','',NULL,NULL,503951,'2023-07-06 09:53:04'),(2600,'crimestopper','276','close','503951','490214','',NULL,NULL,503951,'2023-07-06 09:53:26'),(2601,'crimestopper','276','view','503951','490214','',NULL,NULL,503951,'2023-07-06 09:54:07'),(2602,'crimestopper','276','view','503951','490214','',NULL,NULL,503951,'2023-07-06 09:56:50'),(2603,'crimestopper','276','update','503951','490214','',NULL,NULL,503951,'2023-07-06 09:57:03'),(2604,'crimestopper','276','close','503951','490214','',NULL,NULL,503951,'2023-07-06 09:57:25'),(2605,'crimestopper','276','view','503951','490214','',NULL,NULL,503951,'2023-07-06 09:58:28'),(2606,'crimestopper','276','close','503951','490214','',NULL,NULL,503951,'2023-07-06 09:58:38'),(2607,'crimestopper','276','view','503951','490214','',NULL,NULL,503951,'2023-07-06 10:01:24'),(2608,'crimestopper','276','view','503951','490214','',NULL,NULL,503951,'2023-07-06 10:02:10'),(2609,'crimestopper','276','update','503951','490214','',NULL,NULL,503951,'2023-07-06 10:02:17'),(2610,'crimestopper','276','close','503951','490214','',NULL,NULL,503951,'2023-07-06 10:02:34'),(2611,'crimestopper','276','view','503951','490214','',NULL,NULL,503951,'2023-07-06 10:04:21'),(2612,'crimestopper','276','update','503951','490214','',NULL,NULL,503951,'2023-07-06 10:04:30'),(2613,'crimestopper','276','view','503951','490214','',NULL,NULL,503951,'2023-07-06 10:05:16'),(2614,'crimestopper','276','update','503951','490214','',NULL,NULL,503951,'2023-07-06 10:05:27'),(2615,'crimestopper','276','close','503951','490214','',NULL,NULL,503951,'2023-07-06 10:05:32'),(2616,'crimestopper','276','view','503951','490214','',NULL,NULL,503951,'2023-07-06 10:06:49'),(2617,'crimestopper','276','view','503951','490214','',NULL,NULL,503951,'2023-07-06 10:07:34'),(2618,'crimestopper','276','update','503951','490214','',NULL,NULL,503951,'2023-07-06 10:07:41'),(2619,'crimestopper','276','view','503951','490214','',NULL,NULL,503951,'2023-07-06 10:08:05'),(2620,'crimestopper','276','close','503951','490214','',NULL,NULL,503951,'2023-07-06 10:08:13'),(2621,'crimestopper','276','view','503951','490214','',NULL,NULL,503951,'2023-07-06 10:09:39'),(2622,'crimestopper','276','close','503951','490214','',NULL,NULL,503951,'2023-07-06 10:09:49'),(2623,'crimestopper','276','view','503951','490214','',NULL,NULL,503951,'2023-07-06 10:15:11'),(2624,'crimestopper','276','update','503951','490214','',NULL,NULL,503951,'2023-07-06 10:15:52'),(2625,'crimestopper','276','view','503951','490214','',NULL,NULL,503951,'2023-07-06 10:16:09'),(2626,'crimestopper','276','close','503951','490214','',NULL,NULL,503951,'2023-07-06 10:16:20'),(2627,'missingperson','193','view','','490214','803',NULL,NULL,803,'2023-07-06 10:21:30'),(2628,'missingperson','193','view','503951','490214','',NULL,NULL,503951,'2023-07-06 10:24:31'),(2629,'missingperson','193','view','503951','490214','',NULL,NULL,503951,'2023-07-06 10:24:55'),(2630,'missingperson','193','view','503951','490214','',NULL,NULL,503951,'2023-07-06 10:26:01'),(2631,'missingperson','193','update','503951','490214','',NULL,NULL,503951,'2023-07-06 10:27:07'),(2632,'missingperson','193','close','503951','490214','',NULL,NULL,503951,'2023-07-06 10:27:27'),(2633,'crimestopper','273','view','540969','527232','',NULL,NULL,540969,'2023-07-06 10:29:57'),(2634,'crimestopper','271','view','540969','527232','',NULL,NULL,540969,'2023-07-06 10:30:56'),(2635,'crimestopper','271','view','540969','527232','',NULL,NULL,540969,'2023-07-06 10:31:46'),(2636,'crimestopper','271','view','540969','527232','',NULL,NULL,540969,'2023-07-06 10:31:50'),(2637,'crimestopper','276','view','503951','490214','',NULL,NULL,503951,'2023-07-06 11:08:19'),(2638,'crimestopper','276','update','503951','490214','',NULL,NULL,503951,'2023-07-06 11:15:09'),(2639,'crimestopper','276','view','503951','490214','',NULL,NULL,503951,'2023-07-06 11:15:34'),(2640,'crimestopper','276','view','503951','490214','',NULL,NULL,503951,'2023-07-06 11:16:25'),(2641,'crimestopper','276','view','503951','490214','',NULL,NULL,503951,'2023-07-06 11:18:45'),(2642,'crimestopper','276','view','503951','490214','',NULL,NULL,503951,'2023-07-06 11:20:05'),(2643,'crimestopper','276','close','503951','490214','',NULL,NULL,503951,'2023-07-06 11:20:17'),(2644,'missingperson','194','view','','490214','806',NULL,NULL,806,'2023-07-06 11:23:26'),(2645,'missingperson','194','view','503951','490214','',NULL,NULL,503951,'2023-07-06 11:27:59'),(2646,'missingperson','194','update','503951','490214','',NULL,NULL,503951,'2023-07-06 11:28:08'),(2647,'missingperson','194','close','503951','490214','',NULL,NULL,503951,'2023-07-06 11:28:11'),(2648,'missingperson','194','view','503951','490214','',NULL,NULL,503951,'2023-07-06 11:28:23'),(2649,'missingperson','195','view','','490214','807',NULL,NULL,807,'2023-07-06 12:59:14'),(2650,'missingperson','195','view','','490214','807',NULL,NULL,807,'2023-07-06 12:59:47'),(2651,'missingperson','195','view','','490214','807',NULL,NULL,807,'2023-07-06 13:00:00'),(2652,'missingperson','195','view','','490214','803',NULL,NULL,803,'2023-07-06 13:00:40'),(2653,'missingperson','195','view','','490214','806',NULL,NULL,806,'2023-07-06 13:01:21'),(2654,'missingperson','195','view','503951','490214','',NULL,NULL,503951,'2023-07-06 13:05:18'),(2655,'missingperson','195','view','503951','490214','',NULL,NULL,503951,'2023-07-06 13:07:09'),(2656,'missingperson','195','update','503951','490214','',NULL,NULL,503951,'2023-07-06 13:07:22'),(2657,'missingperson','195','close','503951','490214','',NULL,NULL,503951,'2023-07-06 13:07:57'),(2658,'crimestopper','281','view','503951','490214','',NULL,NULL,503951,'2023-07-06 13:08:16'),(2659,'crimestopper','281','view','503951','490214','',NULL,NULL,503951,'2023-07-06 13:09:07'),(2660,'crimestopper','281','update','503951','490214','',NULL,NULL,503951,'2023-07-06 13:09:38'),(2661,'crimestopper','281','close','503951','490214','',NULL,NULL,503951,'2023-07-06 13:10:01'),(2662,'crimestopper','281','view','503951','490214','',NULL,NULL,503951,'2023-07-06 13:16:20'),(2663,'missingperson','195','view','503951','490214','',NULL,NULL,503951,'2023-07-06 13:16:42'),(2664,'missingperson','195','update','503951','490214','',NULL,NULL,503951,'2023-07-06 13:16:48'),(2665,'missingperson','195','close','503951','490214','',NULL,NULL,503951,'2023-07-06 13:17:04'),(2666,'missingperson','195','view','','490214','803',NULL,NULL,803,'2023-07-06 13:22:16'),(2667,'missingperson','195','view','','490214','806',NULL,NULL,806,'2023-07-06 13:23:34'),(2668,'missingperson','195','view','','490214','806',NULL,NULL,806,'2023-07-06 13:24:09'),(2669,'crimestopper','284','view','503951','490214','',NULL,NULL,503951,'2023-07-06 13:32:02'),(2670,'crimestopper','284','view','503951','490214','',NULL,NULL,503951,'2023-07-06 13:33:27'),(2671,'crimestopper','284','view','503951','490214','',NULL,NULL,503951,'2023-07-06 13:34:20'),(2672,'crimestopper','283','view','503951','490214','',NULL,NULL,503951,'2023-07-06 13:34:54'),(2673,'crimestopper','284','view','503951','490214','',NULL,NULL,503951,'2023-07-06 13:39:23'),(2674,'crimestopper','284','view','503951','490214','',NULL,NULL,503951,'2023-07-06 13:40:08'),(2675,'crimestopper','283','view','503951','490214','',NULL,NULL,503951,'2023-07-06 13:40:29'),(2676,'crimestopper','283','view','503951','490214','',NULL,NULL,503951,'2023-07-06 13:40:45'),(2677,'crimestopper','283','update','503951','490214','',NULL,NULL,503951,'2023-07-06 13:40:55'),(2678,'missingperson','190','view','','499480','743',NULL,NULL,743,'2023-07-06 14:04:00'),(2679,'missingperson','190','view','','499480','743',NULL,NULL,743,'2023-07-06 14:04:38'),(2680,'missingperson','190','view','513217','499480','',NULL,NULL,513217,'2023-07-06 14:06:33'),(2681,'missingperson','190','view','513217','499480','',NULL,NULL,513217,'2023-07-06 14:06:51'),(2682,'missingperson','190','view','','499480','743',NULL,NULL,743,'2023-07-06 14:08:01'),(2683,'crimestopper','272','view','','499480','743',NULL,NULL,743,'2023-07-06 14:08:15'),(2684,'crimestopper','272','view','','499480','743',NULL,NULL,743,'2023-07-06 14:13:04'),(2685,'missingperson','190','view','513217','499480','',NULL,NULL,513217,'2023-07-06 14:13:30'),(2686,'crimestopper','272','view','513217','499480','',NULL,NULL,513217,'2023-07-06 14:14:07'),(2687,'missingperson','190','view','513217','499480','',NULL,NULL,513217,'2023-07-06 14:16:09'),(2688,'missingperson','190','close','513217','499480','',NULL,NULL,513217,'2023-07-06 14:16:21'),(2689,'missingperson','163','view','513217','499480','',NULL,NULL,513217,'2023-07-06 14:17:02'),(2690,'missingperson','163','view','513217','499480','',NULL,NULL,513217,'2023-07-06 14:18:28'),(2691,'missingperson','163','view','513217','499480','',NULL,NULL,513217,'2023-07-06 14:22:17'),(2692,'missingperson','163','view','513217','499480','',NULL,NULL,513217,'2023-07-06 14:24:28'),(2693,'missingperson','163','view','513217','499480','',NULL,NULL,513217,'2023-07-06 14:25:12'),(2694,'missingperson','163','update','513217','499480','',NULL,NULL,513217,'2023-07-06 14:25:16'),(2695,'missingperson','163','view','513217','499480','',NULL,NULL,513217,'2023-07-06 14:26:10'),(2696,'missingperson','155','view','513217','499480','',NULL,NULL,513217,'2023-07-06 14:28:39'),(2697,'missingperson','155','update','513217','499480','',NULL,NULL,513217,'2023-07-06 14:28:46'),(2698,'missingperson','155','view','513217','499480','',NULL,NULL,513217,'2023-07-06 14:29:27'),(2699,'missingperson','175','view','513217','499480','',NULL,NULL,513217,'2023-07-06 14:34:13'),(2700,'missingperson','175','view','513217','499480','',NULL,NULL,513217,'2023-07-06 14:35:55'),(2701,'crimestopper','285','view','513217','499480','',NULL,NULL,513217,'2023-07-06 14:39:40'),(2702,'crimestopper','285','view','513217','499480','',NULL,NULL,513217,'2023-07-06 14:41:42'),(2703,'crimestopper','285','view','513217','499480','',NULL,NULL,513217,'2023-07-06 14:42:02'),(2704,'crimestopper','285','view','513217','499480','',NULL,NULL,513217,'2023-07-06 14:43:59'),(2705,'crimestopper','285','view','513217','499480','',NULL,NULL,513217,'2023-07-06 14:44:45'),(2706,'crimestopper','98','view','513217','499480','',NULL,NULL,513217,'2023-07-06 14:44:54'),(2707,'crimestopper','98','update','513217','499480','',NULL,NULL,513217,'2023-07-06 14:45:23'),(2708,'crimestopper','98','view','513217','499480','',NULL,NULL,513217,'2023-07-06 14:45:31'),(2709,'crimestopper','98','update','513217','499480','',NULL,NULL,513217,'2023-07-06 14:45:44'),(2710,'crimestopper','98','close','513217','499480','',NULL,NULL,513217,'2023-07-06 14:45:56'),(2711,'crimestopper','98','view','513217','499480','',NULL,NULL,513217,'2023-07-06 14:46:11'),(2712,'crimestopper','98','view','513217','499480','',NULL,NULL,513217,'2023-07-06 14:47:14'),(2713,'crimestopper','285','view','513217','499480','',NULL,NULL,513217,'2023-07-06 14:49:21'),(2714,'crimestopper','280','view','503951','490214','',NULL,NULL,503951,'2023-07-10 09:29:18'),(2715,'crimestopper','280','update','503951','490214','',NULL,NULL,503951,'2023-07-10 09:29:35'),(2716,'crimestopper','280','close','503951','490214','',NULL,NULL,503951,'2023-07-10 09:29:38'),(2717,'crimestopper','280','close','503951','490214','',NULL,NULL,503951,'2023-07-10 09:29:40'),(2718,'crimestopper','280','close','503951','490214','',NULL,NULL,503951,'2023-07-10 09:29:41'),(2719,'crimestopper','280','close','503951','490214','',NULL,NULL,503951,'2023-07-10 09:39:02'),(2720,'crimestopper','280','close','503951','490214','',NULL,NULL,503951,'2023-07-10 09:39:03'),(2721,'crimestopper','280','close','503951','490214','',NULL,NULL,503951,'2023-07-10 09:39:04'),(2722,'crimestopper','280','view','503951','490214','',NULL,NULL,503951,'2023-07-10 09:39:29'),(2723,'crimestopper','280','update','503951','490214','',NULL,NULL,503951,'2023-07-10 09:39:33'),(2724,'crimestopper','280','close','503951','490214','',NULL,NULL,503951,'2023-07-10 09:39:36'),(2725,'crimestopper','280','close','503951','490214','',NULL,NULL,503951,'2023-07-10 09:39:37'),(2726,'crimestopper','280','close','503951','490214','',NULL,NULL,503951,'2023-07-10 09:39:39'),(2727,'crimestopper','280','close','503951','490214','',NULL,NULL,503951,'2023-07-10 09:39:40'),(2728,'crimestopper','280','close','503951','490214','',NULL,NULL,503951,'2023-07-10 09:43:00'),(2729,'crimestopper','280','view','503951','490214','',NULL,NULL,503951,'2023-07-10 09:43:12'),(2730,'crimestopper','280','update','503951','490214','',NULL,NULL,503951,'2023-07-10 09:43:45'),(2731,'crimestopper','280','close','503951','490214','',NULL,NULL,503951,'2023-07-10 09:43:53'),(2732,'crimestopper','280','close','503951','490214','',NULL,NULL,503951,'2023-07-10 09:45:08'),(2733,'crimestopper','280','close','503951','490214','',NULL,NULL,503951,'2023-07-10 09:45:09'),(2734,'crimestopper','280','close','503951','490214','',NULL,NULL,503951,'2023-07-10 09:47:16'),(2735,'crimestopper','280','close','503951','490214','',NULL,NULL,503951,'2023-07-10 09:47:17'),(2736,'crimestopper','280','close','503951','490214','',NULL,NULL,503951,'2023-07-10 09:47:18'),(2737,'crimestopper','280','close','503951','490214','',NULL,NULL,503951,'2023-07-10 09:47:34'),(2738,'crimestopper','280','close','503951','490214','',NULL,NULL,503951,'2023-07-10 09:47:35'),(2739,'crimestopper','280','view','503951','490214','',NULL,NULL,503951,'2023-07-10 09:47:58'),(2740,'crimestopper','280','update','503951','490214','',NULL,NULL,503951,'2023-07-10 09:48:10'),(2741,'crimestopper','280','close','503951','490214','',NULL,NULL,503951,'2023-07-10 09:48:14'),(2742,'crimestopper','280','close','503951','490214','',NULL,NULL,503951,'2023-07-10 09:48:16'),(2743,'crimestopper','280','close','503951','490214','',NULL,NULL,503951,'2023-07-10 09:48:17'),(2744,'crimestopper','280','close','503951','490214','',NULL,NULL,503951,'2023-07-10 09:52:57'),(2745,'crimestopper','280','close','503951','490214','',NULL,NULL,503951,'2023-07-10 09:52:58'),(2746,'crimestopper','280','view','503951','490214','',NULL,NULL,503951,'2023-07-10 09:53:08'),(2747,'crimestopper','280','update','503951','490214','',NULL,NULL,503951,'2023-07-10 09:53:11'),(2748,'crimestopper','280','close','503951','490214','',NULL,NULL,503951,'2023-07-10 09:53:14'),(2749,'crimestopper','280','close','503951','490214','',NULL,NULL,503951,'2023-07-10 09:53:16'),(2750,'crimestopper','280','view','503951','490214','',NULL,NULL,503951,'2023-07-10 09:57:23'),(2751,'crimestopper','280','update','503951','490214','',NULL,NULL,503951,'2023-07-10 09:57:49'),(2752,'crimestopper','280','close','503951','490214','',NULL,NULL,503951,'2023-07-10 09:57:53'),(2753,'crimestopper','280','close','503951','490214','',NULL,NULL,503951,'2023-07-10 09:58:02'),(2754,'crimestopper','280','close','503951','490214','',NULL,NULL,503951,'2023-07-10 10:00:00'),(2755,'crimestopper','280','close','503951','490214','',NULL,NULL,503951,'2023-07-10 10:00:03'),(2756,'crimestopper','280','close','503951','490214','',NULL,NULL,503951,'2023-07-10 10:00:52'),(2757,'crimestopper','280','close','503951','490214','',NULL,NULL,503951,'2023-07-10 10:00:53'),(2758,'crimestopper','280','close','503951','490214','',NULL,NULL,503951,'2023-07-10 10:00:55'),(2759,'crimestopper','280','close','503951','490214','',NULL,NULL,503951,'2023-07-10 10:01:47'),(2760,'crimestopper','280','close','503951','490214','',NULL,NULL,503951,'2023-07-10 10:01:48'),(2761,'crimestopper','280','close','503951','490214','',NULL,NULL,503951,'2023-07-10 10:01:50'),(2762,'crimestopper','280','close','503951','490214','',NULL,NULL,503951,'2023-07-10 10:05:52'),(2763,'crimestopper','280','close','503951','490214','',NULL,NULL,503951,'2023-07-10 10:05:53'),(2764,'crimestopper','280','close','503951','490214','',NULL,NULL,503951,'2023-07-10 10:05:55'),(2765,'crimestopper','280','close','503951','490214','',NULL,NULL,503951,'2023-07-10 10:06:39'),(2766,'crimestopper','280','close','503951','490214','',NULL,NULL,503951,'2023-07-10 10:06:41'),(2767,'crimestopper','280','close','503951','490214','',NULL,NULL,503951,'2023-07-10 10:06:44'),(2768,'crimestopper','280','close','503951','490214','',NULL,NULL,503951,'2023-07-10 10:06:46'),(2769,'crimestopper','280','close','503951','490214','',NULL,NULL,503951,'2023-07-10 10:07:53'),(2770,'crimestopper','280','close','503951','490214','',NULL,NULL,503951,'2023-07-10 10:07:54'),(2771,'crimestopper','280','close','503951','490214','',NULL,NULL,503951,'2023-07-10 10:07:57'),(2772,'crimestopper','280','close','503951','490214','',NULL,NULL,503951,'2023-07-10 10:09:23'),(2773,'crimestopper','280','close','503951','490214','',NULL,NULL,503951,'2023-07-10 10:09:26'),(2774,'crimestopper','280','close','503951','490214','',NULL,NULL,503951,'2023-07-10 10:09:30'),(2775,'crimestopper','280','close','503951','490214','',NULL,NULL,503951,'2023-07-10 10:16:47'),(2776,'crimestopper','280','close','503951','490214','',NULL,NULL,503951,'2023-07-10 10:16:52'),(2777,'crimestopper','280','view','503951','490214','',NULL,NULL,503951,'2023-07-10 10:18:36'),(2778,'crimestopper','280','update','503951','490214','',NULL,NULL,503951,'2023-07-10 10:18:54'),(2779,'crimestopper','280','close','503951','490214','',NULL,NULL,503951,'2023-07-10 10:22:09'),(2780,'crimestopper','280','view','503951','490214','',NULL,NULL,503951,'2023-07-10 10:23:21'),(2781,'crimestopper','280','close','503951','490214','',NULL,NULL,503951,'2023-07-10 10:23:38'),(2782,'crimestopper','280','view','503951','490214','',NULL,NULL,503951,'2023-07-10 10:24:15'),(2783,'crimestopper','273','view','540969','527232','',NULL,NULL,540969,'2023-07-10 10:53:27'),(2784,'crimestopper','273','view','540969','527232','',NULL,NULL,540969,'2023-07-10 10:53:34'),(2785,'crimestopper','273','update','540969','527232','',NULL,NULL,540969,'2023-07-10 10:54:00'),(2786,'crimestopper','273','close','540969','527232','',NULL,NULL,540969,'2023-07-10 10:54:08'),(2787,'crimestopper','273','close','540969','527232','',NULL,NULL,540969,'2023-07-10 10:54:10'),(2788,'crimestopper','273','close','540969','527232','',NULL,NULL,540969,'2023-07-10 10:54:11'),(2789,'crimestopper','273','view','540969','527232','',NULL,NULL,540969,'2023-07-10 10:55:10'),(2790,'crimestopper','273','update','540969','527232','',NULL,NULL,540969,'2023-07-10 10:55:32'),(2791,'crimestopper','273','close','540969','527232','',NULL,NULL,540969,'2023-07-10 10:55:35'),(2792,'crimestopper','273','view','540969','527232','',NULL,NULL,540969,'2023-07-10 10:56:10'),(2793,'crimestopper','256','view','540969','527232','',NULL,NULL,540969,'2023-07-10 11:01:40'),(2794,'crimestopper','256','view','540969','527232','',NULL,NULL,540969,'2023-07-10 11:07:55'),(2795,'crimestopper','256','view','540969','527232','',NULL,NULL,540969,'2023-07-10 11:08:23'),(2796,'crimestopper','256','view','540969','527232','',NULL,NULL,540969,'2023-07-10 11:11:51'),(2797,'crimestopper','256','view','540969','527232','',NULL,NULL,540969,'2023-07-10 11:13:15'),(2798,'crimestopper','256','view','540969','527232','',NULL,NULL,540969,'2023-07-10 11:14:31'),(2799,'crimestopper','256','view','540969','527232','',NULL,NULL,540969,'2023-07-10 11:18:31'),(2800,'crimestopper','256','view','540969','527232','',NULL,NULL,540969,'2023-07-10 11:21:00'),(2801,'crimestopper','251','view','540969','527232','',NULL,NULL,540969,'2023-07-10 11:22:22'),(2802,'crimestopper','256','view','540969','527232','',NULL,NULL,540969,'2023-07-10 11:22:53'),(2803,'crimestopper','256','update','540969','527232','',NULL,NULL,540969,'2023-07-10 11:23:01'),(2804,'crimestopper','256','view','540969','527232','',NULL,NULL,540969,'2023-07-10 11:23:17'),(2805,'crimestopper','251','view','540969','527232','',NULL,NULL,540969,'2023-07-10 12:14:00'),(2806,'crimestopper','251','view','540969','527232','',NULL,NULL,540969,'2023-07-10 12:14:05'),(2807,'openrecord','8','view','540969','527232','',NULL,NULL,540969,'2023-07-13 14:25:39'),(2808,'missingperson','196','view','','527232','802',NULL,NULL,802,'2023-07-14 08:52:13'),(2809,'missingperson','155','view','513217','499480','',NULL,NULL,513217,'2023-07-17 01:23:04'),(2810,'crimestopper','272','view','','499480','743',NULL,NULL,743,'2023-07-17 01:24:37'),(2811,'crimestopper','251','view','540969','527232','',NULL,NULL,540969,'2023-07-17 06:50:09'),(2812,'crimestopper','251','view','540969','527232','',NULL,NULL,540969,'2023-07-17 10:08:18'),(2813,'crimestopper','251','view','540969','527232','',NULL,NULL,540969,'2023-07-17 10:10:02'),(2814,'crimestopper','251','view','540969','527232','',NULL,NULL,540969,'2023-07-17 10:37:04'),(2815,'crimestopper','251','view','540969','527232','',NULL,NULL,540969,'2023-07-17 11:40:18'),(2816,'missingperson','197','view','','499480','743',NULL,NULL,743,'2023-07-17 13:56:28'),(2817,'missingperson','197','view','513217','499480','',NULL,NULL,513217,'2023-07-17 14:21:27'),(2818,'missingperson','197','view','513217','499480','',NULL,NULL,513217,'2023-07-17 14:21:45'),(2819,'missingperson','197','update','513217','499480','',NULL,NULL,513217,'2023-07-17 14:21:51'),(2820,'missingperson','197','view','513217','499480','',NULL,NULL,513217,'2023-07-17 14:23:53'),(2821,'missingperson','197','view','513217','499480','',NULL,NULL,513217,'2023-07-17 14:24:47'),(2822,'missingperson','197','view','513217','499480','',NULL,NULL,513217,'2023-07-17 14:25:16'),(2823,'missingperson','197','view','513217','499480','',NULL,NULL,513217,'2023-07-17 14:25:32'),(2824,'crimestopper','287','view','513217','499480','',NULL,NULL,513217,'2023-07-17 14:25:38'),(2825,'missingperson','197','view','513217','499480','',NULL,NULL,513217,'2023-07-17 14:26:53'),(2826,'crimestopper','287','view','513217','499480','',NULL,NULL,513217,'2023-07-17 14:27:12'),(2827,'crimestopper','287','view','513217','499480','',NULL,NULL,513217,'2023-07-17 14:27:43'),(2828,'crimestopper','287','view','513217','499480','',NULL,NULL,513217,'2023-07-17 14:28:17'),(2829,'crimestopper','287','view','','499480','743',NULL,NULL,743,'2023-07-17 14:29:36'),(2830,'crimestopper','287','view','','499480','743',NULL,NULL,743,'2023-07-17 14:36:39'),(2831,'crimestopper','288','view','513217','499480','',NULL,NULL,513217,'2023-07-17 14:37:23'),(2832,'crimestopper','288','update','513217','499480','',NULL,NULL,513217,'2023-07-17 14:38:19'),(2833,'crimestopper','286','view','513217','499480','',NULL,NULL,513217,'2023-07-17 14:38:51'),(2834,'crimestopper','286','update','513217','499480','',NULL,NULL,513217,'2023-07-17 14:38:54'),(2835,'crimestopper','286','view','513217','499480','',NULL,NULL,513217,'2023-07-17 14:39:21'),(2836,'crimestopper','288','view','513217','499480','',NULL,NULL,513217,'2023-07-17 14:39:34'),(2837,'crimestopper','288','close','513217','499480','',NULL,NULL,513217,'2023-07-17 14:39:51'),(2838,'crimestopper','288','view','513217','499480','',NULL,NULL,513217,'2023-07-17 14:40:24'),(2839,'crimestopper','288','view','513217','499480','',NULL,NULL,513217,'2023-07-17 14:40:44'),(2840,'crimestopper','286','view','513217','499480','',NULL,NULL,513217,'2023-07-17 14:41:42'),(2841,'crimestopper','288','view','513217','499480','',NULL,NULL,513217,'2023-07-17 14:42:35'),(2842,'crimestopper','286','view','513217','499480','',NULL,NULL,513217,'2023-07-17 14:42:48'),(2843,'crimestopper','286','view','513217','499480','',NULL,NULL,513217,'2023-07-17 14:43:05'),(2844,'crimestopper','288','view','513217','499480','',NULL,NULL,513217,'2023-07-17 14:43:18'),(2845,'crimestopper','286','view','513217','499480','',NULL,NULL,513217,'2023-07-17 14:43:36'),(2846,'crimestopper','286','view','513217','499480','',NULL,NULL,513217,'2023-07-17 14:43:53'),(2847,'crimestopper','273','view','540969','527232','',NULL,NULL,540969,'2023-07-18 09:25:11'),(2848,'crimestopper','273','view','540969','527232','',NULL,NULL,540969,'2023-07-18 09:41:21'),(2849,'crimestopper','289','view','540969','527232','',NULL,NULL,540969,'2023-07-18 09:47:06'),(2850,'crimestopper','290','view','540969','527232','',NULL,NULL,540969,'2023-07-18 09:51:14'),(2851,'crimestopper','290','update','540969','527232','',NULL,NULL,540969,'2023-07-18 09:51:42'),(2852,'crimestopper','290','close','540969','527232','',NULL,NULL,540969,'2023-07-18 10:02:27'),(2853,'crimestopper','290','view','540969','527232','',NULL,NULL,540969,'2023-07-18 10:02:37'),(2854,'crimestopper','290','update','540969','527232','',NULL,NULL,540969,'2023-07-18 10:02:47'),(2855,'crimestopper','290','close','540969','527232','',NULL,NULL,540969,'2023-07-18 10:02:56'),(2856,'crimestopper','290','close','540969','527232','',NULL,NULL,540969,'2023-07-18 10:03:00'),(2857,'crimestopper','290','close','540969','527232','',NULL,NULL,540969,'2023-07-18 10:03:02'),(2858,'crimestopper','290','close','540969','527232','',NULL,NULL,540969,'2023-07-18 10:03:04'),(2859,'crimestopper','290','close','540969','527232','',NULL,NULL,540969,'2023-07-18 10:03:08'),(2860,'crimestopper','290','close','540969','527232','',NULL,NULL,540969,'2023-07-18 10:03:20'),(2861,'crimestopper','290','close','540969','527232','',NULL,NULL,540969,'2023-07-18 10:03:46'),(2862,'crimestopper','290','close','540969','527232','',NULL,NULL,540969,'2023-07-18 10:04:22'),(2863,'crimestopper','290','close','540969','527232','',NULL,NULL,540969,'2023-07-18 10:04:24'),(2864,'crimestopper','290','close','540969','527232','',NULL,NULL,540969,'2023-07-18 10:05:21'),(2865,'crimestopper','290','close','540969','527232','',NULL,NULL,540969,'2023-07-18 10:05:22'),(2866,'crimestopper','290','close','540969','527232','',NULL,NULL,540969,'2023-07-18 10:05:24'),(2867,'crimestopper','290','view','540969','527232','',NULL,NULL,540969,'2023-07-18 10:05:44'),(2868,'crimestopper','290','update','540969','527232','',NULL,NULL,540969,'2023-07-18 10:05:50'),(2869,'crimestopper','290','view','540969','527232','',NULL,NULL,540969,'2023-07-18 10:06:17'),(2870,'crimestopper','290','close','540969','527232','',NULL,NULL,540969,'2023-07-18 10:40:42'),(2871,'crimestopper','290','view','540969','527232','',NULL,NULL,540969,'2023-07-18 10:41:34'),(2872,'crimestopper','290','view','540969','527232','',NULL,NULL,540969,'2023-07-18 10:43:46'),(2873,'crimestopper','290','view','540969','527232','',NULL,NULL,540969,'2023-07-18 10:44:18'),(2874,'crimestopper','289','view','540969','527232','',NULL,NULL,540969,'2023-07-18 10:46:52'),(2875,'crimestopper','289','update','540969','527232','',NULL,NULL,540969,'2023-07-18 10:47:05'),(2876,'crimestopper','289','close','540969','527232','',NULL,NULL,540969,'2023-07-18 10:47:07'),(2877,'crimestopper','289','close','540969','527232','',NULL,NULL,540969,'2023-07-18 10:47:09'),(2878,'crimestopper','289','view','540969','527232','',NULL,NULL,540969,'2023-07-18 10:47:38'),(2879,'crimestopper','290','view','540969','527232','',NULL,NULL,540969,'2023-07-18 10:48:15'),(2880,'crimestopper','251','view','540969','527232','',NULL,NULL,540969,'2023-07-18 10:50:51'),(2881,'crimestopper','290','view','540969','527232','',NULL,NULL,540969,'2023-07-18 11:08:07'),(2882,'crimestopper','290','view','540969','527232','',NULL,NULL,540969,'2023-07-18 11:08:32'),(2883,'crimestopper','290','view','540969','527232','',NULL,NULL,540969,'2023-07-18 11:10:15'),(2884,'crimestopper','290','view','540969','527232','',NULL,NULL,540969,'2023-07-18 13:31:44'),(2885,'crimestopper','290','view','540969','527232','',NULL,NULL,540969,'2023-07-20 06:30:34'),(2886,'crimestopper','292','view','540969','527232','',NULL,NULL,540969,'2023-07-24 11:45:53'),(2887,'crimestopper','289','view','540969','527232','',NULL,NULL,540969,'2023-07-24 11:46:10'),(2888,'crimestopper','289','update','540969','527232','',NULL,NULL,540969,'2023-07-24 11:46:31'),(2889,'crimestopper','289','close','540969','527232','',NULL,NULL,540969,'2023-07-24 11:46:32'),(2890,'crimestopper','289','close','540969','527232','',NULL,NULL,540969,'2023-07-24 11:46:37'),(2891,'crimestopper','256','view','540969','527232','',NULL,NULL,540969,'2023-07-24 11:47:39'),(2892,'missingperson','198','view','','499480','743',NULL,NULL,743,'2023-07-24 13:07:27'),(2893,'crimestopper','294','view','','499480','743',NULL,NULL,743,'2023-07-24 13:12:49'),(2894,'missingperson','198','view','','499480','743',NULL,NULL,743,'2023-07-24 14:01:39'),(2895,'missingperson','198','view','513217','499480','',NULL,NULL,513217,'2023-07-24 14:14:11'),(2896,'missingperson','198','view','513217','499480','',NULL,NULL,513217,'2023-07-24 14:16:07'),(2897,'missingperson','198','view','513217','499480','',NULL,NULL,513217,'2023-07-24 14:32:20'),(2898,'missingperson','198','view','513217','499480','',NULL,NULL,513217,'2023-07-24 14:43:51'),(2899,'missingperson','198','update','513217','499480','',NULL,NULL,513217,'2023-07-24 14:43:54'),(2900,'missingperson','198','view','513217','499480','',NULL,NULL,513217,'2023-07-24 14:44:14'),(2901,'crimestopper','296','view','513217','499480','',NULL,NULL,513217,'2023-07-24 14:45:47'),(2902,'missingperson','198','view','513217','499480','',NULL,NULL,513217,'2023-07-24 14:46:50'),(2903,'crimestopper','295','view','513217','499480','',NULL,NULL,513217,'2023-07-24 14:47:08'),(2904,'crimestopper','296','view','513217','499480','',NULL,NULL,513217,'2023-07-24 14:47:36'),(2905,'crimestopper','296','update','513217','499480','',NULL,NULL,513217,'2023-07-24 14:47:42'),(2906,'crimestopper','296','close','513217','499480','',NULL,NULL,513217,'2023-07-24 14:47:57'),(2907,'missingperson','198','view','513217','499480','',NULL,NULL,513217,'2023-07-24 14:48:58'),(2908,'missingperson','198','view','513217','499480','',NULL,NULL,513217,'2023-07-24 14:49:23'),(2909,'crimestopper','295','view','513217','499480','',NULL,NULL,513217,'2023-07-24 14:49:35'),(2910,'crimestopper','296','view','513217','499480','',NULL,NULL,513217,'2023-07-24 14:49:48'),(2911,'missingperson','198','view','513217','499480','',NULL,NULL,513217,'2023-07-24 14:50:29'),(2912,'missingperson','198','close','513217','499480','',NULL,NULL,513217,'2023-07-24 14:50:41'),(2913,'crimestopper','294','view','','499480','743',NULL,NULL,743,'2023-07-24 14:53:51'),(2914,'crimestopper','294','view','','499480','743',NULL,NULL,743,'2023-07-24 14:54:19'),(2915,'crimestopper','294','view','513217','499480','',NULL,NULL,513217,'2023-07-24 14:55:19'),(2916,'crimestopper','294','view','513217','499480','',NULL,NULL,513217,'2023-07-24 14:55:46'),(2917,'crimestopper','294','view','513217','499480','',NULL,NULL,513217,'2023-07-24 15:00:03'),(2918,'crimestopper','290','view','','527232','789',NULL,NULL,789,'2023-07-24 15:12:44'),(2919,'crimestopper','274','view','','490214','789',NULL,NULL,789,'2023-07-24 15:12:51'),(2920,'crimestopper','266','view','','527232','789',NULL,NULL,789,'2023-07-24 15:12:57'),(2921,'missingperson','199','view','540969','527232','',NULL,NULL,540969,'2023-07-25 11:09:44'),(2922,'missingperson','199','view','540969','527232','',NULL,NULL,540969,'2023-07-25 11:10:27'),(2923,'missingperson','199','view','540969','527232','',NULL,NULL,540969,'2023-07-25 12:11:12'),(2924,'missingperson','200','view','','490214','806',NULL,NULL,806,'2023-07-25 12:13:25'),(2925,'missingperson','200','view','','490214','806',NULL,NULL,806,'2023-07-25 12:13:46'),(2926,'missingperson','200','view','','490214','806',NULL,NULL,806,'2023-07-25 12:14:14'),(2927,'missingperson','200','view','','490214','806',NULL,NULL,806,'2023-07-25 12:14:49'),(2928,'missingperson','200','view','','490214','806',NULL,NULL,806,'2023-07-25 12:21:25'),(2929,'missingperson','200','view','503951','490214','',NULL,NULL,503951,'2023-07-25 12:31:11'),(2930,'missingperson','200','view','503951','490214','',NULL,NULL,503951,'2023-07-25 12:31:45'),(2931,'missingperson','200','view','503951','490214','',NULL,NULL,503951,'2023-07-25 12:32:12'),(2932,'missingperson','200','view','','490214','806',NULL,NULL,806,'2023-07-25 12:35:30'),(2933,'missingperson','200','view','','490214','806',NULL,NULL,806,'2023-07-25 12:36:04'),(2934,'missingperson','200','view','','490214','806',NULL,NULL,806,'2023-07-25 12:36:24'),(2935,'missingperson','200','view','541089','490214','',NULL,NULL,541089,'2023-07-25 12:37:41'),(2936,'missingperson','200','view','','490214','806',NULL,NULL,806,'2023-07-25 12:51:47'),(2937,'missingperson','200','view','','490214','806',NULL,NULL,806,'2023-07-25 12:52:24'),(2938,'missingperson','200','view','','490214','806',NULL,NULL,806,'2023-07-25 12:52:49'),(2939,'missingperson','200','view','','490214','806',NULL,NULL,806,'2023-07-25 12:53:53'),(2940,'crimestopper','298','view','','490214','806',NULL,NULL,806,'2023-07-25 12:54:18'),(2941,'missingperson','200','view','503951','490214','',NULL,NULL,503951,'2023-07-25 12:54:31'),(2942,'missingperson','200','view','503951','490214','',NULL,NULL,503951,'2023-07-25 12:54:59'),(2943,'missingperson','200','view','503951','490214','',NULL,NULL,503951,'2023-07-25 12:56:16'),(2944,'missingperson','200','view','503951','490214','',NULL,NULL,503951,'2023-07-25 12:56:32'),(2945,'crimestopper','300','view',NULL,'527232','',NULL,NULL,540969,'2023-07-26 10:46:25'),(2946,'crimestopper','300','update',NULL,'527232','',NULL,NULL,540969,'2023-07-26 10:46:42'),(2947,'crimestopper','300','update',NULL,'527232','',NULL,NULL,540969,'2023-07-26 10:47:45'),(2948,'crimestopper','300','close',NULL,'527232','',NULL,NULL,540969,'2023-07-26 10:47:49'),(2949,'openrecord','9','view',NULL,'527232','',NULL,NULL,540969,'2023-07-26 10:50:00'),(2950,'complaints','97','view','540969','527232','',NULL,NULL,540969,'2023-07-26 11:07:16'),(2951,'complaints','97','update','540969','527232','',NULL,NULL,540969,'2023-07-26 11:07:19'),(2952,'whistleblower','151','view','540969','527232','',NULL,NULL,540969,'2023-07-26 11:07:32'),(2953,'crimestopper','300','view','540969','527232','',NULL,NULL,540969,'2023-07-26 11:08:21'),(2954,'crimestopper','300','update','540969','527232','',NULL,NULL,540969,'2023-07-26 11:08:26'),(2955,'missingperson','200','view','503951','490214','',NULL,NULL,503951,'2023-07-26 11:46:55'),(2956,'whistleblower','152','view','540969','527232','',NULL,NULL,540969,'2023-07-26 12:39:13'),(2957,'whistleblower','152','view','540969','527232','',NULL,NULL,540969,'2023-07-26 12:39:43'),(2958,'complaints','105','view','540969','527232','',NULL,NULL,540969,'2023-07-26 12:41:03'),(2959,'crimestopper','300','view','540969','527232','',NULL,NULL,540969,'2023-07-26 12:41:41'),(2960,'crimestopper','300','view','540969','527232','',NULL,NULL,540969,'2023-07-26 12:43:35'),(2961,'complaints','96','view','540969','527232','',NULL,NULL,540969,'2023-07-26 12:54:43'),(2962,'missingperson','199','view','540969','527232','',NULL,NULL,540969,'2023-07-26 12:54:56'),(2963,'missingperson','199','view','540969','527232','',NULL,NULL,540969,'2023-07-26 12:56:45'),(2964,'crimestopper','300','view','540969','527232','',NULL,NULL,540969,'2023-07-26 13:47:38'),(2965,'complaints','96','view','540969','527232','',NULL,NULL,540969,'2023-07-26 13:48:08'),(2966,'missingperson','199','view','540969','527232','',NULL,NULL,540969,'2023-07-26 13:48:17'),(2967,'crimestopper','300','view','540969','527232','',NULL,NULL,540969,'2023-07-27 10:17:34'),(2968,'crimestopper','300','view','540969','527232','',NULL,NULL,540969,'2023-07-29 09:47:04'),(2969,'crimestopper','300','view','540969','527232','',NULL,NULL,540969,'2023-07-29 09:47:26'),(2970,'crimestopper','300','view','540969','527232','',NULL,NULL,540969,'2023-07-29 09:49:28'),(2971,'crimestopper','300','view','540969','527232','',NULL,NULL,540969,'2023-07-29 09:50:26'),(2972,'crimestopper','300','view','540969','527232','',NULL,NULL,540969,'2023-07-29 09:55:34'),(2973,'crimestopper','304','view','540969','527232','',NULL,NULL,540969,'2023-07-29 10:50:31'),(2974,'crimestopper','304','view','540969','527232','',NULL,NULL,540969,'2023-07-29 10:50:40'),(2975,'crimestopper','304','view','540969','527232','',NULL,NULL,540969,'2023-07-29 11:12:59'),(2976,'crimestopper','306','view','540969','527232','',NULL,NULL,540969,'2023-07-31 08:57:34'),(2977,'crimestopper','306','view','540969','527232','',NULL,NULL,540969,'2023-07-31 09:19:27'),(2978,'crimestopper','306','view','540969','527232','',NULL,NULL,540969,'2023-07-31 09:34:29'),(2979,'crimestopper','307','view','540969','527232','',NULL,NULL,540969,'2023-07-31 09:35:06'),(2980,'crimestopper','307','update','540969','527232','',NULL,NULL,540969,'2023-07-31 09:35:16'),(2981,'crimestopper','307','close','540969','527232','',NULL,NULL,540969,'2023-07-31 09:35:20'),(2982,'crimestopper','307','view','540969','527232','',NULL,NULL,540969,'2023-07-31 09:36:08'),(2983,'crimestopper','306','update','540969','527232','',NULL,NULL,540969,'2023-07-31 09:36:30'),(2984,'crimestopper','306','close','540969','527232','',NULL,NULL,540969,'2023-07-31 09:36:55'),(2985,'crimestopper','308','view','540969','527232','',NULL,NULL,540969,'2023-07-31 11:16:49'),(2986,'crimestopper','308','view','540969','527232','',NULL,NULL,540969,'2023-07-31 11:38:30'),(2987,'crimestopper','308','view','540969','527232','',NULL,NULL,540969,'2023-07-31 11:50:28'),(2988,'crimestopper','308','view','540969','527232','',NULL,NULL,540969,'2023-07-31 11:55:51'),(2989,'crimestopper','308','view','540969','527232','',NULL,NULL,540969,'2023-07-31 11:57:41'),(2990,'crimestopper','308','view','540969','527232','',NULL,NULL,540969,'2023-07-31 12:05:21'),(2991,'crimestopper','308','view','540969','527232','',NULL,NULL,540969,'2023-07-31 12:06:30'),(2992,'crimestopper','308','view','540969','527232','',NULL,NULL,540969,'2023-07-31 12:11:32'),(2993,'whistleblower','153','view','','499480','743',NULL,NULL,743,'2023-07-31 12:21:04'),(2994,'whistleblower','153','view','','499480','743',NULL,NULL,743,'2023-07-31 12:21:15'),(2995,'crimestopper','309','view','513217','499480','',NULL,NULL,513217,'2023-07-31 12:33:41'),(2996,'missingperson','197','view','513217','499480','',NULL,NULL,513217,'2023-07-31 12:34:11'),(2997,'crimestopper','309','view','513217','499480','',NULL,NULL,513217,'2023-07-31 12:34:25'),(2998,'crimestopper','310','view','540969','527232','',NULL,NULL,540969,'2023-07-31 13:10:50'),(2999,'crimestopper','310','view','540969','527232','',NULL,NULL,540969,'2023-07-31 13:11:13'),(3000,'crimestopper','310','view','540969','527232','',NULL,NULL,540969,'2023-07-31 13:50:33'),(3001,'crimestopper','310','view','540969','527232','',NULL,NULL,540969,'2023-07-31 13:50:47'),(3002,'crimestopper','310','view','540969','527232','',NULL,NULL,540969,'2023-07-31 13:51:37'),(3003,'crimestopper','311','view','','499480','743',NULL,NULL,743,'2023-07-31 14:13:37'),(3004,'crimestopper','309','view','513217','499480','',NULL,NULL,513217,'2023-07-31 14:17:46'),(3005,'crimestopper','309','update','513217','499480','',NULL,NULL,513217,'2023-07-31 14:17:50'),(3006,'crimestopper','312','view','513217','499480','',NULL,NULL,513217,'2023-07-31 14:20:26'),(3007,'missingperson','198','view','513217','499480','',NULL,NULL,513217,'2023-07-31 14:26:47'),(3008,'crimestopper','296','view','513217','499480','',NULL,NULL,513217,'2023-07-31 14:27:04'),(3009,'crimestopper','309','view','513217','499480','',NULL,NULL,513217,'2023-07-31 14:29:25'),(3010,'crimestopper','309','view','513217','499480','',NULL,NULL,513217,'2023-07-31 14:32:38'),(3011,'crimestopper','309','close','513217','499480','',NULL,NULL,513217,'2023-07-31 14:32:45'),(3012,'crimestopper','309','view','513217','499480','',NULL,NULL,513217,'2023-07-31 14:32:58'),(3013,'crimestopper','312','view','513217','499480','',NULL,NULL,513217,'2023-07-31 14:35:03'),(3014,'crimestopper','312','view','513217','499480','',NULL,NULL,513217,'2023-07-31 14:35:50'),(3015,'crimestopper','286','view','513217','499480','',NULL,NULL,513217,'2023-07-31 14:37:52'),(3016,'crimestopper','286','view','513217','499480','',NULL,NULL,513217,'2023-07-31 14:41:53'),(3017,'crimestopper','286','view','513217','499480','',NULL,NULL,513217,'2023-07-31 14:42:35'),(3018,'crimestopper','311','view','513217','499480','',NULL,NULL,513217,'2023-07-31 14:42:59'),(3019,'crimestopper','286','view','513217','499480','',NULL,NULL,513217,'2023-07-31 14:43:04'),(3020,'crimestopper','286','view','513217','499480','',NULL,NULL,513217,'2023-07-31 14:43:07'),(3021,'crimestopper','286','view','513217','499480','',NULL,NULL,513217,'2023-07-31 14:43:13'),(3022,'crimestopper','286','view','513217','499480','',NULL,NULL,513217,'2023-07-31 14:45:09'),(3023,'crimestopper','286','view','513217','499480','',NULL,NULL,513217,'2023-07-31 14:46:06'),(3024,'crimestopper','311','view','513217','499480','',NULL,NULL,513217,'2023-07-31 14:46:09'),(3025,'crimestopper','486','view','513217',NULL,'',NULL,NULL,513217,'2023-07-31 14:46:30'),(3026,'crimestopper','486','view','513217',NULL,'',NULL,NULL,513217,'2023-07-31 14:46:43'),(3027,'whistleblower','153','view','513217','499480','',NULL,NULL,513217,'2023-07-31 14:58:51'),(3028,'whistleblower','153','view','513217','499480','',NULL,NULL,513217,'2023-07-31 14:58:59'),(3029,'whistleblower','153','update','513217','499480','',NULL,NULL,513217,'2023-07-31 14:59:00'),(3030,'openrecord','5','view','513217','499480','',NULL,NULL,513217,'2023-07-31 15:21:14'),(3031,'openrecord','5','view','513217','499480','',NULL,NULL,513217,'2023-07-31 15:21:48'),(3032,'openrecord','5','view','513217','499480','',NULL,NULL,513217,'2023-07-31 15:22:01'),(3033,'openrecord','5','view','513217','499480','',NULL,NULL,513217,'2023-07-31 15:26:10'),(3034,'openrecord','5','view','513217','499480','',NULL,NULL,513217,'2023-08-01 06:16:29'),(3035,'openrecord','5','view','513217','499480','',NULL,NULL,513217,'2023-08-01 06:18:30'),(3036,'crimestopper','310','view','540969','527232','',NULL,NULL,540969,'2023-08-01 09:14:51'),(3037,'crimestopper','310','update','540969','527232','',NULL,NULL,540969,'2023-08-01 09:14:58'),(3038,'crimestopper','308','view','540969','527232','',NULL,NULL,540969,'2023-08-01 10:03:13'),(3039,'crimestopper','308','view','540969','527232','',NULL,NULL,540969,'2023-08-01 10:03:23'),(3040,'crimestopper','308','view','540969','527232','',NULL,NULL,540969,'2023-08-01 11:09:50'),(3041,'crimestopper','308','view','540969','527232','',NULL,NULL,540969,'2023-08-01 12:59:34'),(3042,'crimestopper','308','view','540969','527232','',NULL,NULL,540969,'2023-08-02 07:41:00'),(3043,'missingperson','199','view','540969','527232','',NULL,NULL,540969,'2023-08-02 07:41:36'),(3044,'crimestopper','289','view','540969','527232','',NULL,NULL,540969,'2023-08-02 07:42:11'),(3045,'crimestopper','313','view','540969','527232','',NULL,NULL,540969,'2023-08-02 07:44:30'),(3046,'crimestopper','314','view','540969','527232','',NULL,NULL,540969,'2023-08-02 08:14:56'),(3047,'crimestopper','314','view','','527232','803',NULL,NULL,803,'2023-08-02 08:17:22'),(3048,'crimestopper','313','view','','527232','789',NULL,NULL,789,'2023-08-02 08:18:02'),(3049,'crimestopper','313','view','','527232','789',NULL,NULL,789,'2023-08-02 08:25:16'),(3050,'crimestopper','314','view','540969','527232','',NULL,NULL,540969,'2023-08-02 09:08:08'),(3051,'crimestopper','314','view','540969','527232','',NULL,NULL,540969,'2023-08-02 09:10:15'),(3052,'crimestopper','314','view','540969','527232','',NULL,NULL,540969,'2023-08-02 09:19:15'),(3053,'crimestopper','313','view','540969','527232','',NULL,NULL,540969,'2023-08-02 09:30:36'),(3054,'crimestopper','313','update','540969','527232','',NULL,NULL,540969,'2023-08-02 09:31:02'),(3055,'crimestopper','313','view','540969','527232','',NULL,NULL,540969,'2023-08-02 09:35:36'),(3056,'crimestopper','313','update','540969','527232','',NULL,NULL,540969,'2023-08-02 09:41:02'),(3057,'crimestopper','313','close','540969','527232','',NULL,NULL,540969,'2023-08-02 09:41:21'),(3058,'crimestopper','313','view','540969','527232','',NULL,NULL,540969,'2023-08-02 09:42:42'),(3059,'crimestopper','313','update','540969','527232','',NULL,NULL,540969,'2023-08-02 09:43:30'),(3060,'crimestopper','313','update','540969','527232','',NULL,NULL,540969,'2023-08-02 09:43:32'),(3061,'crimestopper','313','close','540969','527232','',NULL,NULL,540969,'2023-08-02 09:45:13'),(3062,'whistleblower','154','view','540969','527232','',NULL,NULL,540969,'2023-08-02 09:50:44'),(3063,'crimestopper','313','view','540969','527232','',NULL,NULL,540969,'2023-08-02 10:16:05'),(3064,'crimestopper','306','view','540969','527232','',NULL,NULL,540969,'2023-08-02 10:16:17'),(3065,'crimestopper','306','view','540969','527232','',NULL,NULL,540969,'2023-08-02 10:17:31'),(3066,'crimestopper','308','view','540969','527232','',NULL,NULL,540969,'2023-08-02 10:21:58'),(3067,'crimestopper','306','view','540969','527232','',NULL,NULL,540969,'2023-08-02 10:22:04'),(3068,'crimestopper','308','view','540969','527232','',NULL,NULL,540969,'2023-08-02 10:23:30'),(3069,'missingperson','199','view','540969','527232','',NULL,NULL,540969,'2023-08-02 10:23:57'),(3070,'missingperson','188','view','540969','527232','',NULL,NULL,540969,'2023-08-02 10:24:40'),(3071,'missingperson','188','view','540969','527232','',NULL,NULL,540969,'2023-08-02 10:39:17'),(3072,'missingperson','188','view','540969','527232','',NULL,NULL,540969,'2023-08-02 10:40:46'),(3073,'missingperson','188','view','540969','527232','',NULL,NULL,540969,'2023-08-02 10:42:25'),(3074,'missingperson','188','view','540969','527232','',NULL,NULL,540969,'2023-08-02 10:42:59'),(3075,'missingperson','188','view','540969','527232','',NULL,NULL,540969,'2023-08-02 10:45:11'),(3076,'missingperson','188','view','540969','527232','',NULL,NULL,540969,'2023-08-02 10:46:47'),(3077,'crimestopper','313','view','540969','527232','',NULL,NULL,540969,'2023-08-02 10:46:55'),(3078,'missingperson','199','view','540969','527232','',NULL,NULL,540969,'2023-08-02 10:46:57'),(3079,'crimestopper','313','update','540969','527232','',NULL,NULL,540969,'2023-08-02 10:46:58'),(3080,'crimestopper','313','view','540969','527232','',NULL,NULL,540969,'2023-08-02 10:47:05'),(3081,'missingperson','188','view','540969','527232','',NULL,NULL,540969,'2023-08-02 10:47:05'),(3082,'crimestopper','95','view','540969','527232','',NULL,NULL,540969,'2023-08-02 10:47:16'),(3083,'crimestopper','95','update','540969','527232','',NULL,NULL,540969,'2023-08-02 10:47:20'),(3084,'crimestopper','95','close','540969','527232','',NULL,NULL,540969,'2023-08-02 10:47:48'),(3085,'whistleblower','154','view','540969','527232','',NULL,NULL,540969,'2023-08-02 10:54:09'),(3086,'crimestopper','314','view','540969','527232','',NULL,NULL,540969,'2023-08-02 10:56:20'),(3087,'crimestopper','314','view','540969','527232','',NULL,NULL,540969,'2023-08-02 10:56:51'),(3088,'crimestopper','164','view','540969','527232','',NULL,NULL,540969,'2023-08-02 11:38:10'),(3089,'crimestopper','164','update','540969','527232','',NULL,NULL,540969,'2023-08-02 11:38:16'),(3090,'crimestopper','164','update','540969','527232','',NULL,NULL,540969,'2023-08-02 11:38:28'),(3091,'crimestopper','251','view','540969','527232','',NULL,NULL,540969,'2023-08-02 11:39:15'),(3092,'crimestopper','251','update','540969','527232','',NULL,NULL,540969,'2023-08-02 11:39:24'),(3093,'crimestopper','251','close','540969','527232','',NULL,NULL,540969,'2023-08-02 11:39:38'),(3094,'whistleblower','154','view','540969','527232','',NULL,NULL,540969,'2023-08-02 11:46:42'),(3095,'whistleblower','154','view','540969','527232','',NULL,NULL,540969,'2023-08-02 11:55:03'),(3096,'crimestopper','314','view','540969','527232','',NULL,NULL,540969,'2023-08-02 14:39:18'),(3097,'crimestopper','486','view','540969',NULL,'',NULL,NULL,540969,'2023-08-02 14:39:38'),(3098,'crimestopper','486','view','540969',NULL,'',NULL,NULL,540969,'2023-08-02 14:39:58'),(3099,'openrecord','9','view','540969','527232','',NULL,NULL,540969,'2023-08-02 14:42:15'),(3100,'openrecord','5','view','540969','499480','',NULL,NULL,540969,'2023-08-02 14:42:25'),(3101,'openrecord','5','view','540969','499480','',NULL,NULL,540969,'2023-08-02 14:42:57'),(3102,'openrecord','5','view','540969','499480','',NULL,NULL,540969,'2023-08-02 14:43:24'),(3103,'openrecord','5','view','540969','499480','',NULL,NULL,540969,'2023-08-02 14:43:37'),(3104,'openrecord','5','view','540969','499480','',NULL,NULL,540969,'2023-08-02 14:47:53'),(3105,'crimestopper','314','view','540969','527232','',NULL,NULL,540969,'2023-08-02 14:47:57'),(3106,'crimestopper','486','view','540969',NULL,'',NULL,NULL,540969,'2023-08-02 14:48:08'),(3107,'openrecord','5','view','540969','499480','',NULL,NULL,540969,'2023-08-02 14:55:38'),(3108,'crimestopper','486','view','540969',NULL,'',NULL,NULL,540969,'2023-08-02 15:19:17'),(3109,'openrecord','9','view','540969','527232','',NULL,NULL,540969,'2023-08-02 15:33:09'),(3110,'openrecord','5','view','540969','499480','',NULL,NULL,540969,'2023-08-02 15:33:44'),(3111,'missingperson','199','view','540969','527232','',NULL,NULL,540969,'2023-08-02 16:30:05'),(3112,'crimestopper','314','view','540969','527232','',NULL,NULL,540969,'2023-08-02 16:35:52'),(3113,'openrecord','7','view','540969','527232','',NULL,NULL,540969,'2023-08-02 16:45:17'),(3114,'openrecord','5','view','540969','499480','',NULL,NULL,540969,'2023-08-02 16:45:46'),(3115,'crimestopper','286','view','513217','499480','',NULL,NULL,513217,'2023-08-03 06:58:29'),(3116,'crimestopper','314','view','513217','527232','',NULL,NULL,513217,'2023-08-03 06:59:02'),(3117,'openrecord','5','view','540969','499480','',NULL,NULL,540969,'2023-08-03 07:09:30'),(3118,'whistleblower','153','view','513217','499480','',NULL,NULL,513217,'2023-08-03 07:14:17'),(3119,'whistleblower','153','view','540969','499480','',NULL,NULL,540969,'2023-08-03 07:15:59'),(3120,'complaints','88','view','513217','499480','',NULL,NULL,513217,'2023-08-03 07:16:46'),(3121,'missingperson','199','view','540969','527232','',NULL,NULL,540969,'2023-08-03 07:46:57'),(3122,'crimestopper','314','view','540969','527232','',NULL,NULL,540969,'2023-08-03 08:02:49'),(3123,'whistleblower','156','view','540969','527232','',NULL,NULL,540969,'2023-08-03 08:04:30'),(3124,'crimestopper','314','view','540969','527232','',NULL,NULL,540969,'2023-08-03 08:06:47'),(3125,'whistleblower','155','view','540969','527232','',NULL,NULL,540969,'2023-08-03 08:07:20'),(3126,'whistleblower','155','view','540969','527232','',NULL,NULL,540969,'2023-08-03 08:09:46'),(3127,'whistleblower','155','view','540969','527232','',NULL,NULL,540969,'2023-08-03 08:09:55'),(3128,'complaints','96','view','540969','527232','',NULL,NULL,540969,'2023-08-03 09:03:38'),(3129,'complaints','96','view','540969','527232','',NULL,NULL,540969,'2023-08-03 09:05:17'),(3130,'complaints','96','view','540969','527232','',NULL,NULL,540969,'2023-08-03 09:06:28'),(3131,'crimestopper','314','view','540969','527232','',NULL,NULL,540969,'2023-08-03 09:07:35'),(3132,'complaints','88','view','513217','499480','',NULL,NULL,513217,'2023-08-03 09:23:00'),(3133,'complaints','96','view','540969','527232','',NULL,NULL,540969,'2023-08-03 09:50:39'),(3134,'complaints','96','view','540969','527232','',NULL,NULL,540969,'2023-08-03 09:54:02'),(3135,'complaints','96','view','540969','527232','',NULL,NULL,540969,'2023-08-03 09:56:12'),(3136,'complaints','96','view','540969','527232','',NULL,NULL,540969,'2023-08-03 10:41:51'),(3137,'complaints','96','view','540969','527232','',NULL,NULL,540969,'2023-08-03 10:43:02'),(3138,'complaints','96','view','540969','527232','',NULL,NULL,540969,'2023-08-03 10:43:15'),(3139,'complaints','96','view','540969','527232','',NULL,NULL,540969,'2023-08-03 10:55:15'),(3140,'complaints','96','view','540969','527232','',NULL,NULL,540969,'2023-08-03 10:55:56'),(3141,'complaints','96','view','540969','527232','',NULL,NULL,540969,'2023-08-03 10:56:28'),(3142,'complaints','96','view','540969','527232','',NULL,NULL,540969,'2023-08-03 10:56:32'),(3143,'whistleblower','161','view','','527232','789',NULL,NULL,789,'2023-08-03 11:21:20'),(3144,'whistleblower','161','view','','527232','789',NULL,NULL,789,'2023-08-03 11:21:40'),(3145,'crimestopper','313','view','','527232','789',NULL,NULL,789,'2023-08-03 13:15:40'),(3146,'crimestopper','313','view','','527232','789',NULL,NULL,789,'2023-08-03 13:19:13'),(3147,'crimestopper','314','view','540969','527232','',NULL,NULL,540969,'2023-08-03 13:24:04'),(3148,'crimestopper','314','view','540969','527232','',NULL,NULL,540969,'2023-08-03 13:44:15'),(3149,'crimestopper','314','view','540969','527232','',NULL,NULL,540969,'2023-08-03 13:48:54'),(3150,'crimestopper','314','view','540969','527232','',NULL,NULL,540969,'2023-08-03 13:53:58'),(3151,'missingperson','199','view','540969','527232','',NULL,NULL,540969,'2023-08-03 13:55:38'),(3152,'crimestopper','313','view','','527232','789',NULL,NULL,789,'2023-08-03 13:58:20'),(3153,'complaints','96','view','540969','527232','',NULL,NULL,540969,'2023-08-03 14:09:36'),(3154,'whistleblower','163','view','','527232','789',NULL,NULL,789,'2023-08-03 14:10:39'),(3155,'crimestopper','319','view','540969','527232','',NULL,NULL,540969,'2023-08-03 15:11:45'),(3156,'crimestopper','319','view','540969','527232','',NULL,NULL,540969,'2023-08-03 15:25:28'),(3157,'whistleblower','165','view','540969','527232','',NULL,NULL,540969,'2023-08-03 15:27:32'),(3158,'whistleblower','165','view','540969','527232','',NULL,NULL,540969,'2023-08-03 15:28:52'),(3159,'whistleblower','165','view','540969','527232','',NULL,NULL,540969,'2023-08-03 15:33:36'),(3160,'whistleblower','165','view','540969','527232','',NULL,NULL,540969,'2023-08-03 15:34:43'),(3161,'crimestopper','319','view','540969','527232','',NULL,NULL,540969,'2023-08-03 15:35:02'),(3162,'crimestopper','319','view','540969','527232','',NULL,NULL,540969,'2023-08-03 15:36:29'),(3163,'whistleblower','165','view','540969','527232','',NULL,NULL,540969,'2023-08-03 15:38:15'),(3164,'whistleblower','127','view','540969','527232','',NULL,NULL,540969,'2023-08-03 15:38:30'),(3165,'complaints','96','view','540969','527232','',NULL,NULL,540969,'2023-08-03 15:48:41'),(3166,'complaints','96','view','540969','527232','',NULL,NULL,540969,'2023-08-03 15:49:00'),(3167,'complaints','96','view','540969','527232','',NULL,NULL,540969,'2023-08-03 15:49:55'),(3168,'complaints','96','view','540969','527232','',NULL,NULL,540969,'2023-08-03 15:50:48'),(3169,'complaints','96','view','540969','527232','',NULL,NULL,540969,'2023-08-03 15:51:11'),(3170,'complaints','96','view','540969','527232','',NULL,NULL,540969,'2023-08-04 09:30:00'),(3171,'whistleblower','165','view','540969','527232','',NULL,NULL,540969,'2023-08-04 09:51:17'),(3172,'whistleblower','165','view','540969','527232','',NULL,NULL,540969,'2023-08-04 09:51:40'),(3173,'crimestopper','319','view','540969','527232','',NULL,NULL,540969,'2023-08-04 10:43:29'),(3174,'crimestopper','319','update','540969','527232','',NULL,NULL,540969,'2023-08-04 10:43:39'),(3175,'crimestopper','319','close','540969','527232','',NULL,NULL,540969,'2023-08-04 10:43:41'),(3176,'whistleblower','165','view','540969','527232','',NULL,NULL,540969,'2023-08-04 11:21:02'),(3177,'crimestopper','322','view','540969','527232','',NULL,NULL,540969,'2023-08-04 12:06:55'),(3178,'crimestopper','322','view','540969','527232','',NULL,NULL,540969,'2023-08-04 12:07:13'),(3179,'crimestopper','321','view','540969','527232','',NULL,NULL,540969,'2023-08-04 12:09:05'),(3180,'crimestopper','321','view','540969','527232','',NULL,NULL,540969,'2023-08-04 12:09:23'),(3181,'crimestopper','322','view','540969','527232','',NULL,NULL,540969,'2023-08-04 12:09:43'),(3182,'crimestopper','322','view','540969','527232','',NULL,NULL,540969,'2023-08-04 12:27:10'),(3183,'crimestopper','322','view','540969','527232','',NULL,NULL,540969,'2023-08-04 12:27:33'),(3184,'crimestopper','322','view','540969','527232','',NULL,NULL,540969,'2023-08-04 12:27:38'),(3185,'crimestopper','322','view','540969','527232','',NULL,NULL,540969,'2023-08-04 12:27:43'),(3186,'complaints','105','view','','527232','789',NULL,NULL,789,'2023-08-04 12:30:05'),(3187,'whistleblower','164','view','','527232','789',NULL,NULL,789,'2023-08-04 12:31:17'),(3188,'whistleblower','164','view','','527232','789',NULL,NULL,789,'2023-08-04 12:31:27'),(3189,'whistleblower','164','view','','527232','789',NULL,NULL,789,'2023-08-04 12:31:50'),(3190,'whistleblower','164','view','','527232','789',NULL,NULL,789,'2023-08-04 12:35:07'),(3191,'whistleblower','164','view','','527232','789',NULL,NULL,789,'2023-08-04 12:37:33'),(3192,'whistleblower','164','view','','527232','789',NULL,NULL,789,'2023-08-04 12:45:25'),(3193,'whistleblower','164','view','','527232','789',NULL,NULL,789,'2023-08-04 12:45:48'),(3194,'whistleblower','164','view','','527232','789',NULL,NULL,789,'2023-08-04 12:47:33'),(3195,'whistleblower','164','view','','527232','789',NULL,NULL,789,'2023-08-04 12:48:21'),(3196,'whistleblower','164','view','','527232','789',NULL,NULL,789,'2023-08-04 12:49:55'),(3197,'whistleblower','164','view','','527232','789',NULL,NULL,789,'2023-08-04 12:50:42'),(3198,'missingperson','188','view','','527232','789',NULL,NULL,789,'2023-08-04 12:54:30'),(3199,'missingperson','188','view','','527232','789',NULL,NULL,789,'2023-08-04 12:54:37'),(3200,'missingperson','188','view','','527232','789',NULL,NULL,789,'2023-08-04 12:55:09'),(3201,'missingperson','188','view','','527232','789',NULL,NULL,789,'2023-08-04 12:55:18'),(3202,'missingperson','188','view','','527232','789',NULL,NULL,789,'2023-08-04 13:08:39'),(3203,'missingperson','171','view','','527232','789',NULL,NULL,789,'2023-08-04 13:09:19'),(3204,'crimestopper','322','view','540969','527232','',NULL,NULL,540969,'2023-08-04 13:14:49'),(3205,'crimestopper','322','view','540969','527232','',NULL,NULL,540969,'2023-08-04 13:24:44'),(3206,'crimestopper','314','view','540969','527232','',NULL,NULL,540969,'2023-08-04 13:24:51'),(3207,'crimestopper','322','view','540969','527232','',NULL,NULL,540969,'2023-08-04 13:25:13'),(3208,'crimestopper','322','view','540969','527232','',NULL,NULL,540969,'2023-08-04 13:25:17'),(3209,'crimestopper','321','view','540969','527232','',NULL,NULL,540969,'2023-08-04 13:26:23'),(3210,'crimestopper','321','update','540969','527232','',NULL,NULL,540969,'2023-08-04 13:26:29'),(3211,'crimestopper','322','update','540969','527232','',NULL,NULL,540969,'2023-08-04 13:26:33'),(3212,'crimestopper','320','view','540969','527232','',NULL,NULL,540969,'2023-08-04 13:27:34'),(3213,'crimestopper','322','view','540969','527232','',NULL,NULL,540969,'2023-08-04 13:27:45'),(3214,'crimestopper','322','update','540969','527232','',NULL,NULL,540969,'2023-08-04 13:27:57'),(3215,'whistleblower','153','view','513217','499480','',NULL,NULL,513217,'2023-08-04 13:52:40'),(3216,'whistleblower','153','view','513217','499480','',NULL,NULL,513217,'2023-08-04 13:53:44'),(3217,'whistleblower','153','view','513217','499480','',NULL,NULL,513217,'2023-08-04 14:01:09'),(3218,'whistleblower','153','view','513217','499480','',NULL,NULL,513217,'2023-08-04 14:11:32'),(3219,'whistleblower','153','view','513217','499480','',NULL,NULL,513217,'2023-08-04 14:18:01'),(3220,'whistleblower','153','view','513217','499480','',NULL,NULL,513217,'2023-08-04 14:19:17'),(3221,'whistleblower','153','view','513217','499480','',NULL,NULL,513217,'2023-08-04 14:31:59'),(3222,'crimestopper','321','view','','527232','789',NULL,NULL,789,'2023-08-04 15:31:14'),(3223,'crimestopper','308','view','','527232','789',NULL,NULL,789,'2023-08-04 15:34:35'),(3224,'crimestopper','308','view','','527232','789',NULL,NULL,789,'2023-08-04 15:35:40'),(3225,'crimestopper','308','view','','527232','789',NULL,NULL,789,'2023-08-04 15:36:10'),(3226,'crimestopper','317','view','','527232','789',NULL,NULL,789,'2023-08-04 15:36:17'),(3227,'crimestopper','320','view','','527232','789',NULL,NULL,789,'2023-08-04 15:36:44'),(3228,'complaints','105','view','540969','527232','',NULL,NULL,540969,'2023-08-07 09:54:48'),(3229,'crimestopper','320','view','540969','527232','',NULL,NULL,540969,'2023-08-07 09:55:06'),(3230,'crimestopper','320','update','540969','527232','',NULL,NULL,540969,'2023-08-07 09:55:14'),(3231,'crimestopper','320','close','540969','527232','',NULL,NULL,540969,'2023-08-07 09:55:20'),(3232,'crimestopper','320','close','540969','527232','',NULL,NULL,540969,'2023-08-07 09:55:21'),(3233,'crimestopper','318','view','540969','527232','',NULL,NULL,540969,'2023-08-07 09:55:35'),(3234,'crimestopper','318','update','540969','527232','',NULL,NULL,540969,'2023-08-07 09:55:39'),(3235,'crimestopper','318','close','540969','527232','',NULL,NULL,540969,'2023-08-07 09:55:42'),(3236,'crimestopper','317','view','540969','527232','',NULL,NULL,540969,'2023-08-07 09:57:43'),(3237,'crimestopper','314','view','540969','527232','',NULL,NULL,540969,'2023-08-07 09:57:48'),(3238,'crimestopper','314','update','540969','527232','',NULL,NULL,540969,'2023-08-07 09:57:54'),(3239,'crimestopper','314','close','540969','527232','',NULL,NULL,540969,'2023-08-07 09:57:56'),(3240,'crimestopper','322','view','540969','527232','',NULL,NULL,540969,'2023-08-07 09:58:44'),(3241,'crimestopper','321','view','540969','527232','',NULL,NULL,540969,'2023-08-07 09:59:30'),(3242,'crimestopper','322','update','540969','527232','',NULL,NULL,540969,'2023-08-07 09:59:35'),(3243,'crimestopper','322','close','540969','527232','',NULL,NULL,540969,'2023-08-07 09:59:39'),(3244,'crimestopper','322','close','540969','527232','',NULL,NULL,540969,'2023-08-07 09:59:46'),(3245,'crimestopper','321','view','540969','527232','',NULL,NULL,540969,'2023-08-07 10:01:14'),(3246,'crimestopper','321','update','540969','527232','',NULL,NULL,540969,'2023-08-07 10:01:17'),(3247,'crimestopper','322','view','540969','527232','',NULL,NULL,540969,'2023-08-07 10:01:49'),(3248,'crimestopper','322','update','540969','527232','',NULL,NULL,540969,'2023-08-07 10:01:52'),(3249,'crimestopper','322','close','540969','527232','',NULL,NULL,540969,'2023-08-07 10:01:55'),(3250,'crimestopper','317','view','540969','527232','',NULL,NULL,540969,'2023-08-07 11:18:24'),(3251,'crimestopper','322','view','540969','527232','',NULL,NULL,540969,'2023-08-07 11:18:54'),(3252,'crimestopper','321','view','540969','527232','',NULL,NULL,540969,'2023-08-07 11:39:42'),(3253,'crimestopper','317','view','540969','527232','',NULL,NULL,540969,'2023-08-07 11:40:11'),(3254,'crimestopper','317','view','540969','527232','',NULL,NULL,540969,'2023-08-07 11:40:19'),(3255,'crimestopper','322','view','540969','527232','',NULL,NULL,540969,'2023-08-07 11:40:27'),(3256,'crimestopper','322','view','540969','527232','',NULL,NULL,540969,'2023-08-07 11:40:37'),(3257,'complaints','105','view','','527232','789',NULL,NULL,789,'2023-08-07 13:21:37'),(3258,'complaints','96','view','540969','527232','',NULL,NULL,540969,'2023-08-07 13:21:55'),(3259,'complaints','96','view','540969','527232','',NULL,NULL,540969,'2023-08-07 13:22:08'),(3260,'crimestopper','303','view','513217','499480','',NULL,NULL,513217,'2023-08-07 15:22:33'),(3261,'crimestopper','303','view','513217','499480','',NULL,NULL,513217,'2023-08-07 15:22:54'),(3262,'crimestopper','303','view','513217','499480','',NULL,NULL,513217,'2023-08-07 15:39:53'),(3263,'crimestopper','322','view','540969','527232','',NULL,NULL,540969,'2023-08-07 16:31:52'),(3264,'crimestopper','322','view','540969','527232','',NULL,NULL,540969,'2023-08-07 16:33:27'),(3265,'crimestopper','322','view','540969','527232','',NULL,NULL,540969,'2023-08-07 16:33:29'),(3266,'crimestopper','322','view','540969','527232','',NULL,NULL,540969,'2023-08-07 16:33:32'),(3267,'complaints','96','view','540969','527232','',NULL,NULL,540969,'2023-08-08 11:21:10'),(3268,'complaints','96','update','540969','527232','',NULL,NULL,540969,'2023-08-08 11:21:19'),(3269,'missingperson','200','update','8','490214','',NULL,NULL,8,'2023-08-09 11:17:50'),(3270,'complaints','95','view','540969','527232','',NULL,NULL,540969,'2023-08-09 15:05:32'),(3271,'crimestopper','323','view','540969','527232','',NULL,NULL,540969,'2023-08-10 09:58:27'),(3272,'crimestopper','323','view','540969','527232','',NULL,NULL,540969,'2023-08-10 10:01:21'),(3273,'crimestopper','323','view','540969','527232','',NULL,NULL,540969,'2023-08-10 10:01:30'),(3274,'crimestopper','323','view','540969','527232','',NULL,NULL,540969,'2023-08-10 10:03:55'),(3275,'crimestopper','323','view','540969','527232','',NULL,NULL,540969,'2023-08-10 10:04:23'),(3276,'crimestopper','323','view','540969','527232','',NULL,NULL,540969,'2023-08-10 10:06:49'),(3277,'whistleblower','166','view','540969','527232','',NULL,NULL,540969,'2023-08-10 10:42:27'),(3278,'crimestopper','324','view','540969','527232','',NULL,NULL,540969,'2023-08-10 12:00:07'),(3279,'crimestopper','324','view','540969','527232','',NULL,NULL,540969,'2023-08-10 12:00:49'),(3280,'crimestopper','324','view','540969','527232','',NULL,NULL,540969,'2023-08-10 12:13:14'),(3281,'crimestopper','324','view','540969','527232','',NULL,NULL,540969,'2023-08-10 12:15:57'),(3282,'whistleblower','166','view','540969','527232','',NULL,NULL,540969,'2023-08-10 12:35:01'),(3283,'whistleblower','166','view','540969','527232','',NULL,NULL,540969,'2023-08-10 12:35:35'),(3284,'whistleblower','166','view','540969','527232','',NULL,NULL,540969,'2023-08-10 12:42:20'),(3285,'whistleblower','166','view','540969','527232','',NULL,NULL,540969,'2023-08-10 12:53:55'),(3286,'whistleblower','166','view','540969','527232','',NULL,NULL,540969,'2023-08-10 12:55:31'),(3287,'whistleblower','166','view','540969','527232','',NULL,NULL,540969,'2023-08-10 12:55:50'),(3288,'whistleblower','166','view','540969','527232','',NULL,NULL,540969,'2023-08-10 12:56:56'),(3289,'whistleblower','166','view','540969','527232','',NULL,NULL,540969,'2023-08-10 12:57:37'),(3290,'whistleblower','166','view','540969','527232','',NULL,NULL,540969,'2023-08-10 12:58:27'),(3291,'whistleblower','166','view','540969','527232','',NULL,NULL,540969,'2023-08-10 13:03:57'),(3292,'whistleblower','166','view','540969','527232','',NULL,NULL,540969,'2023-08-10 13:06:38'),(3293,'whistleblower','166','view','540969','527232','',NULL,NULL,540969,'2023-08-10 13:07:28'),(3294,'whistleblower','166','view','540969','527232','',NULL,NULL,540969,'2023-08-10 13:07:48'),(3295,'whistleblower','166','view','540969','527232','',NULL,NULL,540969,'2023-08-10 13:08:05'),(3296,'whistleblower','166','view','540969','527232','',NULL,NULL,540969,'2023-08-10 13:08:37'),(3297,'whistleblower','166','view','540969','527232','',NULL,NULL,540969,'2023-08-10 13:08:58'),(3298,'whistleblower','166','view','540969','527232','',NULL,NULL,540969,'2023-08-10 13:09:20'),(3299,'whistleblower','166','view','540969','527232','',NULL,NULL,540969,'2023-08-10 13:10:27'),(3300,'whistleblower','166','view','540969','527232','',NULL,NULL,540969,'2023-08-10 13:29:50'),(3301,'crimestopper','324','view','540969','527232','',NULL,NULL,540969,'2023-08-10 13:33:03'),(3302,'crimestopper','324','view','540969','527232','',NULL,NULL,540969,'2023-08-10 13:33:06'),(3303,'crimestopper','324','view','540969','527232','',NULL,NULL,540969,'2023-08-10 14:19:40'),(3304,'crimestopper','326','view','540969','527232','',NULL,NULL,540969,'2023-08-11 09:50:25'),(3305,'crimestopper','326','view','540969','527232','',NULL,NULL,540969,'2023-08-11 09:50:46'),(3306,'crimestopper','324','view','540969','527232','',NULL,NULL,540969,'2023-08-11 09:50:58'),(3307,'crimestopper','326','view','540969','527232','',NULL,NULL,540969,'2023-08-11 09:51:20'),(3308,'crimestopper','326','view','540969','527232','',NULL,NULL,540969,'2023-08-11 09:51:36'),(3309,'whistleblower','166','view','540969','527232','',NULL,NULL,540969,'2023-08-11 09:51:51'),(3310,'crimestopper','325','view','540969','527232','',NULL,NULL,540969,'2023-08-11 09:52:09'),(3311,'crimestopper','325','update','540969','527232','',NULL,NULL,540969,'2023-08-11 09:52:12'),(3312,'crimestopper','325','update','540969','527232','',NULL,NULL,540969,'2023-08-11 09:52:32'),(3313,'crimestopper','325','close','540969','527232','',NULL,NULL,540969,'2023-08-11 09:52:46'),(3314,'crimestopper','324','view','540969','527232','',NULL,NULL,540969,'2023-08-11 09:53:01'),(3315,'whistleblower','166','view','540969','527232','',NULL,NULL,540969,'2023-08-11 09:53:24'),(3316,'whistleblower','166','view','540969','527232','',NULL,NULL,540969,'2023-08-11 09:53:54'),(3317,'crimestopper','324','view','540969','527232','',NULL,NULL,540969,'2023-08-11 09:54:11'),(3318,'whistleblower','166','view','540969','527232','',NULL,NULL,540969,'2023-08-11 09:54:41'),(3319,'whistleblower','166','update','540969','527232','',NULL,NULL,540969,'2023-08-11 10:04:05'),(3320,'whistleblower','166','view','540969','527232','',NULL,NULL,540969,'2023-08-11 10:04:06'),(3321,'whistleblower','166','update','540969','527232','',NULL,NULL,540969,'2023-08-11 10:04:10'),(3322,'whistleblower','117','view','540969','527232','',NULL,NULL,540969,'2023-08-11 11:11:05'),(3323,'whistleblower','117','view','540969','527232','',NULL,NULL,540969,'2023-08-11 11:12:44'),(3324,'whistleblower','117','view','540969','527232','',NULL,NULL,540969,'2023-08-11 11:14:46'),(3325,'whistleblower','165','view','540969','527232','',NULL,NULL,540969,'2023-08-11 11:14:56'),(3326,'whistleblower','165','view','540969','527232','',NULL,NULL,540969,'2023-08-11 11:14:57'),(3327,'whistleblower','166','view','540969','527232','',NULL,NULL,540969,'2023-08-11 11:15:02'),(3328,'whistleblower','152','view','540969','527232','',NULL,NULL,540969,'2023-08-11 11:15:11'),(3329,'crimestopper','327','view','540969','527232','',NULL,NULL,540969,'2023-08-11 11:30:44'),(3330,'crimestopper','327','view','540969','527232','',NULL,NULL,540969,'2023-08-11 11:31:20'),(3331,'crimestopper','327','view','540969','527232','',NULL,NULL,540969,'2023-08-11 11:31:44'),(3332,'whistleblower','167','view','540969','527232','',NULL,NULL,540969,'2023-08-14 07:04:57'),(3333,'crimestopper','326','view','540969','527232','',NULL,NULL,540969,'2023-08-14 07:05:07'),(3334,'crimestopper','326','view','540969','527232','',NULL,NULL,540969,'2023-08-14 11:24:18'),(3335,'crimestopper','326','update','540969','527232','',NULL,NULL,540969,'2023-08-14 11:24:23'),(3336,'crimestopper','323','view','540969','527232','',NULL,NULL,540969,'2023-08-14 11:24:33'),(3337,'crimestopper','323','update','540969','527232','',NULL,NULL,540969,'2023-08-14 11:24:36'),(3338,'missingperson','196','view','540969','527232','',NULL,NULL,540969,'2023-08-14 11:25:14'),(3339,'missingperson','196','update','540969','527232','',NULL,NULL,540969,'2023-08-14 11:25:20'),(3340,'missingperson','196','update','540969','527232','',NULL,NULL,540969,'2023-08-14 11:25:39'),(3341,'missingperson','196','update','540969','527232','',NULL,NULL,540969,'2023-08-14 11:25:41'),(3342,'missingperson','196','update','540969','527232','',NULL,NULL,540969,'2023-08-14 11:25:44'),(3343,'missingperson','196','update','540969','527232','',NULL,NULL,540969,'2023-08-14 11:25:48'),(3344,'missingperson','196','close','540969','527232','',NULL,NULL,540969,'2023-08-14 11:25:50'),(3345,'complaints','95','view','540969','527232','',NULL,NULL,540969,'2023-08-14 11:26:07'),(3346,'complaints','95','update','540969','527232','',NULL,NULL,540969,'2023-08-14 11:26:09'),(3347,'missingperson','174','view','540969','527232','',NULL,NULL,540969,'2023-08-14 11:26:57'),(3348,'missingperson','174','update','540969','527232','',NULL,NULL,540969,'2023-08-14 11:27:00'),(3349,'missingperson','174','close','540969','527232','',NULL,NULL,540969,'2023-08-14 11:27:05'),(3350,'missingperson','174','update','540969','527232','',NULL,NULL,540969,'2023-08-14 11:27:25'),(3351,'missingperson','174','close','540969','527232','',NULL,NULL,540969,'2023-08-14 11:27:27'),(3352,'missingperson','174','update','540969','527232','',NULL,NULL,540969,'2023-08-14 11:27:30'),(3353,'missingperson','174','update','540969','527232','',NULL,NULL,540969,'2023-08-14 11:31:48'),(3354,'missingperson','174','update','540969','527232','',NULL,NULL,540969,'2023-08-14 11:49:46'),(3355,'missingperson','174','close','540969','527232','',NULL,NULL,540969,'2023-08-14 11:49:48'),(3356,'missingperson','173','view','540969','527232','',NULL,NULL,540969,'2023-08-14 11:50:00'),(3357,'missingperson','173','update','540969','527232','',NULL,NULL,540969,'2023-08-14 11:50:05'),(3358,'missingperson','173','close','540969','527232','',NULL,NULL,540969,'2023-08-14 11:50:11'),(3359,'missingperson','173','update','540969','527232','',NULL,NULL,540969,'2023-08-14 11:55:13'),(3360,'missingperson','173','close','540969','527232','',NULL,NULL,540969,'2023-08-14 11:55:19'),(3361,'missingperson','173','view','540969','527232','',NULL,NULL,540969,'2023-08-14 11:56:11'),(3362,'missingperson','173','view','540969','527232','',NULL,NULL,540969,'2023-08-14 11:56:37'),(3363,'missingperson','168','view','540969','527232','',NULL,NULL,540969,'2023-08-14 11:56:44'),(3364,'missingperson','159','view','540969','527232','',NULL,NULL,540969,'2023-08-14 11:56:58'),(3365,'missingperson','159','update','540969','527232','',NULL,NULL,540969,'2023-08-14 11:57:08'),(3366,'missingperson','159','close','540969','527232','',NULL,NULL,540969,'2023-08-14 11:57:27'),(3367,'missingperson','159','view','540969','527232','',NULL,NULL,540969,'2023-08-14 11:58:06'),(3368,'missingperson','159','update','540969','527232','',NULL,NULL,540969,'2023-08-14 11:59:15'),(3369,'missingperson','159','view','540969','527232','',NULL,NULL,540969,'2023-08-14 11:59:33'),(3370,'missingperson','159','update','540969','527232','',NULL,NULL,540969,'2023-08-14 12:00:10'),(3371,'missingperson','159','close','540969','527232','',NULL,NULL,540969,'2023-08-14 12:00:27'),(3372,'missingperson','159','view','540969','527232','',NULL,NULL,540969,'2023-08-14 12:00:52'),(3373,'missingperson','159','view','540969','527232','',NULL,NULL,540969,'2023-08-14 12:01:13'),(3374,'missingperson','160','view','540969','527232','',NULL,NULL,540969,'2023-08-14 12:03:36'),(3375,'missingperson','160','update','540969','527232','',NULL,NULL,540969,'2023-08-14 12:03:51'),(3376,'missingperson','160','close','540969','527232','',NULL,NULL,540969,'2023-08-14 12:04:09'),(3377,'missingperson','160','update','540969','527232','',NULL,NULL,540969,'2023-08-14 12:05:43'),(3378,'missingperson','160','close','540969','527232','',NULL,NULL,540969,'2023-08-14 12:06:05'),(3379,'missingperson','160','view','540969','527232','',NULL,NULL,540969,'2023-08-14 12:06:30'),(3380,'missingperson','160','view','540969','527232','',NULL,NULL,540969,'2023-08-14 12:07:33'),(3381,'missingperson','160','view','540969','527232','',NULL,NULL,540969,'2023-08-14 12:27:48'),(3382,'missingperson','197','view','513217','499480','',NULL,NULL,513217,'2023-08-14 12:36:15'),(3383,'missingperson','197','view','513217','499480','',NULL,NULL,513217,'2023-08-14 12:38:28'),(3384,'missingperson','201','view','','499480',NULL,NULL,NULL,855,'2023-08-14 12:47:13'),(3385,'missingperson','201','view','513217','499480','',NULL,NULL,513217,'2023-08-14 12:52:08'),(3386,'missingperson','201','view','513217','499480','',NULL,NULL,513217,'2023-08-14 12:52:28'),(3387,'missingperson','201','view','513217','499480','',NULL,NULL,513217,'2023-08-14 12:52:45'),(3388,'missingperson','201','view','513217','499480','',NULL,NULL,513217,'2023-08-14 12:53:38'),(3389,'missingperson','201','view','513217','499480','',NULL,NULL,513217,'2023-08-14 13:15:42'),(3390,'missingperson','201','view','513217','499480','',NULL,NULL,513217,'2023-08-14 13:17:43'),(3391,'missingperson','201','view','513217','499480','',NULL,NULL,513217,'2023-08-14 13:18:10'),(3392,'crimestopper','328','view','513217','499480','',NULL,NULL,513217,'2023-08-14 13:18:56'),(3393,'missingperson','201','view','513217','499480','',NULL,NULL,513217,'2023-08-14 13:19:52'),(3394,'missingperson','201','view','513217','499480','',NULL,NULL,513217,'2023-08-14 13:26:13'),(3395,'missingperson','201','update','513217','499480','',NULL,NULL,513217,'2023-08-14 13:28:07'),(3396,'missingperson','201','view','513217','499480','',NULL,NULL,513217,'2023-08-14 13:29:23'),(3397,'crimestopper','328','view','513217','499480','',NULL,NULL,513217,'2023-08-14 13:29:46'),(3398,'missingperson','201','view','513217','499480','',NULL,NULL,513217,'2023-08-14 13:34:57'),(3399,'missingperson','201','view','513217','499480','',NULL,NULL,513217,'2023-08-14 13:38:09'),(3400,'crimestopper','329','view','513217','499480','',NULL,NULL,513217,'2023-08-14 13:38:32'),(3401,'crimestopper','329','view','513217','499480','',NULL,NULL,513217,'2023-08-14 13:38:42'),(3402,'crimestopper','329','view','513217','499480','',NULL,NULL,513217,'2023-08-14 13:40:39'),(3403,'crimestopper','329','view','513217','499480','',NULL,NULL,513217,'2023-08-14 13:41:56'),(3404,'missingperson','201','update','513217','499480','',NULL,NULL,513217,'2023-08-14 13:43:15'),(3405,'missingperson','201','view','513217','499480','',NULL,NULL,513217,'2023-08-14 13:43:42'),(3406,'missingperson','201','view','513217','499480','',NULL,NULL,513217,'2023-08-14 13:44:57'),(3407,'missingperson','201','close','513217','499480','',NULL,NULL,513217,'2023-08-14 13:45:47'),(3408,'missingperson','201','view','513217','499480','',NULL,NULL,513217,'2023-08-14 13:46:15'),(3409,'missingperson','201','view','513217','499480','',NULL,NULL,513217,'2023-08-14 13:46:43'),(3410,'missingperson','201','view','513217','499480','',NULL,NULL,513217,'2023-08-14 13:47:35'),(3411,'missingperson','201','view','513217','499480','',NULL,NULL,513217,'2023-08-14 13:48:22'),(3412,'missingperson','201','view','513217','499480','',NULL,NULL,513217,'2023-08-14 13:48:55'),(3413,'openrecord','5','view','513217','499480','',NULL,NULL,513217,'2023-08-14 13:49:06'),(3414,'openrecord','5','view','513217','499480','',NULL,NULL,513217,'2023-08-14 13:49:49'),(3415,'missingperson','201','view','513217','499480','',NULL,NULL,513217,'2023-08-14 13:50:23'),(3416,'missingperson','201','view','513217','499480','',NULL,NULL,513217,'2023-08-14 13:51:59'),(3417,'missingperson','201','view','513217','499480','',NULL,NULL,513217,'2023-08-14 13:52:08'),(3418,'missingperson','201','view','513217','499480','',NULL,NULL,513217,'2023-08-14 13:52:37'),(3419,'crimestopper','329','view','513217','499480','',NULL,NULL,513217,'2023-08-14 13:53:39'),(3420,'crimestopper','329','update','513217','499480','',NULL,NULL,513217,'2023-08-14 13:53:50'),(3421,'crimestopper','329','close','513217','499480','',NULL,NULL,513217,'2023-08-14 13:53:56'),(3422,'missingperson','201','view','513217','499480','',NULL,NULL,513217,'2023-08-14 14:06:43'),(3423,'missingperson','201','view','513217','499480','',NULL,NULL,513217,'2023-08-14 14:14:51'),(3424,'whistleblower','153','view','513217','499480','',NULL,NULL,513217,'2023-08-14 14:20:31'),(3425,'missingperson','201','view','513217','499480','',NULL,NULL,513217,'2023-08-14 14:21:39'),(3426,'openrecord','5','view','513217','499480','',NULL,NULL,513217,'2023-08-14 14:22:08'),(3427,'missingperson','159','view','513217','527232','',NULL,NULL,513217,'2023-08-14 14:23:00'),(3428,'missingperson','159','view','513217','527232','',NULL,NULL,513217,'2023-08-14 14:23:52'),(3429,'missingperson','201','view','513217','499480','',NULL,NULL,513217,'2023-08-14 14:26:51'),(3430,'whistleblower','167','view','540969','527232','',NULL,NULL,540969,'2023-08-16 09:08:02'),(3431,'whistleblower','167','update','540969','527232','',NULL,NULL,540969,'2023-08-16 09:08:03'),(3432,'whistleblower','167','view','540969','527232','',NULL,NULL,540969,'2023-08-16 09:10:59'),(3433,'whistleblower','153','view','513217','499480','',NULL,NULL,513217,'2023-08-16 09:21:27'),(3434,'missingperson','201','view','513217','499480','',NULL,NULL,513217,'2023-08-16 09:21:45'),